{"id":939599,"date":"2023-11-10T01:14:56","date_gmt":"2023-11-10T00:14:56","guid":{"rendered":"https:\/\/www.claret.cat\/llibre\/nobiliari-general-catala-volum-2b-9788412524772\/"},"modified":"2025-03-26T12:45:13","modified_gmt":"2025-03-26T11:45:13","slug":"nobiliari-general-catala-volum-2b-9788412524772","status":"publish","type":"product","link":"https:\/\/www.claret.cat\/es\/libro\/nobiliari-general-catala-volum-2b-9788412524772\/","title":{"rendered":"NOBILIARI GENERAL CATAL\u00c0 (VOLUM 2-B)"},"content":{"rendered":"<p>Volum II-B<br \/>Llinatges i fam\u00edlies de la noblesa immemorial. Els magnats, nobles i cavallers que apareixen com a tals des del segle X al XIV.<\/p>\n<p>Escrit introductori per Flocel Sabater i Curull<\/p>\n<p>Volum II:<\/p>\n<p>Novetat (B): Montbr\u00fa, Montcada, Montcorb, Montesquiu, Montferrer, Montoliu, Montpalau, Mosset, Mur, \u00d2dena, Oms, Orioles, Or\u00eds-Manlleu, Palafolls, Palau (Despalau?), Palmerola, Palol (Palou?), Paracolls, Pau, Peguera, Penayfor, Perapertusa, Perell\u00f3s, Plegamans, Porqueres, Queix\u00e0s, Queralt (\u00f2lim Gurb), Queralt (Reard), Requesens, Ribelles, Rocacorba, Rocaverd, Rosanes, Saga, Sagarriga, Sagarriga (de Millars), Sagarriga (de Perpiny\u00e0), Sales, Salses, Samas\u00f3, Sanespleda (Senespleda), Santaeug\u00e8nia, Santapau, Santhip\u00f2lit, Santjuli\u00e0, Santmart\u00ed, Santvicen\u00e7, Saplana, Saportella, Sarri\u00e0, Srroca, Satrilla, Savall, Savassona, Segurioles, Senesterra, Sentmenat (Santmenat), Serrallonga, Sescomes, Sestorres (o Torres), So (abans Llo o Ali\u00f3), Talamanca, Taradell, Termens, Terrades, Timor, Toralla, Tornamira, Torroella (de Santaeug\u00e8nia-Montgr\u00ed), Torroella o Torrella, Torroja, Tost, Tous, Tregur\u00e0, Urtx, Vallgornera, Verg\u00f3s, Vernet, Vilademany, Vilademuls, Vilagelans, Vilagut, Vilanova, Vilaragut, Vilafranca, Voltreg\u00e0, Voltrera, Xetmar (o Xammar).<\/p>\n","protected":false},"excerpt":{"rendered":"<p>DE FLUVI\u00c0 I ESCORSA, ARMAND<\/p>\n","protected":false},"featured_media":1014074,"template":"","meta":{"_acf_changed":false,"om_disable_all_campaigns":false,"rs_blank_template":"","rs_page_bg_color":"","slide_template_v7":"","inline_featured_image":false,"_monsterinsights_skip_tracking":false,"_monsterinsights_sitenote_active":false,"_monsterinsights_sitenote_note":"","_monsterinsights_sitenote_category":0},"product_brand":[],"product_cat":[90,540],"product_tag":[],"class_list":{"0":"post-939599","1":"product","2":"type-product","3":"status-publish","4":"has-post-thumbnail","6":"product_cat-altres","7":"product_cat-otros","9":"first","10":"instock","11":"taxable","12":"shipping-taxable","13":"purchasable","14":"product-type-simple"},"acf":{"autor":"DE FLUVI\u00c0 I ESCORSA, ARMAND","codart":"841252477","libros-coleccion":"","ediciones":"1","encuadernacion":"R\u00fastica","fecha_de_publicacion":"08\/11\/2023","novedad":"1","paginas":"0","subtitulo":"","orden":"0","portada":"0","idioma":"cat","editorial":[{"ID":148293,"post_author":"3","post_date":"2022-10-14 11:57:07","post_date_gmt":"2022-10-14 09:57:07","post_content":"","post_title":"INST. CATALANA GENEALOGIA HERALDICA","post_excerpt":"","post_status":"publish","comment_status":"closed","ping_status":"closed","post_password":"","post_name":"inst-catalana-genealogia-heraldica","to_ping":"","pinged":"","post_modified":"2022-10-14 11:57:07","post_modified_gmt":"2022-10-14 09:57:07","post_content_filtered":"","post_parent":0,"guid":"http:\/\/dev.claret.cat\/editorial\/inst-catalana-genealogia-heraldica\/","menu_order":0,"post_type":"editorial","post_mime_type":"","comment_count":"0","filter":"raw"}],"autores-libros":[{"ID":151093,"post_author":"3","post_date":"2022-10-14 14:38:09","post_date_gmt":"2022-10-14 12:38:09","post_content":"","post_title":"ARMAND DE FLUVI\u00c0 I ESCORSA","post_excerpt":"","post_status":"publish","comment_status":"closed","ping_status":"closed","post_password":"","post_name":"armand-de-fluvia-i-escorsa","to_ping":"","pinged":"","post_modified":"2022-10-14 14:38:09","post_modified_gmt":"2022-10-14 12:38:09","post_content_filtered":"","post_parent":0,"guid":"http:\/\/dev.claret.cat\/autor\/armand-de-fluvia-i-escorsa\/","menu_order":0,"post_type":"autor","post_mime_type":"","comment_count":"0","filter":"raw"}]},"aioseo_notices":[],"_links":{"self":[{"href":"https:\/\/www.claret.cat\/es\/wp-json\/wp\/v2\/product\/939599","targetHints":{"allow":["GET"]}}],"collection":[{"href":"https:\/\/www.claret.cat\/es\/wp-json\/wp\/v2\/product"}],"about":[{"href":"https:\/\/www.claret.cat\/es\/wp-json\/wp\/v2\/types\/product"}],"wp:featuredmedia":[{"embeddable":true,"href":"https:\/\/www.claret.cat\/es\/wp-json\/wp\/v2\/media\/1014074"}],"wp:attachment":[{"href":"https:\/\/www.claret.cat\/es\/wp-json\/wp\/v2\/media?parent=939599"}],"wp:term":[{"taxonomy":"product_brand","embeddable":true,"href":"https:\/\/www.claret.cat\/es\/wp-json\/wp\/v2\/product_brand?post=939599"},{"taxonomy":"product_cat","embeddable":true,"href":"https:\/\/www.claret.cat\/es\/wp-json\/wp\/v2\/product_cat?post=939599"},{"taxonomy":"product_tag","embeddable":true,"href":"https:\/\/www.claret.cat\/es\/wp-json\/wp\/v2\/product_tag?post=939599"}],"curies":[{"name":"wp","href":"https:\/\/api.w.org\/{rel}","templated":true}]}}

NOBILIARI GENERAL CATALÀ (VOLUM 2-B)

<p>Volum II-B<br />Llinatges i famílies de la noblesa immemorial. Els magnats, nobles i cavallers que apareixen com a tals des del segle X al XIV.</p>
<p>Escrit introductori per Flocel Sabater i Curull</p>
<p>Volum II:</p>
<p>Novetat (B): Montbrú, Montcada, Montcorb, Montesquiu, Montferrer, Montoliu, Montpalau, Mosset, Mur, Òdena, Oms, Orioles, Orís-Manlleu, Palafolls, Palau (Despalau?), Palmerola, Palol (Palou?), Paracolls, Pau, Peguera, Penayfor, Perapertusa, Perellós, Plegamans, Porqueres, Queixàs, Queralt (òlim Gurb), Queralt (Reard), Requesens, Ribelles, Rocacorba, Rocaverd, Rosanes, Saga, Sagarriga, Sagarriga (de Millars), Sagarriga (de Perpinyà), Sales, Salses, Samasó, Sanespleda (Senespleda), Santaeugènia, Santapau, Santhipòlit, Santjulià, Santmartí, Santvicenç, Saplana, Saportella, Sarrià, Srroca, Satrilla, Savall, Savassona, Segurioles, Senesterra, Sentmenat (Santmenat), Serrallonga, Sescomes, Sestorres (o Torres), So (abans Llo o Alió), Talamanca, Taradell, Termens, Terrades, Timor, Toralla, Tornamira, Torroella (de Santaeugènia-Montgrí), Torroella o Torrella, Torroja, Tost, Tous, Tregurà, Urtx, Vallgornera, Vergós, Vernet, Vilademany, Vilademuls, Vilagelans, Vilagut, Vilanova, Vilaragut, Vilafranca, Voltregà, Voltrera, Xetmar (o Xammar).</p>

<p>DE FLUVIÀ I ESCORSA, ARMAND</p>

DE FLUVIÀ I ESCORSA, ARMAND

Rústica

ARMAND DE FLUVIÀ I ESCORSA
