{"id":940097,"date":"2023-11-10T01:53:22","date_gmt":"2023-11-10T00:53:22","guid":{"rendered":"https:\/\/www.claret.cat\/llibre\/caga-tio-9788413563183\/"},"modified":"2025-12-18T11:50:40","modified_gmt":"2025-12-18T10:50:40","slug":"caga-tio-9788413563183","status":"publish","type":"product","link":"https:\/\/www.claret.cat\/es\/libro\/caga-tio-9788413563183\/","title":{"rendered":"CAGA TI\u00d3!"},"content":{"rendered":"<p>2A EDICI\u00d3 IL\u00b7LUSTRACIONS D&#8221;HUGO PRADES EN AQUEST CONTE, EL PATUFET TRASLLADA LA TRADICI\u00d3 NADALENCA DEL TI\u00d3 ALS PETITS DE CASA.  EI, MENUTS I MENUDES! EL PATUFET US ACOSTA LES TRADICIONS M\u00c9S BONIQUES DEL COSTUMARI CATAL\u00c0. EN AQUEST CONTE REVIUREU LA M\u00c0GIA DEL NADAL A TRAV\u00c9S D&#8221;UNA TRADICI\u00d3 TAN NOSTRADA COM EL TI\u00d3.   * Aquesta col\u00b7lecci\u00f3 aposta per ensenyar les tradicions i llegendes catalanes als m\u00e9s petits de casa amb un to tendre i divertit.<\/p>\n","protected":false},"excerpt":{"rendered":"<p>ROIG C\u00c9SAR, ROGER<\/p>\n","protected":false},"featured_media":940473,"template":"","meta":{"_acf_changed":false,"om_disable_all_campaigns":false,"rs_blank_template":"","rs_page_bg_color":"","slide_template_v7":"","inline_featured_image":false,"_monsterinsights_skip_tracking":false,"_monsterinsights_sitenote_active":false,"_monsterinsights_sitenote_note":"","_monsterinsights_sitenote_category":0},"product_brand":[],"product_cat":[131,361],"product_tag":[],"class_list":{"0":"post-940097","1":"product","2":"type-product","3":"status-publish","4":"has-post-thumbnail","6":"product_cat-contes-per-infants-0-6-anys","7":"product_cat-cuentos-para-ninos-0-6-anos","9":"first","10":"instock","11":"taxable","12":"shipping-taxable","13":"purchasable","14":"product-type-simple"},"acf":{"autor":"ROIG C\u00c9SAR, ROGER","codart":"841356318","libros-coleccion":"FORA DE COL.LECCI\u00d3","ediciones":"1","encuadernacion":"Carton\u00e9","fecha_de_publicacion":"01\/11\/2023","novedad":"1","paginas":"20","subtitulo":"","orden":"0","portada":"0","idioma":"cat","editorial":[{"ID":6171,"post_author":"3","post_date":"2022-07-28 17:46:25","post_date_gmt":"2022-07-28 15:46:25","post_content":"","post_title":"COSSETANIA EDICIONS","post_excerpt":"","post_status":"publish","comment_status":"closed","ping_status":"closed","post_password":"","post_name":"cossetania-edicions","to_ping":"","pinged":"","post_modified":"2022-07-28 17:46:25","post_modified_gmt":"2022-07-28 15:46:25","post_content_filtered":"","post_parent":0,"guid":"http:\/\/dev.claret.cat\/editorial\/cossetania-edicions\/","menu_order":0,"post_type":"editorial","post_mime_type":"","comment_count":"0","filter":"raw"}],"autores-libros":[{"ID":168382,"post_author":"3","post_date":"2022-10-14 18:18:47","post_date_gmt":"2022-10-14 16:18:47","post_content":"","post_title":"ROGER ROIG C\u00c9SAR","post_excerpt":"","post_status":"publish","comment_status":"closed","ping_status":"closed","post_password":"","post_name":"roger-roig-cesar","to_ping":"","pinged":"","post_modified":"2022-10-14 18:18:47","post_modified_gmt":"2022-10-14 16:18:47","post_content_filtered":"","post_parent":0,"guid":"http:\/\/dev.claret.cat\/autor\/roger-roig-cesar\/","menu_order":0,"post_type":"autor","post_mime_type":"","comment_count":"0","filter":"raw"}],"booktrailer":"","resenas":""},"aioseo_notices":[],"_links":{"self":[{"href":"https:\/\/www.claret.cat\/es\/wp-json\/wp\/v2\/product\/940097","targetHints":{"allow":["GET"]}}],"collection":[{"href":"https:\/\/www.claret.cat\/es\/wp-json\/wp\/v2\/product"}],"about":[{"href":"https:\/\/www.claret.cat\/es\/wp-json\/wp\/v2\/types\/product"}],"wp:featuredmedia":[{"embeddable":true,"href":"https:\/\/www.claret.cat\/es\/wp-json\/wp\/v2\/media\/940473"}],"wp:attachment":[{"href":"https:\/\/www.claret.cat\/es\/wp-json\/wp\/v2\/media?parent=940097"}],"wp:term":[{"taxonomy":"product_brand","embeddable":true,"href":"https:\/\/www.claret.cat\/es\/wp-json\/wp\/v2\/product_brand?post=940097"},{"taxonomy":"product_cat","embeddable":true,"href":"https:\/\/www.claret.cat\/es\/wp-json\/wp\/v2\/product_cat?post=940097"},{"taxonomy":"product_tag","embeddable":true,"href":"https:\/\/www.claret.cat\/es\/wp-json\/wp\/v2\/product_tag?post=940097"}],"curies":[{"name":"wp","href":"https:\/\/api.w.org\/{rel}","templated":true}]}}

CAGA TIÓ!

<p>2A EDICIÓ IL·LUSTRACIONS D&#8221;HUGO PRADES EN AQUEST CONTE, EL PATUFET TRASLLADA LA TRADICIÓ NADALENCA DEL TIÓ ALS PETITS DE CASA.  EI, MENUTS I MENUDES! EL PATUFET US ACOSTA LES TRADICIONS MÉS BONIQUES DEL COSTUMARI CATALÀ. EN AQUEST CONTE REVIUREU LA MÀGIA DEL NADAL A TRAVÉS D&#8221;UNA TRADICIÓ TAN NOSTRADA COM EL TIÓ.   * Aquesta col·lecció aposta per ensenyar les tradicions i llegendes catalanes als més petits de casa amb un to tendre i divertit.</p>

<p>ROIG CÉSAR, ROGER</p>

ROIG CÉSAR, ROGER

FORA DE COL.LECCIÓ

Cartoné

ROGER ROIG CÉSAR
