{"id":940199,"date":"2023-11-10T01:59:02","date_gmt":"2023-11-10T00:59:02","guid":{"rendered":"https:\/\/www.claret.cat\/llibre\/el-gran-llibre-de-les-llegendes-dels-monstres-9788419282729\/"},"modified":"2025-03-28T17:32:52","modified_gmt":"2025-03-28T16:32:52","slug":"el-gran-llibre-de-les-llegendes-dels-monstres-9788419282729","status":"publish","type":"product","link":"https:\/\/www.claret.cat\/es\/libro\/el-gran-llibre-de-les-llegendes-dels-monstres-9788419282729\/","title":{"rendered":"EL GRAN LLIBRE DE LES LLEGENDES DELS MONSTRES"},"content":{"rendered":"<p>Atreveix-te a explorar els racons m\u00e9s terror\u00edfics del m\u00f3n seguint les pistes d&#8217;alguns dels monstres m\u00e9s famosos,<br \/> com l&#8217;escorredissa criatura del Llac Ness, la terrible Medusa o l&#8217;enorme Bigfoot (\u201cPeu Gran\u201d).<\/p>\n<p> En aquest fascinant viatge descobrir\u00e0s secrets i llegendes fant\u00e0stiques de tot el m\u00f3n.<br \/> Prepara&#8217;t per tremolar de por i deixa&#8217;t captivar per aquests fascinants misteris, sense deixar de divertir-te!<br \/> (No t&#8217;ho creur\u00e0s, per\u00f2 alguns monstres s\u00f3n fins i tot una mica babaus!)<\/p>\n<p> Est\u00e0s llest per aprendre-ho tot sobre els monstres?<br \/> Doncs posa&#8217;t c\u00f2mode i comen\u00e7a a llegir!<\/p>\n","protected":false},"excerpt":{"rendered":"<p>L\u00c1NG, ANNA<\/p>\n","protected":false},"featured_media":940200,"template":"","meta":{"_acf_changed":false,"om_disable_all_campaigns":false,"rs_blank_template":"","rs_page_bg_color":"","slide_template_v7":"","inline_featured_image":false,"_monsterinsights_skip_tracking":false,"_monsterinsights_sitenote_active":false,"_monsterinsights_sitenote_note":"","_monsterinsights_sitenote_category":0},"product_brand":[],"product_cat":[132,362],"product_tag":[],"class_list":{"0":"post-940199","1":"product","2":"type-product","3":"status-publish","4":"has-post-thumbnail","6":"product_cat-lectures-per-preadolescents-6-12-anys","7":"product_cat-libros-preadolescentes-6-12-anos","9":"first","10":"instock","11":"taxable","12":"shipping-taxable","13":"purchasable","14":"product-type-simple"},"acf":{"autor":"L\u00c1NG, ANNA","codart":"841928272","libros-coleccion":"","ediciones":"1","encuadernacion":"Carton\u00e9","fecha_de_publicacion":"01\/10\/2023","novedad":"1","paginas":"64","subtitulo":"","orden":"0","portada":"0","idioma":"cat","editorial":[{"ID":147888,"post_author":"3","post_date":"2022-10-14 11:54:00","post_date_gmt":"2022-10-14 09:54:00","post_content":"","post_title":"Edicions Llibreria Universit\u00e0ria de Barc","post_excerpt":"","post_status":"publish","comment_status":"closed","ping_status":"closed","post_password":"","post_name":"edicions-llibreria-universitaria-de-barc","to_ping":"","pinged":"","post_modified":"2022-10-14 11:54:00","post_modified_gmt":"2022-10-14 09:54:00","post_content_filtered":"","post_parent":0,"guid":"http:\/\/dev.claret.cat\/editorial\/edicions-llibreria-universitaria-de-barc\/","menu_order":0,"post_type":"editorial","post_mime_type":"","comment_count":"0","filter":"raw"}],"autores-libros":[{"ID":150597,"post_author":"3","post_date":"2022-10-14 14:34:14","post_date_gmt":"2022-10-14 12:34:14","post_content":"","post_title":"ANNA LANG","post_excerpt":"","post_status":"publish","comment_status":"closed","ping_status":"closed","post_password":"","post_name":"anna-lang","to_ping":"","pinged":"","post_modified":"2022-10-14 14:34:14","post_modified_gmt":"2022-10-14 12:34:14","post_content_filtered":"","post_parent":0,"guid":"http:\/\/dev.claret.cat\/autor\/anna-lang\/","menu_order":0,"post_type":"autor","post_mime_type":"","comment_count":"0","filter":"raw"}]},"aioseo_notices":[],"_links":{"self":[{"href":"https:\/\/www.claret.cat\/es\/wp-json\/wp\/v2\/product\/940199","targetHints":{"allow":["GET"]}}],"collection":[{"href":"https:\/\/www.claret.cat\/es\/wp-json\/wp\/v2\/product"}],"about":[{"href":"https:\/\/www.claret.cat\/es\/wp-json\/wp\/v2\/types\/product"}],"wp:featuredmedia":[{"embeddable":true,"href":"https:\/\/www.claret.cat\/es\/wp-json\/wp\/v2\/media\/940200"}],"wp:attachment":[{"href":"https:\/\/www.claret.cat\/es\/wp-json\/wp\/v2\/media?parent=940199"}],"wp:term":[{"taxonomy":"product_brand","embeddable":true,"href":"https:\/\/www.claret.cat\/es\/wp-json\/wp\/v2\/product_brand?post=940199"},{"taxonomy":"product_cat","embeddable":true,"href":"https:\/\/www.claret.cat\/es\/wp-json\/wp\/v2\/product_cat?post=940199"},{"taxonomy":"product_tag","embeddable":true,"href":"https:\/\/www.claret.cat\/es\/wp-json\/wp\/v2\/product_tag?post=940199"}],"curies":[{"name":"wp","href":"https:\/\/api.w.org\/{rel}","templated":true}]}}

<p>Atreveix-te a explorar els racons més terrorífics del món seguint les pistes d&#8217;alguns dels monstres més famosos,<br /> com l&#8217;escorredissa criatura del Llac Ness, la terrible Medusa o l&#8217;enorme Bigfoot (“Peu Gran”).</p>
<p> En aquest fascinant viatge descobriràs secrets i llegendes fantàstiques de tot el món.<br /> Prepara&#8217;t per tremolar de por i deixa&#8217;t captivar per aquests fascinants misteris, sense deixar de divertir-te!<br /> (No t&#8217;ho creuràs, però alguns monstres són fins i tot una mica babaus!)</p>
<p> Estàs llest per aprendre-ho tot sobre els monstres?<br /> Doncs posa&#8217;t còmode i comença a llegir!</p>

<p>LÁNG, ANNA</p>

LÁNG, ANNA

Cartoné

Edicions Llibreria Universitària de Barc
