{"id":940855,"date":"2023-11-13T14:25:03","date_gmt":"2023-11-13T13:25:03","guid":{"rendered":"https:\/\/www.claret.cat\/llibre\/mitos-griegos-9788414053621\/"},"modified":"2023-11-13T15:40:42","modified_gmt":"2023-11-13T14:40:42","slug":"mitos-griegos-9788414053621","status":"publish","type":"product","link":"https:\/\/www.claret.cat\/es\/libro\/mitos-griegos-9788414053621\/","title":{"rendered":"MITOS GRIEGOS"},"content":{"rendered":"<p>Este libro nos acerca, a trav\u00e9s de sus relatos, a las distintas etapas de la Antigua Grecia. Los primeros textos se refieren a la creaci\u00f3n y el g\u00e9nesis del mundo; les suceden m\u00e1s tarde historias en que humanos y dioses se entremezclan en libertad y se termina con las sagas \u00e9picas, referidas a las aventuras, batallas y haza\u00f1as de los h\u00e9roes. Un compendio de aventuras que fascinar\u00e1 a lectores de todas las edades. Las magn\u00edficas ilustraciones de emblem\u00e1ticos artistas como Arthur Rackham, Walter Crane y Warwick Goble complementan y enriquecen esta cuidada antolog\u00eda. Una completa recopilaci\u00f3n de mitos griegos que re\u00fane historias tan conocidas como las de Teseo, H\u00e9rcules o Jas\u00f3n y relatos de la Il\u00edada y la Odisea.<\/p>\n","protected":false},"excerpt":{"rendered":"<p>VV.AA.<\/p>\n","protected":false},"featured_media":940856,"template":"","meta":{"_acf_changed":false,"om_disable_all_campaigns":false,"rs_blank_template":"","rs_page_bg_color":"","slide_template_v7":"","inline_featured_image":false,"_monsterinsights_skip_tracking":false,"_monsterinsights_sitenote_active":false,"_monsterinsights_sitenote_note":"","_monsterinsights_sitenote_category":0},"product_brand":[],"product_cat":[132,362],"product_tag":[],"class_list":{"0":"post-940855","1":"product","2":"type-product","3":"status-publish","4":"has-post-thumbnail","6":"product_cat-lectures-per-preadolescents-6-12-anys","7":"product_cat-libros-preadolescentes-6-12-anos","9":"first","10":"instock","11":"taxable","12":"shipping-taxable","13":"purchasable","14":"product-type-simple"},"acf":{"autor":"VV.AA.","codart":"841405362","libros-coleccion":"\u00c1lbumes ilustrados","ediciones":"1","encuadernacion":"Carton\u00e9","fecha_de_publicacion":"01\/11\/2023","novedad":"1","paginas":"0","subtitulo":"","orden":"0","portada":"0","idioma":"spa","editorial":[{"ID":6229,"post_author":"3","post_date":"2022-07-28 17:47:40","post_date_gmt":"2022-07-28 15:47:40","post_content":"","post_title":"Editorial Luis Vives (Edelvives)","post_excerpt":"","post_status":"publish","comment_status":"closed","ping_status":"closed","post_password":"","post_name":"editorial-luis-vives-edelvives","to_ping":"","pinged":"","post_modified":"2022-07-28 17:47:40","post_modified_gmt":"2022-07-28 15:47:40","post_content_filtered":"","post_parent":0,"guid":"http:\/\/dev.claret.cat\/editorial\/editorial-luis-vives-edelvives\/","menu_order":0,"post_type":"editorial","post_mime_type":"","comment_count":"0","filter":"raw"}],"autores-libros":[{"ID":6086,"post_author":"3","post_date":"2022-07-28 17:37:50","post_date_gmt":"2022-07-28 15:37:50","post_content":"","post_title":"VV.AA.","post_excerpt":"","post_status":"publish","comment_status":"closed","ping_status":"closed","post_password":"","post_name":"vv-aa-2","to_ping":"","pinged":"","post_modified":"2022-07-28 17:37:50","post_modified_gmt":"2022-07-28 15:37:50","post_content_filtered":"","post_parent":0,"guid":"http:\/\/dev.claret.cat\/autor\/vv-aa-2\/","menu_order":0,"post_type":"autor","post_mime_type":"","comment_count":"0","filter":"raw"}]},"aioseo_notices":[],"_links":{"self":[{"href":"https:\/\/www.claret.cat\/es\/wp-json\/wp\/v2\/product\/940855","targetHints":{"allow":["GET"]}}],"collection":[{"href":"https:\/\/www.claret.cat\/es\/wp-json\/wp\/v2\/product"}],"about":[{"href":"https:\/\/www.claret.cat\/es\/wp-json\/wp\/v2\/types\/product"}],"wp:featuredmedia":[{"embeddable":true,"href":"https:\/\/www.claret.cat\/es\/wp-json\/wp\/v2\/media\/940856"}],"wp:attachment":[{"href":"https:\/\/www.claret.cat\/es\/wp-json\/wp\/v2\/media?parent=940855"}],"wp:term":[{"taxonomy":"product_brand","embeddable":true,"href":"https:\/\/www.claret.cat\/es\/wp-json\/wp\/v2\/product_brand?post=940855"},{"taxonomy":"product_cat","embeddable":true,"href":"https:\/\/www.claret.cat\/es\/wp-json\/wp\/v2\/product_cat?post=940855"},{"taxonomy":"product_tag","embeddable":true,"href":"https:\/\/www.claret.cat\/es\/wp-json\/wp\/v2\/product_tag?post=940855"}],"curies":[{"name":"wp","href":"https:\/\/api.w.org\/{rel}","templated":true}]}}

<p>Este libro nos acerca, a través de sus relatos, a las distintas etapas de la Antigua Grecia. Los primeros textos se refieren a la creación y el génesis del mundo; les suceden más tarde historias en que humanos y dioses se entremezclan en libertad y se termina con las sagas épicas, referidas a las aventuras, batallas y hazañas de los héroes. Un compendio de aventuras que fascinará a lectores de todas las edades. Las magníficas ilustraciones de emblemáticos artistas como Arthur Rackham, Walter Crane y Warwick Goble complementan y enriquecen esta cuidada antología. Una completa recopilación de mitos griegos que reúne historias tan conocidas como las de Teseo, Hércules o Jasón y relatos de la Ilíada y la Odisea.</p>

Álbumes ilustrados

Cartoné
