{"id":942241,"date":"2023-11-20T16:41:04","date_gmt":"2023-11-20T15:41:04","guid":{"rendered":"https:\/\/www.claret.cat\/llibre\/lultima-bruixa-2-la-venjanca-de-les-meigues-9788419522191\/"},"modified":"2024-11-04T18:10:07","modified_gmt":"2024-11-04T17:10:07","slug":"lultima-bruixa-2-la-venjanca-de-les-meigues-9788419522191","status":"publish","type":"product","link":"https:\/\/www.claret.cat\/es\/libro\/lultima-bruixa-2-la-venjanca-de-les-meigues-9788419522191\/","title":{"rendered":"L&#8217;\u00daLTIMA BRUIXA 2 &#8211; LA VENJAN\u00c7A DE LES MEIGUES"},"content":{"rendered":"<p>Torna la nova s\u00e8rie de fantasia de l&#8221;autora de Els d\u00e9us del nord, Jara Santamar\u00eda, plena de m\u00e0gia i aventures. UN M\u00d3N A PUNT DE PERDRE LA M\u00c0GIA, UNA \u00daNICA ESPERAN\u00c7A: L&#8221;\u00daLTIMA BRUIXA  La Ingrid ha tornat a Obscur\u00edlia, el nostre m\u00f3n, per reprendre la seva vida d&#8221;abans. Per\u00f2 com es recupera la normalitat quan ets la suposada escollida d&#8221;una profecia? L&#8221;Air\u00f3 i els seus seguidors no s&#8221;han oblidat d&#8221;ella\u2026 i ell no s\u00f3n l&#8221;\u00fanica amena\u00e7a.  Un nou perill desafia el m\u00f3n m\u00e0gic d&#8221;Alb\u00f2ria: alg\u00fa ha trencat el tractat de pau entre els bruixots i les criatures m\u00e0giques, i qualsevol pas en fals pot provocar una guerra que acabaria destruint tota la m\u00e0gia.  Per salvar-la, la Ingrid haur\u00e0 de descobrir qui \u00e9s el veritable enemic. Per\u00f2 no tot \u00e9s el que sembla. PER SALVAR LA M\u00c0GIA, HAUR\u00c0 D&#8221;APRENDRE A CONFIAR EN ELS SEUS ALIATS\u2026 I EN ELLA MAEIXA.<\/p>\n","protected":false},"excerpt":{"rendered":"<p>SANTAMAR\u00cdA, JARA<\/p>\n","protected":false},"featured_media":942242,"template":"","meta":{"_acf_changed":false,"om_disable_all_campaigns":false,"rs_blank_template":"","rs_page_bg_color":"","slide_template_v7":"","inline_featured_image":false,"_monsterinsights_skip_tracking":false,"_monsterinsights_sitenote_active":false,"_monsterinsights_sitenote_note":"","_monsterinsights_sitenote_category":0},"product_brand":[],"product_cat":[132,362],"product_tag":[],"class_list":{"0":"post-942241","1":"product","2":"type-product","3":"status-publish","4":"has-post-thumbnail","6":"product_cat-lectures-per-preadolescents-6-12-anys","7":"product_cat-libros-preadolescentes-6-12-anos","9":"first","10":"instock","11":"taxable","12":"shipping-taxable","13":"purchasable","14":"product-type-simple"},"acf":{"autor":"SANTAMAR\u00cdA, JARA","codart":"841952219","libros-coleccion":"","ediciones":"1","encuadernacion":"Carton\u00e9","fecha_de_publicacion":"01\/11\/2023","novedad":"1","paginas":"267","subtitulo":"","orden":"0","portada":"0","idioma":"cat","editorial":[{"ID":294535,"post_author":"3","post_date":"2022-12-12 12:50:10","post_date_gmt":"2022-12-12 11:50:10","post_content":"","post_title":"B de Blok","post_excerpt":"","post_status":"publish","comment_status":"closed","ping_status":"closed","post_password":"","post_name":"b-de-blok","to_ping":"","pinged":"","post_modified":"2022-12-12 12:50:10","post_modified_gmt":"2022-12-12 11:50:10","post_content_filtered":"","post_parent":0,"guid":"http:\/\/dev.claret.cat\/editorial\/b-de-blok\/","menu_order":0,"post_type":"editorial","post_mime_type":"","comment_count":"0","filter":"raw"}],"autores-libros":[{"ID":158527,"post_author":"3","post_date":"2022-10-14 15:37:33","post_date_gmt":"2022-10-14 13:37:33","post_content":"","post_title":"JARA SANTAMAR\u00cdA","post_excerpt":"","post_status":"publish","comment_status":"closed","ping_status":"closed","post_password":"","post_name":"jara-santamaria","to_ping":"","pinged":"","post_modified":"2022-10-14 15:37:33","post_modified_gmt":"2022-10-14 13:37:33","post_content_filtered":"","post_parent":0,"guid":"http:\/\/dev.claret.cat\/autor\/jara-santamaria\/","menu_order":0,"post_type":"autor","post_mime_type":"","comment_count":"0","filter":"raw"}]},"aioseo_notices":[],"_links":{"self":[{"href":"https:\/\/www.claret.cat\/es\/wp-json\/wp\/v2\/product\/942241","targetHints":{"allow":["GET"]}}],"collection":[{"href":"https:\/\/www.claret.cat\/es\/wp-json\/wp\/v2\/product"}],"about":[{"href":"https:\/\/www.claret.cat\/es\/wp-json\/wp\/v2\/types\/product"}],"wp:featuredmedia":[{"embeddable":true,"href":"https:\/\/www.claret.cat\/es\/wp-json\/wp\/v2\/media\/942242"}],"wp:attachment":[{"href":"https:\/\/www.claret.cat\/es\/wp-json\/wp\/v2\/media?parent=942241"}],"wp:term":[{"taxonomy":"product_brand","embeddable":true,"href":"https:\/\/www.claret.cat\/es\/wp-json\/wp\/v2\/product_brand?post=942241"},{"taxonomy":"product_cat","embeddable":true,"href":"https:\/\/www.claret.cat\/es\/wp-json\/wp\/v2\/product_cat?post=942241"},{"taxonomy":"product_tag","embeddable":true,"href":"https:\/\/www.claret.cat\/es\/wp-json\/wp\/v2\/product_tag?post=942241"}],"curies":[{"name":"wp","href":"https:\/\/api.w.org\/{rel}","templated":true}]}}

L&#8217;ÚLTIMA BRUIXA 2 &#8211; LA VENJANÇA DE LES MEIGUES

<p>Torna la nova sèrie de fantasia de l&#8221;autora de Els déus del nord, Jara Santamaría, plena de màgia i aventures. UN MÓN A PUNT DE PERDRE LA MÀGIA, UNA ÚNICA ESPERANÇA: L&#8221;ÚLTIMA BRUIXA  La Ingrid ha tornat a Obscurília, el nostre món, per reprendre la seva vida d&#8221;abans. Però com es recupera la normalitat quan ets la suposada escollida d&#8221;una profecia? L&#8221;Airó i els seus seguidors no s&#8221;han oblidat d&#8221;ella… i ell no són l&#8221;única amenaça.  Un nou perill desafia el món màgic d&#8221;Albòria: algú ha trencat el tractat de pau entre els bruixots i les criatures màgiques, i qualsevol pas en fals pot provocar una guerra que acabaria destruint tota la màgia.  Per salvar-la, la Ingrid haurà de descobrir qui és el veritable enemic. Però no tot és el que sembla. PER SALVAR LA MÀGIA, HAURÀ D&#8221;APRENDRE A CONFIAR EN ELS SEUS ALIATS… I EN ELLA MAEIXA.</p>

<p>SANTAMARÍA, JARA</p>

SANTAMARÍA, JARA

Cartoné

JARA SANTAMARÍA
