{"id":942491,"date":"2023-11-21T17:30:02","date_gmt":"2023-11-21T16:30:02","guid":{"rendered":"https:\/\/www.claret.cat\/llibre\/didac-diccionari-de-catala-9788441231078\/"},"modified":"2025-02-06T18:00:28","modified_gmt":"2025-02-06T17:00:28","slug":"didac-diccionari-de-catala-9788441231078","status":"publish","type":"product","link":"https:\/\/www.claret.cat\/es\/libro\/didac-diccionari-de-catala-9788441231078\/","title":{"rendered":"DIDAC. DICCIONARI DE CATAL\u00c0"},"content":{"rendered":"<p>Un diccionari especialment pensat per a l&#8221;aprenentatge de la llengua. Les definicions, f\u00e0cilment comprensibles, s\u00f3n escrites amb un llenguatge senzill i planer. Les il\u00b7lustracions s&#8221;integren al text i s\u00f3n molt \u00fatils per a la seva comprensi\u00f3. Amb aquest diccionari l&#8221;alumne aprendr\u00e0, per una banda, llengua i, per l&#8221;altra, a utilitzar el diccionari. Una veritable eina ling\u00fc\u00edstica i did\u00e0ctica en mans del professorat de catal\u00e0.<br \/>&#8211; 15.300 entrades<br \/>&#8211; 5.600 paraules complement\u00e0ries de les entrades<br \/>&#8211; 23.900 definicions<br \/>&#8211; 40 l\u00e0mines tem\u00e0tiques<br \/>&#8211; 400 dibuixos<br \/>Nova edici\u00f3 actualitzada segons la nova ortografia de l&#8221;IEC.<\/p>\n","protected":false},"excerpt":{"rendered":"<p>VV.AA.<\/p>\n","protected":false},"featured_media":1004013,"template":"","meta":{"_acf_changed":false,"om_disable_all_campaigns":false,"rs_blank_template":"","rs_page_bg_color":"","slide_template_v7":"","inline_featured_image":false,"_monsterinsights_skip_tracking":false,"_monsterinsights_sitenote_active":false,"_monsterinsights_sitenote_note":"","_monsterinsights_sitenote_category":0},"product_brand":[],"product_cat":[548,98],"product_tag":[],"class_list":{"0":"post-942491","1":"product","2":"type-product","3":"status-publish","4":"has-post-thumbnail","6":"product_cat-diccionarios-5_otras-spa","7":"product_cat-diccionaris","9":"first","10":"instock","11":"taxable","12":"shipping-taxable","13":"purchasable","14":"product-type-simple"},"acf":{"autor":"VV.AA.","codart":"844123107","libros-coleccion":"Diccionaris de la llengua","ediciones":"1","encuadernacion":"Carton\u00e9","fecha_de_publicacion":"01\/06\/2018","novedad":"1","paginas":"1096","subtitulo":"","orden":"0","portada":"0","idioma":"cat","editorial":[{"ID":6242,"post_author":"3","post_date":"2022-07-28 17:48:01","post_date_gmt":"2022-07-28 15:48:01","post_content":"","post_title":"Enciclop\u00e8dia Catalana","post_excerpt":"","post_status":"publish","comment_status":"closed","ping_status":"closed","post_password":"","post_name":"enciclopedia-catalana","to_ping":"","pinged":"","post_modified":"2022-07-28 17:48:01","post_modified_gmt":"2022-07-28 15:48:01","post_content_filtered":"","post_parent":0,"guid":"http:\/\/dev.claret.cat\/editorial\/enciclopedia-catalana\/","menu_order":0,"post_type":"editorial","post_mime_type":"","comment_count":"0","filter":"raw"}],"autores-libros":[{"ID":6086,"post_author":"3","post_date":"2022-07-28 17:37:50","post_date_gmt":"2022-07-28 15:37:50","post_content":"","post_title":"VV.AA.","post_excerpt":"","post_status":"publish","comment_status":"closed","ping_status":"closed","post_password":"","post_name":"vv-aa-2","to_ping":"","pinged":"","post_modified":"2022-07-28 17:37:50","post_modified_gmt":"2022-07-28 15:37:50","post_content_filtered":"","post_parent":0,"guid":"http:\/\/dev.claret.cat\/autor\/vv-aa-2\/","menu_order":0,"post_type":"autor","post_mime_type":"","comment_count":"0","filter":"raw"}]},"aioseo_notices":[],"_links":{"self":[{"href":"https:\/\/www.claret.cat\/es\/wp-json\/wp\/v2\/product\/942491","targetHints":{"allow":["GET"]}}],"collection":[{"href":"https:\/\/www.claret.cat\/es\/wp-json\/wp\/v2\/product"}],"about":[{"href":"https:\/\/www.claret.cat\/es\/wp-json\/wp\/v2\/types\/product"}],"wp:featuredmedia":[{"embeddable":true,"href":"https:\/\/www.claret.cat\/es\/wp-json\/wp\/v2\/media\/1004013"}],"wp:attachment":[{"href":"https:\/\/www.claret.cat\/es\/wp-json\/wp\/v2\/media?parent=942491"}],"wp:term":[{"taxonomy":"product_brand","embeddable":true,"href":"https:\/\/www.claret.cat\/es\/wp-json\/wp\/v2\/product_brand?post=942491"},{"taxonomy":"product_cat","embeddable":true,"href":"https:\/\/www.claret.cat\/es\/wp-json\/wp\/v2\/product_cat?post=942491"},{"taxonomy":"product_tag","embeddable":true,"href":"https:\/\/www.claret.cat\/es\/wp-json\/wp\/v2\/product_tag?post=942491"}],"curies":[{"name":"wp","href":"https:\/\/api.w.org\/{rel}","templated":true}]}}

DIDAC. DICCIONARI DE CATALÀ

<p>Un diccionari especialment pensat per a l&#8221;aprenentatge de la llengua. Les definicions, fàcilment comprensibles, són escrites amb un llenguatge senzill i planer. Les il·lustracions s&#8221;integren al text i són molt útils per a la seva comprensió. Amb aquest diccionari l&#8221;alumne aprendrà, per una banda, llengua i, per l&#8221;altra, a utilitzar el diccionari. Una veritable eina lingüística i didàctica en mans del professorat de català.<br />&#8211; 15.300 entrades<br />&#8211; 5.600 paraules complementàries de les entrades<br />&#8211; 23.900 definicions<br />&#8211; 40 làmines temàtiques<br />&#8211; 400 dibuixos<br />Nova edició actualitzada segons la nova ortografia de l&#8221;IEC.</p>

Cartoné

Enciclopèdia Catalana
