{"id":942778,"date":"2023-11-22T14:20:02","date_gmt":"2023-11-22T13:20:02","guid":{"rendered":"https:\/\/www.claret.cat\/llibre\/sobre-la-llosa-9788417918972\/"},"modified":"2025-01-31T13:42:49","modified_gmt":"2025-01-31T12:42:49","slug":"sobre-la-llosa-9788417918972","status":"publish","type":"product","link":"https:\/\/www.claret.cat\/es\/libro\/sobre-la-llosa-9788417918972\/","title":{"rendered":"SOBRE LA LLOSA"},"content":{"rendered":"<p>Una trama magn\u00e8tica i intel\u00b7ligent amb la qual Fred Vargas demostra, un cop m\u00e9s, per qu\u00e8 se la considera una de les millors autores de novel\u00b7la polic\u00edaca del panorama internacional. Poc despr\u00e9s que el comissari Adamsberg hagi tornat a Par\u00eds, havent tancat un cas a la Bretanya, la policia de Rennes li demana ajuda per resoldre un crim que sembla que t\u00e9 relaci\u00f3 amb una fosca llegenda local: el fantasma d\u2019un comte anomenat \u00abel Coix\u00bb, la pota de fusta del qual continua ressonant pels passadissos del castell de Combourg. L\u2019Adamsberg es despla\u00e7a amb el seu equip a la zona, on s\u2019ha trobat el cad\u00e0ver d\u2019un ve\u00ed despr\u00e9s que el sinistre caminar del Coix se sent\u00eds de nit pels carrers de Louviec.<\/p>\n","protected":false},"excerpt":{"rendered":"<p>VARGAS, FRED<\/p>\n","protected":false},"featured_media":942779,"template":"","meta":{"_acf_changed":false,"om_disable_all_campaigns":false,"rs_blank_template":"","rs_page_bg_color":"","slide_template_v7":"","inline_featured_image":false,"_monsterinsights_skip_tracking":false,"_monsterinsights_sitenote_active":false,"_monsterinsights_sitenote_note":"","_monsterinsights_sitenote_category":0},"product_brand":[],"product_cat":[127,357],"product_tag":[],"class_list":{"0":"post-942778","1":"product","2":"type-product","3":"status-publish","4":"has-post-thumbnail","6":"product_cat-novella-contemporania","7":"product_cat-novela-contemporanea","9":"first","10":"instock","11":"taxable","12":"shipping-taxable","13":"purchasable","14":"product-type-simple"},"acf":{"autor":"VARGAS, FRED","codart":"841791897","libros-coleccion":"NOVEL-LA","ediciones":"1","encuadernacion":"R\u00fastica","fecha_de_publicacion":"01\/10\/2023","novedad":"1","paginas":"400","subtitulo":"","orden":"0","portada":"0","idioma":"cat","editorial":[{"ID":147425,"post_author":"3","post_date":"2022-10-14 11:50:28","post_date_gmt":"2022-10-14 09:50:28","post_content":"","post_title":"Amsterdam","post_excerpt":"","post_status":"publish","comment_status":"closed","ping_status":"closed","post_password":"","post_name":"amsterdam","to_ping":"","pinged":"","post_modified":"2022-10-14 11:50:28","post_modified_gmt":"2022-10-14 09:50:28","post_content_filtered":"","post_parent":0,"guid":"http:\/\/dev.claret.cat\/editorial\/amsterdam\/","menu_order":0,"post_type":"editorial","post_mime_type":"","comment_count":"0","filter":"raw"}],"autores-libros":[{"ID":156396,"post_author":"3","post_date":"2022-10-14 15:20:29","post_date_gmt":"2022-10-14 13:20:29","post_content":"","post_title":"FRED VARGAS","post_excerpt":"","post_status":"publish","comment_status":"closed","ping_status":"closed","post_password":"","post_name":"fred-vargas","to_ping":"","pinged":"","post_modified":"2022-10-14 15:20:29","post_modified_gmt":"2022-10-14 13:20:29","post_content_filtered":"","post_parent":0,"guid":"http:\/\/dev.claret.cat\/autor\/fred-vargas\/","menu_order":0,"post_type":"autor","post_mime_type":"","comment_count":"0","filter":"raw"}]},"aioseo_notices":[],"_links":{"self":[{"href":"https:\/\/www.claret.cat\/es\/wp-json\/wp\/v2\/product\/942778","targetHints":{"allow":["GET"]}}],"collection":[{"href":"https:\/\/www.claret.cat\/es\/wp-json\/wp\/v2\/product"}],"about":[{"href":"https:\/\/www.claret.cat\/es\/wp-json\/wp\/v2\/types\/product"}],"wp:featuredmedia":[{"embeddable":true,"href":"https:\/\/www.claret.cat\/es\/wp-json\/wp\/v2\/media\/942779"}],"wp:attachment":[{"href":"https:\/\/www.claret.cat\/es\/wp-json\/wp\/v2\/media?parent=942778"}],"wp:term":[{"taxonomy":"product_brand","embeddable":true,"href":"https:\/\/www.claret.cat\/es\/wp-json\/wp\/v2\/product_brand?post=942778"},{"taxonomy":"product_cat","embeddable":true,"href":"https:\/\/www.claret.cat\/es\/wp-json\/wp\/v2\/product_cat?post=942778"},{"taxonomy":"product_tag","embeddable":true,"href":"https:\/\/www.claret.cat\/es\/wp-json\/wp\/v2\/product_tag?post=942778"}],"curies":[{"name":"wp","href":"https:\/\/api.w.org\/{rel}","templated":true}]}}

<p>Una trama magnètica i intel·ligent amb la qual Fred Vargas demostra, un cop més, per què se la considera una de les millors autores de novel·la policíaca del panorama internacional. Poc després que el comissari Adamsberg hagi tornat a París, havent tancat un cas a la Bretanya, la policia de Rennes li demana ajuda per resoldre un crim que sembla que té relació amb una fosca llegenda local: el fantasma d’un comte anomenat «el Coix», la pota de fusta del qual continua ressonant pels passadissos del castell de Combourg. L’Adamsberg es desplaça amb el seu equip a la zona, on s’ha trobat el cadàver d’un veí després que el sinistre caminar del Coix se sentís de nit pels carrers de Louviec.</p>

Rústica
