{"id":943163,"date":"2023-11-24T17:55:02","date_gmt":"2023-11-24T16:55:02","guid":{"rendered":"https:\/\/www.claret.cat\/llibre\/que-nada-se-sabe-9788430978946\/"},"modified":"2023-11-30T17:30:13","modified_gmt":"2023-11-30T16:30:13","slug":"que-nada-se-sabe-9788430978946","status":"publish","type":"product","link":"https:\/\/www.claret.cat\/es\/libro\/que-nada-se-sabe-9788430978946\/","title":{"rendered":"QUE NADA SE SABE"},"content":{"rendered":"<p>Detr\u00e1s del escepticismo, que parece declarado en el t\u00edtulo Quod nihil scitur, surge una propuesta de estudio de las condiciones vigentes para la ense\u00f1anza de la filosof\u00eda natural, y de la medicina en particular. Plantea un discurso sobre el sujeto del conocimiento, sus capacidades y dificultades, abogando por un nuevo m\u00e9todo en la fundamentaci\u00f3n de las ciencias. Como part\u00edcipe de la cultura humanista, que guardaba el recuerdo del De rerum natura de Lucrecio, su pensamiento preludiaba los debates del Novum Organum de Francis Bacon y del Discurso del M\u00e9todo cartesiano.<\/p>\n","protected":false},"excerpt":{"rendered":"<p>S\u00c1NCHEZ, FRANCISCO<\/p>\n","protected":false},"featured_media":943164,"template":"","meta":{"_acf_changed":false,"om_disable_all_campaigns":false,"rs_blank_template":"","rs_page_bg_color":"","slide_template_v7":"","inline_featured_image":false,"_monsterinsights_skip_tracking":false,"_monsterinsights_sitenote_active":false,"_monsterinsights_sitenote_note":"","_monsterinsights_sitenote_category":0},"product_brand":[],"product_cat":[373,166],"product_tag":[],"class_list":{"0":"post-943163","1":"product","2":"type-product","3":"status-publish","4":"has-post-thumbnail","6":"product_cat-autores","7":"product_cat-autors-filosofia","9":"first","10":"instock","11":"taxable","12":"shipping-taxable","13":"purchasable","14":"product-type-simple"},"acf":{"autor":"S\u00c1NCHEZ, FRANCISCO","codart":"843097894","libros-coleccion":"Filosof\u00eda - Los Esenciales De La Filosof","ediciones":"1","encuadernacion":"R\u00fastica","fecha_de_publicacion":"01\/02\/2021","novedad":"0","paginas":"184","subtitulo":"","orden":"0","portada":"0","idioma":"spa","editorial":[{"ID":6373,"post_author":"3","post_date":"2022-07-28 17:50:48","post_date_gmt":"2022-07-28 15:50:48","post_content":"","post_title":"Tecnos","post_excerpt":"","post_status":"publish","comment_status":"closed","ping_status":"closed","post_password":"","post_name":"tecnos","to_ping":"","pinged":"","post_modified":"2022-07-28 17:50:48","post_modified_gmt":"2022-07-28 15:50:48","post_content_filtered":"","post_parent":0,"guid":"http:\/\/dev.claret.cat\/editorial\/tecnos\/","menu_order":0,"post_type":"editorial","post_mime_type":"","comment_count":"0","filter":"raw"}],"autores-libros":[{"ID":156299,"post_author":"3","post_date":"2022-10-14 15:19:42","post_date_gmt":"2022-10-14 13:19:42","post_content":"","post_title":"FRANCISCO SANCHEZ","post_excerpt":"","post_status":"publish","comment_status":"closed","ping_status":"closed","post_password":"","post_name":"francisco-sanchez","to_ping":"","pinged":"","post_modified":"2022-10-14 15:19:42","post_modified_gmt":"2022-10-14 13:19:42","post_content_filtered":"","post_parent":0,"guid":"http:\/\/dev.claret.cat\/autor\/francisco-sanchez\/","menu_order":0,"post_type":"autor","post_mime_type":"","comment_count":"0","filter":"raw"}]},"aioseo_notices":[],"_links":{"self":[{"href":"https:\/\/www.claret.cat\/es\/wp-json\/wp\/v2\/product\/943163","targetHints":{"allow":["GET"]}}],"collection":[{"href":"https:\/\/www.claret.cat\/es\/wp-json\/wp\/v2\/product"}],"about":[{"href":"https:\/\/www.claret.cat\/es\/wp-json\/wp\/v2\/types\/product"}],"wp:featuredmedia":[{"embeddable":true,"href":"https:\/\/www.claret.cat\/es\/wp-json\/wp\/v2\/media\/943164"}],"wp:attachment":[{"href":"https:\/\/www.claret.cat\/es\/wp-json\/wp\/v2\/media?parent=943163"}],"wp:term":[{"taxonomy":"product_brand","embeddable":true,"href":"https:\/\/www.claret.cat\/es\/wp-json\/wp\/v2\/product_brand?post=943163"},{"taxonomy":"product_cat","embeddable":true,"href":"https:\/\/www.claret.cat\/es\/wp-json\/wp\/v2\/product_cat?post=943163"},{"taxonomy":"product_tag","embeddable":true,"href":"https:\/\/www.claret.cat\/es\/wp-json\/wp\/v2\/product_tag?post=943163"}],"curies":[{"name":"wp","href":"https:\/\/api.w.org\/{rel}","templated":true}]}}

<p>Detrás del escepticismo, que parece declarado en el título Quod nihil scitur, surge una propuesta de estudio de las condiciones vigentes para la enseñanza de la filosofía natural, y de la medicina en particular. Plantea un discurso sobre el sujeto del conocimiento, sus capacidades y dificultades, abogando por un nuevo método en la fundamentación de las ciencias. Como partícipe de la cultura humanista, que guardaba el recuerdo del De rerum natura de Lucrecio, su pensamiento preludiaba los debates del Novum Organum de Francis Bacon y del Discurso del Método cartesiano.</p>

<p>SÁNCHEZ, FRANCISCO</p>

SÁNCHEZ, FRANCISCO

Filosofía - Los Esenciales De La Filosof

Rústica
