{"id":943980,"date":"2023-11-30T19:15:02","date_gmt":"2023-11-30T18:15:02","guid":{"rendered":"https:\/\/www.claret.cat\/llibre\/les-aventures-den-massagran-volum-2-9788411580458\/"},"modified":"2024-04-24T13:19:46","modified_gmt":"2024-04-24T11:19:46","slug":"les-aventures-den-massagran-volum-2-9788411580458","status":"publish","type":"product","link":"https:\/\/www.claret.cat\/es\/libro\/les-aventures-den-massagran-volum-2-9788411580458\/","title":{"rendered":"LES AVENTURES D&#8217;EN MASSAGRAN (VOLUM 2)"},"content":{"rendered":"<p>Les Aventures d&#8217;en Massagran recull en una nova edici\u00f3 especial en tres volums les historietes il\u00b7lustrades per Josep Maria Madorell.<\/p>\n<p>Amb autenticitat i sentit de l&#8217;humor, Ramon Folch i Camarasa ens narra les perip\u00e8cies d&#8217;aquest personatge camallarg i agosarat que un bon dia va decidir deixar terra ferma per fer-se a la mar.<\/p>\n<p>Amant dels viatges a llocs remots, en Massagran superar\u00e0 amb enginy i determinaci\u00f3 tot tipus de situacions, fins i tot les m\u00e9s inversemblants, i far\u00e0 riure el lector amb les seves ocurr\u00e8ncies i la seva atrevida ingenu\u00eftat. En Massagran \u00e9s, sens dubte, un dels personatges cabdals de la literatura catalana de tots els temps.<\/p>\n","protected":false},"excerpt":{"rendered":"<p>FOLCH I TORRES, JOSEP MARIA \/ FOLCH I CAMARASA, RAMON<\/p>\n","protected":false},"featured_media":944224,"template":"","meta":{"_acf_changed":false,"om_disable_all_campaigns":false,"rs_blank_template":"","rs_page_bg_color":"","slide_template_v7":"","inline_featured_image":false,"_monsterinsights_skip_tracking":false,"_monsterinsights_sitenote_active":false,"_monsterinsights_sitenote_note":"","_monsterinsights_sitenote_category":0},"product_brand":[],"product_cat":[108,558],"product_tag":[],"class_list":{"0":"post-943980","1":"product","2":"type-product","3":"status-publish","4":"has-post-thumbnail","6":"product_cat-comic","7":"product_cat-comic-3_infantil-juvenil-spa-spa","9":"first","10":"instock","11":"taxable","12":"shipping-taxable","13":"purchasable","14":"product-type-simple"},"acf":{"autor":"FOLCH I TORRES, JOSEP MARIA \/ FOLCH I CAMARASA, RAMON","codart":"841158045","libros-coleccion":"","ediciones":"1","encuadernacion":"Carton\u00e9","fecha_de_publicacion":"01\/09\/2023","novedad":"1","paginas":"264","subtitulo":"","orden":"0","portada":"0","idioma":"cat","editorial":[{"ID":147649,"post_author":"3","post_date":"2022-10-14 11:52:11","post_date_gmt":"2022-10-14 09:52:11","post_content":"","post_title":"COMBEL EDITORIAL","post_excerpt":"","post_status":"publish","comment_status":"closed","ping_status":"closed","post_password":"","post_name":"combel-editorial","to_ping":"","pinged":"","post_modified":"2022-10-14 11:52:11","post_modified_gmt":"2022-10-14 09:52:11","post_content_filtered":"","post_parent":0,"guid":"http:\/\/dev.claret.cat\/editorial\/combel-editorial\/","menu_order":0,"post_type":"editorial","post_mime_type":"","comment_count":"0","filter":"raw"}],"autores-libros":[{"ID":160751,"post_author":"3","post_date":"2022-10-14 15:55:36","post_date_gmt":"2022-10-14 13:55:36","post_content":"","post_title":"JOSEP MARIA FOLCH I TORRES","post_excerpt":"","post_status":"publish","comment_status":"closed","ping_status":"closed","post_password":"","post_name":"josep-maria-folch-i-torres","to_ping":"","pinged":"","post_modified":"2022-10-14 15:55:36","post_modified_gmt":"2022-10-14 13:55:36","post_content_filtered":"","post_parent":0,"guid":"http:\/\/dev.claret.cat\/autor\/josep-maria-folch-i-torres\/","menu_order":0,"post_type":"autor","post_mime_type":"","comment_count":"0","filter":"raw"},{"ID":5965,"post_author":"3","post_date":"2022-07-28 17:35:18","post_date_gmt":"2022-07-28 15:35:18","post_content":"","post_title":"RAMON FOLCH I CAMARASA","post_excerpt":"","post_status":"publish","comment_status":"closed","ping_status":"closed","post_password":"","post_name":"ramon-folch-i-camarasa","to_ping":"","pinged":"","post_modified":"2022-07-28 17:35:18","post_modified_gmt":"2022-07-28 15:35:18","post_content_filtered":"","post_parent":0,"guid":"http:\/\/dev.claret.cat\/autor\/ramon-folch-i-camarasa\/","menu_order":0,"post_type":"autor","post_mime_type":"","comment_count":"0","filter":"raw"}]},"aioseo_notices":[],"_links":{"self":[{"href":"https:\/\/www.claret.cat\/es\/wp-json\/wp\/v2\/product\/943980","targetHints":{"allow":["GET"]}}],"collection":[{"href":"https:\/\/www.claret.cat\/es\/wp-json\/wp\/v2\/product"}],"about":[{"href":"https:\/\/www.claret.cat\/es\/wp-json\/wp\/v2\/types\/product"}],"wp:featuredmedia":[{"embeddable":true,"href":"https:\/\/www.claret.cat\/es\/wp-json\/wp\/v2\/media\/944224"}],"wp:attachment":[{"href":"https:\/\/www.claret.cat\/es\/wp-json\/wp\/v2\/media?parent=943980"}],"wp:term":[{"taxonomy":"product_brand","embeddable":true,"href":"https:\/\/www.claret.cat\/es\/wp-json\/wp\/v2\/product_brand?post=943980"},{"taxonomy":"product_cat","embeddable":true,"href":"https:\/\/www.claret.cat\/es\/wp-json\/wp\/v2\/product_cat?post=943980"},{"taxonomy":"product_tag","embeddable":true,"href":"https:\/\/www.claret.cat\/es\/wp-json\/wp\/v2\/product_tag?post=943980"}],"curies":[{"name":"wp","href":"https:\/\/api.w.org\/{rel}","templated":true}]}}

<p>Les Aventures d&#8217;en Massagran recull en una nova edició especial en tres volums les historietes il·lustrades per Josep Maria Madorell.</p>
<p>Amb autenticitat i sentit de l&#8217;humor, Ramon Folch i Camarasa ens narra les peripècies d&#8217;aquest personatge camallarg i agosarat que un bon dia va decidir deixar terra ferma per fer-se a la mar.</p>
<p>Amant dels viatges a llocs remots, en Massagran superarà amb enginy i determinació tot tipus de situacions, fins i tot les més inversemblants, i farà riure el lector amb les seves ocurrències i la seva atrevida ingenuïtat. En Massagran és, sens dubte, un dels personatges cabdals de la literatura catalana de tots els temps.</p>

Cartoné
