{"id":945098,"date":"2023-12-14T16:15:16","date_gmt":"2023-12-14T15:15:16","guid":{"rendered":"https:\/\/www.claret.cat\/llibre\/la-metamorfosi-9788416698042\/"},"modified":"2023-12-19T14:30:05","modified_gmt":"2023-12-19T13:30:05","slug":"la-metamorfosi-9788416698042","status":"publish","type":"product","link":"https:\/\/www.claret.cat\/es\/libro\/la-metamorfosi-9788416698042\/","title":{"rendered":"LA METAMORFOSI"},"content":{"rendered":"<p>Un mat\u00ed, Gregor Samsa es desperta convertit en un insecte monstru\u00f3s.<br \/> La primera reacci\u00f3 \u00e9s pensar que perdr\u00e0 el tren i arribar\u00e0<br \/> tard a la feina. Quan la fam\u00edlia descobreix el seu nou estat, passen<br \/> de l?horror a l?abnegaci\u00f3 per una realitat que no volen assimilar.<br \/> La metamorfosi planteja una esmolada cr\u00edtica a la societat intolerant<br \/> envers la difer\u00e8ncia, i ha infl uenciat i captivat lectors durant<br \/> generacions. Aquesta nova traducci\u00f3 de Marta Pera Cucurell es<br \/> completa amb illustracions d?Aitana Carrasco i un pr\u00f2leg de Joan<br \/> Miquel Oliver, fundador i compositor del grup Ant\u00f2nia Font. Un<br \/> nou embolcall de luxe per a redescobrir un dels cl\u00e0ssics m\u00e9s emblem\u00e0tics<br \/> i inquietants de la nostra \u00e8poca.<\/p>\n","protected":false},"excerpt":{"rendered":"<p>KAFKA, FRANZ<\/p>\n","protected":false},"featured_media":945099,"template":"","meta":{"_acf_changed":false,"om_disable_all_campaigns":false,"rs_blank_template":"","rs_page_bg_color":"","slide_template_v7":"","inline_featured_image":false,"_monsterinsights_skip_tracking":false,"_monsterinsights_sitenote_active":false,"_monsterinsights_sitenote_note":"","_monsterinsights_sitenote_category":0},"product_brand":[],"product_cat":[354,123],"product_tag":[],"class_list":{"0":"post-945098","1":"product","2":"type-product","3":"status-publish","4":"has-post-thumbnail","6":"product_cat-clasica","7":"product_cat-classica","9":"first","10":"instock","11":"taxable","12":"shipping-taxable","13":"purchasable","14":"product-type-simple"},"acf":{"autor":"KAFKA, FRANZ","codart":"841669804","libros-coleccion":"Sembra Llibres","ediciones":"1","encuadernacion":"R\u00fastica","fecha_de_publicacion":"01\/05\/2016","novedad":"1","paginas":"112","subtitulo":"","orden":"0","portada":"0","idioma":"cat","editorial":[{"ID":148803,"post_author":"3","post_date":"2022-10-14 12:01:07","post_date_gmt":"2022-10-14 10:01:07","post_content":"","post_title":"Sembra llibres","post_excerpt":"","post_status":"publish","comment_status":"closed","ping_status":"closed","post_password":"","post_name":"sembra-llibres","to_ping":"","pinged":"","post_modified":"2022-10-14 12:01:07","post_modified_gmt":"2022-10-14 10:01:07","post_content_filtered":"","post_parent":0,"guid":"http:\/\/dev.claret.cat\/editorial\/sembra-llibres\/","menu_order":0,"post_type":"editorial","post_mime_type":"","comment_count":"0","filter":"raw"}],"autores-libros":[{"ID":156380,"post_author":"3","post_date":"2022-10-14 15:20:21","post_date_gmt":"2022-10-14 13:20:21","post_content":"","post_title":"FRANZ KAFKA","post_excerpt":"","post_status":"publish","comment_status":"closed","ping_status":"closed","post_password":"","post_name":"franz-kafka","to_ping":"","pinged":"","post_modified":"2022-10-14 15:20:21","post_modified_gmt":"2022-10-14 13:20:21","post_content_filtered":"","post_parent":0,"guid":"http:\/\/dev.claret.cat\/autor\/franz-kafka\/","menu_order":0,"post_type":"autor","post_mime_type":"","comment_count":"0","filter":"raw"}]},"aioseo_notices":[],"_links":{"self":[{"href":"https:\/\/www.claret.cat\/es\/wp-json\/wp\/v2\/product\/945098","targetHints":{"allow":["GET"]}}],"collection":[{"href":"https:\/\/www.claret.cat\/es\/wp-json\/wp\/v2\/product"}],"about":[{"href":"https:\/\/www.claret.cat\/es\/wp-json\/wp\/v2\/types\/product"}],"wp:featuredmedia":[{"embeddable":true,"href":"https:\/\/www.claret.cat\/es\/wp-json\/wp\/v2\/media\/945099"}],"wp:attachment":[{"href":"https:\/\/www.claret.cat\/es\/wp-json\/wp\/v2\/media?parent=945098"}],"wp:term":[{"taxonomy":"product_brand","embeddable":true,"href":"https:\/\/www.claret.cat\/es\/wp-json\/wp\/v2\/product_brand?post=945098"},{"taxonomy":"product_cat","embeddable":true,"href":"https:\/\/www.claret.cat\/es\/wp-json\/wp\/v2\/product_cat?post=945098"},{"taxonomy":"product_tag","embeddable":true,"href":"https:\/\/www.claret.cat\/es\/wp-json\/wp\/v2\/product_tag?post=945098"}],"curies":[{"name":"wp","href":"https:\/\/api.w.org\/{rel}","templated":true}]}}

<p>Un matí, Gregor Samsa es desperta convertit en un insecte monstruós.<br /> La primera reacció és pensar que perdrà el tren i arribarà<br /> tard a la feina. Quan la família descobreix el seu nou estat, passen<br /> de l?horror a l?abnegació per una realitat que no volen assimilar.<br /> La metamorfosi planteja una esmolada crítica a la societat intolerant<br /> envers la diferència, i ha infl uenciat i captivat lectors durant<br /> generacions. Aquesta nova traducció de Marta Pera Cucurell es<br /> completa amb illustracions d?Aitana Carrasco i un pròleg de Joan<br /> Miquel Oliver, fundador i compositor del grup Antònia Font. Un<br /> nou embolcall de luxe per a redescobrir un dels clàssics més emblemàtics<br /> i inquietants de la nostra època.</p>

Rústica
