{"id":946658,"date":"2024-01-10T07:37:51","date_gmt":"2024-01-10T06:37:51","guid":{"rendered":"https:\/\/www.claret.cat\/llibre\/buscad-al-senor-celebraciones-del-itinerario-catecumenal-del-catecismo-9788419797070\/"},"modified":"2026-02-19T17:35:05","modified_gmt":"2026-02-19T16:35:05","slug":"buscad-al-senor-celebraciones-del-itinerario-catecumenal-del-catecismo-9788419797070","status":"publish","type":"product","link":"https:\/\/www.claret.cat\/es\/libro\/buscad-al-senor-celebraciones-del-itinerario-catecumenal-del-catecismo-9788419797070\/","title":{"rendered":"BUSCAD AL SE\u00d1OR : CELEBRACIONES DEL ITINERARIO CATECUMENAL DEL CATECISMO"},"content":{"rendered":"<p><span>Para acompa\u00f1ar el proceso catecumenal con el catecismo Buscad al Se\u00f1or.<\/span><\/p>\n","protected":false},"excerpt":{"rendered":"<p> COMISION EPISCOPAL ESPA\u00d1OLA<\/p>\n","protected":false},"featured_media":1083778,"template":"","meta":{"_acf_changed":false,"om_disable_all_campaigns":false,"rs_blank_template":"","rs_page_bg_color":"","slide_template_v7":"","inline_featured_image":false,"_monsterinsights_skip_tracking":false,"_monsterinsights_sitenote_active":false,"_monsterinsights_sitenote_note":"","_monsterinsights_sitenote_category":0},"product_brand":[],"product_cat":[221,480],"product_tag":[],"class_list":{"0":"post-946658","1":"product","2":"type-product","3":"status-publish","4":"has-post-thumbnail","6":"product_cat-dadults","7":"product_cat-de-adultos","9":"first","10":"instock","11":"taxable","12":"shipping-taxable","13":"purchasable","14":"product-type-simple"},"acf":{"autor":" COMISION EPISCOPAL ESPA\u00d1OLA","codart":"841979707","libros-coleccion":"CATECISMOS COMUNIDAD CRISTIANA","ediciones":"1","encuadernacion":"Carton\u00e9","fecha_de_publicacion":"30\/11\/2023","novedad":"1","paginas":"19","subtitulo":"CARPETA CON 19 CELEBRACIONES ","orden":"999","portada":"0","idioma":"spa","editorial":[{"ID":147509,"post_author":"3","post_date":"2022-10-14 11:51:07","post_date_gmt":"2022-10-14 09:51:07","post_content":"","post_title":"B.A.C.","post_excerpt":"","post_status":"publish","comment_status":"closed","ping_status":"closed","post_password":"","post_name":"b-a-c","to_ping":"","pinged":"","post_modified":"2022-10-14 11:51:07","post_modified_gmt":"2022-10-14 09:51:07","post_content_filtered":"","post_parent":0,"guid":"http:\/\/dev.claret.cat\/editorial\/b-a-c\/","menu_order":0,"post_type":"editorial","post_mime_type":"","comment_count":"0","filter":"raw"}],"autores-libros":[{"ID":944779,"post_author":"3","post_date":"2023-12-11 17:25:17","post_date_gmt":"2023-12-11 16:25:17","post_content":"","post_title":"COMISION EPISCOPAL ESPA\u00d1OLA","post_excerpt":"","post_status":"publish","comment_status":"closed","ping_status":"closed","post_password":"","post_name":"comision-episcopal-espanola","to_ping":"","pinged":"","post_modified":"2023-12-11 17:25:17","post_modified_gmt":"2023-12-11 16:25:17","post_content_filtered":"","post_parent":0,"guid":"https:\/\/www.claret.cat\/autor\/comision-episcopal-espanola\/","menu_order":0,"post_type":"autor","post_mime_type":"","comment_count":"0","filter":"raw"}],"booktrailer":"","resenas":""},"aioseo_notices":[],"_links":{"self":[{"href":"https:\/\/www.claret.cat\/es\/wp-json\/wp\/v2\/product\/946658","targetHints":{"allow":["GET"]}}],"collection":[{"href":"https:\/\/www.claret.cat\/es\/wp-json\/wp\/v2\/product"}],"about":[{"href":"https:\/\/www.claret.cat\/es\/wp-json\/wp\/v2\/types\/product"}],"wp:featuredmedia":[{"embeddable":true,"href":"https:\/\/www.claret.cat\/es\/wp-json\/wp\/v2\/media\/1083778"}],"wp:attachment":[{"href":"https:\/\/www.claret.cat\/es\/wp-json\/wp\/v2\/media?parent=946658"}],"wp:term":[{"taxonomy":"product_brand","embeddable":true,"href":"https:\/\/www.claret.cat\/es\/wp-json\/wp\/v2\/product_brand?post=946658"},{"taxonomy":"product_cat","embeddable":true,"href":"https:\/\/www.claret.cat\/es\/wp-json\/wp\/v2\/product_cat?post=946658"},{"taxonomy":"product_tag","embeddable":true,"href":"https:\/\/www.claret.cat\/es\/wp-json\/wp\/v2\/product_tag?post=946658"}],"curies":[{"name":"wp","href":"https:\/\/api.w.org\/{rel}","templated":true}]}}

BUSCAD AL SEÑOR : CELEBRACIONES DEL ITINERARIO CATECUMENAL DEL CATECISMO

<p><span>Para acompañar el proceso catecumenal con el catecismo Buscad al Señor.</span></p>

<p> COMISION EPISCOPAL ESPAÑOLA</p>

COMISION EPISCOPAL ESPAÑOLA

Cartoné
