{"id":946733,"date":"2024-01-10T09:55:52","date_gmt":"2024-01-10T08:55:52","guid":{"rendered":"https:\/\/www.claret.cat\/llibre\/herba-9788419437631\/"},"modified":"2026-04-07T12:33:17","modified_gmt":"2026-04-07T10:33:17","slug":"herba-9788419437631","status":"publish","type":"product","link":"https:\/\/www.claret.cat\/es\/libro\/herba-9788419437631\/","title":{"rendered":"HERBA"},"content":{"rendered":"<p>MILLOR C\u00d2MIC DE L&#8217;ANY<br \/>The New York Times \/ The Guardian \/ Los Angeles Times \/ Library Journal \/ Babelia \/ El Cultural \/ MondoSonoro \/ The Objective  PREMIS<br \/>Harvey Award \u00b7 Krause Essay Prize \u00b7 Cartoonist Studio Prize \u00b7 Big Other Book Award \u00b7 YALSA Book Award \u00b7 Prix Bulles d&#8217;Humanit\u00e9 \u00b7 Antifaz (Val\u00e8ncia) \u00b7 Splash (Sagunt) \u00b7 Premio del C\u00f3mic Aragon\u00e9s  FINALISTA <br \/>Eisner Award \u00b7 Believer Book Award \u00b7 LA Times Book Prize Comic \u00b7 Barcelona 41 \u00abUna obra mestra del c\u00f2mic biogr\u00e0fic i hist\u00f2ric, de la mateixa magnitud que Maus, Pers\u00e8polis o L&#8217;art de volar\u00bb.<br \/>La Repubblica \u00abCaptivador i devastador, et trencar\u00e0 el cor a poc a poc. Molt probablement, el c\u00f2mic de l&#8217;any\u00bb.<br \/>The Guardian Herba \u00e9s la hist\u00f2ria real d&#8217;una supervivent: la Lee Ok-Sun, una jove coreana que durant la guerra del Pac\u00edfic va ser explotada com a \u00abdona de conhort\u00bb, l&#8217;eufemisme emprat per l&#8217;ex\u00e8rcit imperial japon\u00e8s per referir-se a les esclaves sexuals. Aquell cap\u00edtol \u00e9s considerat encara avui com un dels m\u00e9s foscos del segle XX. A partir de les entrevistes que va mantenir amb la Lee Ok-Sun en una resid\u00e8ncia per a antigues dones de conhort, l&#8217;autora aconsegueix narrar-ne la infantesa, com va cr\u00e9ixer en un ambient extremadament humil i com va ser venuda successivament a diverses fam\u00edlies adoptives fins que es va produir l&#8217;ocupaci\u00f3 japonesa i el 1942 la van traslladar per la for\u00e7a a una base a\u00e8ria a la Xina.Resenyes:<br \/>\u00abUna obra mestra del c\u00f2mic biogr\u00e0_ ci hist\u00f2ric, de la mateixa magnitud que Maus, Pers\u00e8polis o L&#8217;art de volar\u00bb.<br \/>La Repubblica \u00abCaptivador i devastador, et trencar\u00e0 el cor a poc a poc. Molt probablement, el c\u00f2mic de l&#8217;any\u00bb.<br \/>The Guardian \u00abUn retrat \u00edntim i sobri que explora uns fets abominables\u00bb.<br \/>Lib\u00e9ration\u00abLa pot\u00e8ncia del dibuix, amb un tra\u00e7 salvatge i els negres ben densos, ens aboca de ple en un regne de malsons\u00bb.<br \/>The New York Times Book Review \u00abFa mal all\u00e0 on ha de fer mal\u00bb.<br \/>South China Morning Post \u00abEst\u00e0 a l&#8217;altura dels grans c\u00f2mics sobre la Hist\u00f2ria en maj\u00fascules\u00bb.<br \/>Quill and Quire\u00abUna novel\u00b7la gr\u00e0fica testimonial que \u00e9s ambiciosa, valenta i espl\u00e8ndida. Una lectura desassossegant i tamb\u00e9 vigorosa i heroica; un crit en\u00e8rgic que denuncia uns fets que mereixen ser coneguts i denunciats\u00bb.<br \/>La Vanguardia<\/p>\n","protected":false},"excerpt":{"rendered":"<p>GENDRY-KIM, KEUM SUK<\/p>\n","protected":false},"featured_media":946734,"template":"","meta":{"_acf_changed":false,"om_disable_all_campaigns":false,"rs_blank_template":"","rs_page_bg_color":"","slide_template_v7":"","inline_featured_image":false,"_monsterinsights_skip_tracking":false,"_monsterinsights_sitenote_active":false,"_monsterinsights_sitenote_note":"","_monsterinsights_sitenote_category":0},"product_brand":[],"product_cat":[108,558],"product_tag":[],"class_list":{"0":"post-946733","1":"product","2":"type-product","3":"status-publish","4":"has-post-thumbnail","6":"product_cat-comic","7":"product_cat-comic-3_infantil-juvenil-spa-spa","9":"first","10":"instock","11":"taxable","12":"shipping-taxable","13":"purchasable","14":"product-type-simple"},"acf":{"autor":"GENDRY-KIM, KEUM SUK","codart":"841943763","libros-coleccion":"RESERVOIR GR\u00c1FICA","ediciones":"1","encuadernacion":"R\u00fastica","fecha_de_publicacion":"01\/01\/2024","novedad":"1","paginas":"488","subtitulo":"","orden":"0","portada":"1","idioma":"cat","editorial":[{"ID":148749,"post_author":"3","post_date":"2022-10-14 12:00:41","post_date_gmt":"2022-10-14 10:00:41","post_content":"","post_title":"RESERVOIR BOOKS","post_excerpt":"","post_status":"publish","comment_status":"closed","ping_status":"closed","post_password":"","post_name":"reservoir-books","to_ping":"","pinged":"","post_modified":"2022-10-14 12:00:41","post_modified_gmt":"2022-10-14 10:00:41","post_content_filtered":"","post_parent":0,"guid":"http:\/\/dev.claret.cat\/editorial\/reservoir-books\/","menu_order":0,"post_type":"editorial","post_mime_type":"","comment_count":"0","filter":"raw"}],"autores-libros":[{"ID":161652,"post_author":"3","post_date":"2022-10-14 17:19:57","post_date_gmt":"2022-10-14 15:19:57","post_content":"","post_title":"KEUM SUK GENDRY-KIM","post_excerpt":"","post_status":"publish","comment_status":"closed","ping_status":"closed","post_password":"","post_name":"keum-suk-gendry-kim-2","to_ping":"","pinged":"","post_modified":"2022-10-14 17:19:57","post_modified_gmt":"2022-10-14 15:19:57","post_content_filtered":"","post_parent":0,"guid":"http:\/\/dev.claret.cat\/autor\/keum-suk-gendry-kim-2\/","menu_order":0,"post_type":"autor","post_mime_type":"","comment_count":"0","filter":"raw"}],"booktrailer":"","resenas":""},"aioseo_notices":[],"_links":{"self":[{"href":"https:\/\/www.claret.cat\/es\/wp-json\/wp\/v2\/product\/946733","targetHints":{"allow":["GET"]}}],"collection":[{"href":"https:\/\/www.claret.cat\/es\/wp-json\/wp\/v2\/product"}],"about":[{"href":"https:\/\/www.claret.cat\/es\/wp-json\/wp\/v2\/types\/product"}],"wp:featuredmedia":[{"embeddable":true,"href":"https:\/\/www.claret.cat\/es\/wp-json\/wp\/v2\/media\/946734"}],"wp:attachment":[{"href":"https:\/\/www.claret.cat\/es\/wp-json\/wp\/v2\/media?parent=946733"}],"wp:term":[{"taxonomy":"product_brand","embeddable":true,"href":"https:\/\/www.claret.cat\/es\/wp-json\/wp\/v2\/product_brand?post=946733"},{"taxonomy":"product_cat","embeddable":true,"href":"https:\/\/www.claret.cat\/es\/wp-json\/wp\/v2\/product_cat?post=946733"},{"taxonomy":"product_tag","embeddable":true,"href":"https:\/\/www.claret.cat\/es\/wp-json\/wp\/v2\/product_tag?post=946733"}],"curies":[{"name":"wp","href":"https:\/\/api.w.org\/{rel}","templated":true}]}}

<p>MILLOR CÒMIC DE L&#8217;ANY<br />The New York Times / The Guardian / Los Angeles Times / Library Journal / Babelia / El Cultural / MondoSonoro / The Objective  PREMIS<br />Harvey Award · Krause Essay Prize · Cartoonist Studio Prize · Big Other Book Award · YALSA Book Award · Prix Bulles d&#8217;Humanité · Antifaz (València) · Splash (Sagunt) · Premio del Cómic Aragonés  FINALISTA <br />Eisner Award · Believer Book Award · LA Times Book Prize Comic · Barcelona 41 «Una obra mestra del còmic biogràfic i històric, de la mateixa magnitud que Maus, Persèpolis o L&#8217;art de volar».<br />La Repubblica «Captivador i devastador, et trencarà el cor a poc a poc. Molt probablement, el còmic de l&#8217;any».<br />The Guardian Herba és la història real d&#8217;una supervivent: la Lee Ok-Sun, una jove coreana que durant la guerra del Pacífic va ser explotada com a «dona de conhort», l&#8217;eufemisme emprat per l&#8217;exèrcit imperial japonès per referir-se a les esclaves sexuals. Aquell capítol és considerat encara avui com un dels més foscos del segle XX. A partir de les entrevistes que va mantenir amb la Lee Ok-Sun en una residència per a antigues dones de conhort, l&#8217;autora aconsegueix narrar-ne la infantesa, com va créixer en un ambient extremadament humil i com va ser venuda successivament a diverses famílies adoptives fins que es va produir l&#8217;ocupació japonesa i el 1942 la van traslladar per la força a una base aèria a la Xina.Resenyes:<br />«Una obra mestra del còmic biogrà_ ci històric, de la mateixa magnitud que Maus, Persèpolis o L&#8217;art de volar».<br />La Repubblica «Captivador i devastador, et trencarà el cor a poc a poc. Molt probablement, el còmic de l&#8217;any».<br />The Guardian «Un retrat íntim i sobri que explora uns fets abominables».<br />Libération«La potència del dibuix, amb un traç salvatge i els negres ben densos, ens aboca de ple en un regne de malsons».<br />The New York Times Book Review «Fa mal allà on ha de fer mal».<br />South China Morning Post «Està a l&#8217;altura dels grans còmics sobre la Història en majúscules».<br />Quill and Quire«Una novel·la gràfica testimonial que és ambiciosa, valenta i esplèndida. Una lectura desassossegant i també vigorosa i heroica; un crit enèrgic que denuncia uns fets que mereixen ser coneguts i denunciats».<br />La Vanguardia</p>

RESERVOIR GRÁFICA

Rústica
