{"id":947945,"date":"2024-01-18T10:26:06","date_gmt":"2024-01-18T09:26:06","guid":{"rendered":"https:\/\/www.claret.cat\/llibre\/oraciones-de-accion-de-gracias-9788428570329\/"},"modified":"2024-05-02T07:30:00","modified_gmt":"2024-05-02T05:30:00","slug":"oraciones-de-accion-de-gracias-9788428570329","status":"publish","type":"product","link":"https:\/\/www.claret.cat\/es\/libro\/oraciones-de-accion-de-gracias-9788428570329\/","title":{"rendered":"ORACIONES DE ACCI\u00d3N DE GRACIAS"},"content":{"rendered":"<p><span>La oraci\u00f3n de acci\u00f3n de gracias es un modo de mirar la vida desde la humildad. Nos ayuda a centrar la atenci\u00f3n en nuestro alrededor y nos permite tomar conciencia de las bondades que nos rodean, abri\u00e9ndonos a la belleza y a la bondad presentes en el universo y, por tanto, contribuyen a la construcci\u00f3n de un mundo m\u00e1s humano, m\u00e1s amable y mejor para todos. En estas oraciones, 150 en total, Jos\u00e9 Carlos Bermejo nos invita a reconocer esa bondad en las cosas m\u00e1s insospechadas, por cotidianas y cercanas (la corriente el\u00e9ctrica, la nieve, la paz, las caricias, los aniversarios, el mundo digital&#8230;), y a elevar con \u00e9l una humilde y sencilla plegaria de agradecimiento a Dios por cada una de ellas.<\/span><\/p>\n","protected":false},"excerpt":{"rendered":"<p>BERMEJO HIGUERA, JOS\u00c9 CARLOS<\/p>\n","protected":false},"featured_media":947946,"template":"","meta":{"_acf_changed":false,"om_disable_all_campaigns":false,"rs_blank_template":"","rs_page_bg_color":"","slide_template_v7":"","inline_featured_image":false,"_monsterinsights_skip_tracking":false,"_monsterinsights_sitenote_active":false,"_monsterinsights_sitenote_note":"","_monsterinsights_sitenote_category":0},"product_brand":[],"product_cat":[485,232,396,247],"product_tag":[],"class_list":{"0":"post-947945","1":"product","2":"type-product","3":"status-publish","4":"has-post-thumbnail","6":"product_cat-autores-espiritualidad-1_espiritualidad","7":"product_cat-autors-espiritualitat","8":"product_cat-oracion","9":"product_cat-pregaria","11":"first","12":"instock","13":"taxable","14":"shipping-taxable","15":"purchasable","16":"product-type-simple"},"acf":{"autor":"BERMEJO HIGUERA, JOS\u00c9 CARLOS","codart":"842857032","libros-coleccion":"","ediciones":"1","encuadernacion":"R\u00fastica","fecha_de_publicacion":"17\/01\/2024","novedad":"1","paginas":"170","subtitulo":"","orden":"0","portada":"0","idioma":"spa","editorial":[{"ID":6356,"post_author":"3","post_date":"2022-07-28 17:50:26","post_date_gmt":"2022-07-28 15:50:26","post_content":"","post_title":"SAN PABLO COMUNICACI\u00d3N","post_excerpt":"","post_status":"publish","comment_status":"closed","ping_status":"closed","post_password":"","post_name":"san-pablo-comunicacion","to_ping":"","pinged":"","post_modified":"2022-07-28 17:50:26","post_modified_gmt":"2022-07-28 15:50:26","post_content_filtered":"","post_parent":0,"guid":"http:\/\/dev.claret.cat\/editorial\/san-pablo-comunicacion\/","menu_order":0,"post_type":"editorial","post_mime_type":"","comment_count":"0","filter":"raw"}],"autores-libros":[{"ID":160210,"post_author":"3","post_date":"2022-10-14 15:51:12","post_date_gmt":"2022-10-14 13:51:12","post_content":"","post_title":"JOS\u00c9 CARLOS BERMEJO HIGUERA","post_excerpt":"","post_status":"publish","comment_status":"closed","ping_status":"closed","post_password":"","post_name":"jose-carlos-bermejo-higuera","to_ping":"","pinged":"","post_modified":"2022-10-14 15:51:12","post_modified_gmt":"2022-10-14 13:51:12","post_content_filtered":"","post_parent":0,"guid":"http:\/\/dev.claret.cat\/autor\/jose-carlos-bermejo-higuera\/","menu_order":0,"post_type":"autor","post_mime_type":"","comment_count":"0","filter":"raw"}]},"aioseo_notices":[],"_links":{"self":[{"href":"https:\/\/www.claret.cat\/es\/wp-json\/wp\/v2\/product\/947945","targetHints":{"allow":["GET"]}}],"collection":[{"href":"https:\/\/www.claret.cat\/es\/wp-json\/wp\/v2\/product"}],"about":[{"href":"https:\/\/www.claret.cat\/es\/wp-json\/wp\/v2\/types\/product"}],"wp:featuredmedia":[{"embeddable":true,"href":"https:\/\/www.claret.cat\/es\/wp-json\/wp\/v2\/media\/947946"}],"wp:attachment":[{"href":"https:\/\/www.claret.cat\/es\/wp-json\/wp\/v2\/media?parent=947945"}],"wp:term":[{"taxonomy":"product_brand","embeddable":true,"href":"https:\/\/www.claret.cat\/es\/wp-json\/wp\/v2\/product_brand?post=947945"},{"taxonomy":"product_cat","embeddable":true,"href":"https:\/\/www.claret.cat\/es\/wp-json\/wp\/v2\/product_cat?post=947945"},{"taxonomy":"product_tag","embeddable":true,"href":"https:\/\/www.claret.cat\/es\/wp-json\/wp\/v2\/product_tag?post=947945"}],"curies":[{"name":"wp","href":"https:\/\/api.w.org\/{rel}","templated":true}]}}

ORACIONES DE ACCIÓN DE GRACIAS

<p><span>La oración de acción de gracias es un modo de mirar la vida desde la humildad. Nos ayuda a centrar la atención en nuestro alrededor y nos permite tomar conciencia de las bondades que nos rodean, abriéndonos a la belleza y a la bondad presentes en el universo y, por tanto, contribuyen a la construcción de un mundo más humano, más amable y mejor para todos. En estas oraciones, 150 en total, José Carlos Bermejo nos invita a reconocer esa bondad en las cosas más insospechadas, por cotidianas y cercanas (la corriente eléctrica, la nieve, la paz, las caricias, los aniversarios, el mundo digital&#8230;), y a elevar con él una humilde y sencilla plegaria de agradecimiento a Dios por cada una de ellas.</span></p>

<p>BERMEJO HIGUERA, JOSÉ CARLOS</p>

BERMEJO HIGUERA, JOSÉ CARLOS

Rústica

SAN PABLO COMUNICACIÓN

JOSÉ CARLOS BERMEJO HIGUERA
