{"id":948318,"date":"2024-01-22T17:00:36","date_gmt":"2024-01-22T16:00:36","guid":{"rendered":"https:\/\/www.claret.cat\/llibre\/relatos-y-aforismos-estuche-9788411485029\/"},"modified":"2024-01-29T13:00:43","modified_gmt":"2024-01-29T12:00:43","slug":"relatos-y-aforismos-estuche-9788411485029","status":"publish","type":"product","link":"https:\/\/www.claret.cat\/es\/libro\/relatos-y-aforismos-estuche-9788411485029\/","title":{"rendered":"RELATOS Y AFORISMOS &#8211; ESTUCHE"},"content":{"rendered":"<p>Franz Kafka (1883-1924) ha ocupado durante un siglo un lugar privilegiado en la cima de la literatura universal. Tanto es as\u00ed que lo &#8216;kafkiano&#8217; se ha convertido en un adjetivo com\u00fan que define una realidad tr\u00e1gicamente absurda y que escapa a la voluntad de quien la padece, y no es casualidad que se haya instalado en nuestro vocabulario: la obra de Kafka es una exploraci\u00f3n en la psique colectiva de una \u00e9poca desconcertante y tumultuosa -la de principios del siglo XX- que resuena mucho con la nuestra.En este estuche de dos vol\u00famenes se ofrecen sus relatos completos -aquellos que public\u00f3 en vida y los que quedaron in\u00e9ditos-, as\u00ed como aforismos reunidos de sus c\u00e9lebres cuadernos en octavo y de otros escritos (todos restaurados y liberados de las injerencias de Max Brod seg\u00fan las \u00faltimas ediciones cr\u00edticas). Una obra fragmentaria y laber\u00edntica a la que merece la pena asomarse para disfrutar de la cercan\u00eda y de la complicidad de un contempor\u00e1neo en los d\u00edas en que la vida parece no tener demasiado sentido.<\/p>\n","protected":false},"excerpt":{"rendered":"<p>KAFKA, FRANZ<\/p>\n","protected":false},"featured_media":948319,"template":"","meta":{"_acf_changed":false,"om_disable_all_campaigns":false,"rs_blank_template":"","rs_page_bg_color":"","slide_template_v7":"","inline_featured_image":false,"_monsterinsights_skip_tracking":false,"_monsterinsights_sitenote_active":false,"_monsterinsights_sitenote_note":"","_monsterinsights_sitenote_category":0},"product_brand":[],"product_cat":[127,357],"product_tag":[],"class_list":{"0":"post-948318","1":"product","2":"type-product","3":"status-publish","4":"has-post-thumbnail","6":"product_cat-novella-contemporania","7":"product_cat-novela-contemporanea","9":"first","10":"instock","11":"taxable","12":"shipping-taxable","13":"purchasable","14":"product-type-simple"},"acf":{"autor":"KAFKA, FRANZ","codart":"841148502","libros-coleccion":"13\/20","ediciones":"1","encuadernacion":"Carpeta","fecha_de_publicacion":"01\/01\/2024","novedad":"1","paginas":"0","subtitulo":"","orden":"0","portada":"0","idioma":"spa","editorial":[{"ID":6119,"post_author":"3","post_date":"2022-07-28 17:45:18","post_date_gmt":"2022-07-28 15:45:18","post_content":"","post_title":"Alianza Editorial","post_excerpt":"","post_status":"publish","comment_status":"closed","ping_status":"closed","post_password":"","post_name":"alianza-editorial","to_ping":"","pinged":"","post_modified":"2022-07-28 17:45:18","post_modified_gmt":"2022-07-28 15:45:18","post_content_filtered":"","post_parent":0,"guid":"http:\/\/dev.claret.cat\/editorial\/alianza-editorial\/","menu_order":0,"post_type":"editorial","post_mime_type":"","comment_count":"0","filter":"raw"}],"autores-libros":[{"ID":156380,"post_author":"3","post_date":"2022-10-14 15:20:21","post_date_gmt":"2022-10-14 13:20:21","post_content":"","post_title":"FRANZ KAFKA","post_excerpt":"","post_status":"publish","comment_status":"closed","ping_status":"closed","post_password":"","post_name":"franz-kafka","to_ping":"","pinged":"","post_modified":"2022-10-14 15:20:21","post_modified_gmt":"2022-10-14 13:20:21","post_content_filtered":"","post_parent":0,"guid":"http:\/\/dev.claret.cat\/autor\/franz-kafka\/","menu_order":0,"post_type":"autor","post_mime_type":"","comment_count":"0","filter":"raw"}]},"aioseo_notices":[],"_links":{"self":[{"href":"https:\/\/www.claret.cat\/es\/wp-json\/wp\/v2\/product\/948318","targetHints":{"allow":["GET"]}}],"collection":[{"href":"https:\/\/www.claret.cat\/es\/wp-json\/wp\/v2\/product"}],"about":[{"href":"https:\/\/www.claret.cat\/es\/wp-json\/wp\/v2\/types\/product"}],"wp:featuredmedia":[{"embeddable":true,"href":"https:\/\/www.claret.cat\/es\/wp-json\/wp\/v2\/media\/948319"}],"wp:attachment":[{"href":"https:\/\/www.claret.cat\/es\/wp-json\/wp\/v2\/media?parent=948318"}],"wp:term":[{"taxonomy":"product_brand","embeddable":true,"href":"https:\/\/www.claret.cat\/es\/wp-json\/wp\/v2\/product_brand?post=948318"},{"taxonomy":"product_cat","embeddable":true,"href":"https:\/\/www.claret.cat\/es\/wp-json\/wp\/v2\/product_cat?post=948318"},{"taxonomy":"product_tag","embeddable":true,"href":"https:\/\/www.claret.cat\/es\/wp-json\/wp\/v2\/product_tag?post=948318"}],"curies":[{"name":"wp","href":"https:\/\/api.w.org\/{rel}","templated":true}]}}

<p>Franz Kafka (1883-1924) ha ocupado durante un siglo un lugar privilegiado en la cima de la literatura universal. Tanto es así que lo &#8216;kafkiano&#8217; se ha convertido en un adjetivo común que define una realidad trágicamente absurda y que escapa a la voluntad de quien la padece, y no es casualidad que se haya instalado en nuestro vocabulario: la obra de Kafka es una exploración en la psique colectiva de una época desconcertante y tumultuosa -la de principios del siglo XX- que resuena mucho con la nuestra.En este estuche de dos volúmenes se ofrecen sus relatos completos -aquellos que publicó en vida y los que quedaron inéditos-, así como aforismos reunidos de sus célebres cuadernos en octavo y de otros escritos (todos restaurados y liberados de las injerencias de Max Brod según las últimas ediciones críticas). Una obra fragmentaria y laberíntica a la que merece la pena asomarse para disfrutar de la cercanía y de la complicidad de un contemporáneo en los días en que la vida parece no tener demasiado sentido.</p>
