{"id":948321,"date":"2024-01-22T17:05:15","date_gmt":"2024-01-22T16:05:15","guid":{"rendered":"https:\/\/www.claret.cat\/llibre\/novelas-estuche-9788411484992\/"},"modified":"2024-01-29T13:00:34","modified_gmt":"2024-01-29T12:00:34","slug":"novelas-estuche-9788411484992","status":"publish","type":"product","link":"https:\/\/www.claret.cat\/es\/libro\/novelas-estuche-9788411484992\/","title":{"rendered":"NOVELAS &#8211; ESTUCHE"},"content":{"rendered":"<p>En 2024 se cumplen cien a\u00f1os de la muerte de Franz Kafka (1883-1924), posiblemente el escritor que con mayor genialidad retrat\u00f3 la angustia, la incertidumbre y el absurdo que la llegada del siglo XX produjo en las vidas de los habitantes de Europa, testigos (y v\u00edctimas) de la transformaci\u00f3n vertiginosa del mundo que conoc\u00edan.<br \/> De ello dan testimonio sus tres novelas, ofrecidas aqu\u00ed reunidas en un estuche de dos vol\u00famenes: El proceso -obra emblem\u00e1tica de lo kafkiano que se inicia con el arresto de Josef K. por una acusaci\u00f3n que nunca llegar\u00e1 a conocer-, El castillo -en la que el c\u00e9lebre agrimensor K. se enfrenta al laberinto burocr\u00e1tico del poder- y El desaparecido -titulada Am\u00e9rica por Max Brod, la que a juicio del propio Kafka fue su novela m\u00e1s luminosa-.<\/p>\n","protected":false},"excerpt":{"rendered":"<p>KAFKA, FRANZ<\/p>\n","protected":false},"featured_media":948322,"template":"","meta":{"_acf_changed":false,"om_disable_all_campaigns":false,"rs_blank_template":"","rs_page_bg_color":"","slide_template_v7":"","inline_featured_image":false,"_monsterinsights_skip_tracking":false,"_monsterinsights_sitenote_active":false,"_monsterinsights_sitenote_note":"","_monsterinsights_sitenote_category":0},"product_brand":[],"product_cat":[127,357],"product_tag":[],"class_list":{"0":"post-948321","1":"product","2":"type-product","3":"status-publish","4":"has-post-thumbnail","6":"product_cat-novella-contemporania","7":"product_cat-novela-contemporanea","9":"first","10":"instock","11":"taxable","12":"shipping-taxable","13":"purchasable","14":"product-type-simple"},"acf":{"autor":"KAFKA, FRANZ","codart":"841148499","libros-coleccion":"13\/20","ediciones":"1","encuadernacion":"Carpeta","fecha_de_publicacion":"01\/01\/2024","novedad":"1","paginas":"0","subtitulo":"","orden":"0","portada":"0","idioma":"spa","editorial":[{"ID":6119,"post_author":"3","post_date":"2022-07-28 17:45:18","post_date_gmt":"2022-07-28 15:45:18","post_content":"","post_title":"Alianza Editorial","post_excerpt":"","post_status":"publish","comment_status":"closed","ping_status":"closed","post_password":"","post_name":"alianza-editorial","to_ping":"","pinged":"","post_modified":"2022-07-28 17:45:18","post_modified_gmt":"2022-07-28 15:45:18","post_content_filtered":"","post_parent":0,"guid":"http:\/\/dev.claret.cat\/editorial\/alianza-editorial\/","menu_order":0,"post_type":"editorial","post_mime_type":"","comment_count":"0","filter":"raw"}],"autores-libros":[{"ID":156380,"post_author":"3","post_date":"2022-10-14 15:20:21","post_date_gmt":"2022-10-14 13:20:21","post_content":"","post_title":"FRANZ KAFKA","post_excerpt":"","post_status":"publish","comment_status":"closed","ping_status":"closed","post_password":"","post_name":"franz-kafka","to_ping":"","pinged":"","post_modified":"2022-10-14 15:20:21","post_modified_gmt":"2022-10-14 13:20:21","post_content_filtered":"","post_parent":0,"guid":"http:\/\/dev.claret.cat\/autor\/franz-kafka\/","menu_order":0,"post_type":"autor","post_mime_type":"","comment_count":"0","filter":"raw"}]},"aioseo_notices":[],"_links":{"self":[{"href":"https:\/\/www.claret.cat\/es\/wp-json\/wp\/v2\/product\/948321","targetHints":{"allow":["GET"]}}],"collection":[{"href":"https:\/\/www.claret.cat\/es\/wp-json\/wp\/v2\/product"}],"about":[{"href":"https:\/\/www.claret.cat\/es\/wp-json\/wp\/v2\/types\/product"}],"wp:featuredmedia":[{"embeddable":true,"href":"https:\/\/www.claret.cat\/es\/wp-json\/wp\/v2\/media\/948322"}],"wp:attachment":[{"href":"https:\/\/www.claret.cat\/es\/wp-json\/wp\/v2\/media?parent=948321"}],"wp:term":[{"taxonomy":"product_brand","embeddable":true,"href":"https:\/\/www.claret.cat\/es\/wp-json\/wp\/v2\/product_brand?post=948321"},{"taxonomy":"product_cat","embeddable":true,"href":"https:\/\/www.claret.cat\/es\/wp-json\/wp\/v2\/product_cat?post=948321"},{"taxonomy":"product_tag","embeddable":true,"href":"https:\/\/www.claret.cat\/es\/wp-json\/wp\/v2\/product_tag?post=948321"}],"curies":[{"name":"wp","href":"https:\/\/api.w.org\/{rel}","templated":true}]}}

<p>En 2024 se cumplen cien años de la muerte de Franz Kafka (1883-1924), posiblemente el escritor que con mayor genialidad retrató la angustia, la incertidumbre y el absurdo que la llegada del siglo XX produjo en las vidas de los habitantes de Europa, testigos (y víctimas) de la transformación vertiginosa del mundo que conocían.<br /> De ello dan testimonio sus tres novelas, ofrecidas aquí reunidas en un estuche de dos volúmenes: El proceso -obra emblemática de lo kafkiano que se inicia con el arresto de Josef K. por una acusación que nunca llegará a conocer-, El castillo -en la que el célebre agrimensor K. se enfrenta al laberinto burocrático del poder- y El desaparecido -titulada América por Max Brod, la que a juicio del propio Kafka fue su novela más luminosa-.</p>
