{"id":948744,"date":"2024-01-24T12:15:25","date_gmt":"2024-01-24T11:15:25","guid":{"rendered":"https:\/\/www.claret.cat\/llibre\/ursula-i-adria-9788419150950\/"},"modified":"2024-05-24T11:22:24","modified_gmt":"2024-05-24T09:22:24","slug":"ursula-i-adria-9788419150950","status":"publish","type":"product","link":"https:\/\/www.claret.cat\/es\/libro\/ursula-i-adria-9788419150950\/","title":{"rendered":"\u00daRSULA I ADRI\u00c0"},"content":{"rendered":"<p>Dues vides com uns mots encreuats dif\u00edcils de resoldreL&#8217;\u00darsula \u00e9s una noia d&#8217;excel\u00b7lents, esportista, responsable i obsessionada a ser la millor. T\u00e9 una vida aparentment f\u00e0cil, feli\u00e7 i plena d&#8217;objectius que se suposa la satisfan. L&#8217;Adri\u00e0 \u00e9s tot el contrari: repetidor, dispers, ca\u00f2tic, impulsiu. Freq\u00fcenta males companyies i passa per una situaci\u00f3 familiar dif\u00edcil. Tots dos es coneixen una nit de festa, mentre esperen el bus nocturn, i comencen a sortir. Per\u00f2 una s\u00e8rie de circumst\u00e0ncies transcendents fan que l&#8217;\u00darsula descobreixi uns secrets de l&#8221;Adri\u00e0 massa foscos per continuar junts. I mentre dubta si denunciar el noi o no, al seu entorn sorgeixen noves mentides que la faran trontollar.<\/p>\n","protected":false},"excerpt":{"rendered":"<p>TORMO, RUTH<\/p>\n","protected":false},"featured_media":948894,"template":"","meta":{"_acf_changed":false,"om_disable_all_campaigns":false,"rs_blank_template":"","rs_page_bg_color":"","slide_template_v7":"","inline_featured_image":false,"_monsterinsights_skip_tracking":false,"_monsterinsights_sitenote_active":false,"_monsterinsights_sitenote_note":"","_monsterinsights_sitenote_category":0},"product_brand":[],"product_cat":[133,566,117,363],"product_tag":[],"class_list":{"0":"post-948744","1":"product","2":"type-product","3":"status-publish","4":"has-post-thumbnail","6":"product_cat-lectures-per-adolescents-12-18-anys","7":"product_cat-juvenil-3_infantil-juvenil-spa-spa","8":"product_cat-juvenil","9":"product_cat-lecturas-por-adolescentes-12-18-anos","11":"first","12":"instock","13":"taxable","14":"shipping-taxable","15":"purchasable","16":"product-type-simple"},"acf":{"autor":"TORMO, RUTH","codart":"841915095","libros-coleccion":"FORA DE COL.LECCI\u00d3","ediciones":"1","encuadernacion":"R\u00fastica","fecha_de_publicacion":"01\/01\/2024","novedad":"1","paginas":"256","subtitulo":"","orden":"0","portada":"0","idioma":"cat","editorial":[{"ID":6254,"post_author":"3","post_date":"2022-07-28 17:48:15","post_date_gmt":"2022-07-28 15:48:15","post_content":"","post_title":"FANBOOKS","post_excerpt":"","post_status":"publish","comment_status":"closed","ping_status":"closed","post_password":"","post_name":"fanbooks","to_ping":"","pinged":"","post_modified":"2022-07-28 17:48:15","post_modified_gmt":"2022-07-28 15:48:15","post_content_filtered":"","post_parent":0,"guid":"http:\/\/dev.claret.cat\/editorial\/fanbooks\/","menu_order":0,"post_type":"editorial","post_mime_type":"","comment_count":"0","filter":"raw"}],"autores-libros":[{"ID":168714,"post_author":"3","post_date":"2022-10-14 22:21:21","post_date_gmt":"2022-10-14 20:21:21","post_content":"","post_title":"RUTH TORMO","post_excerpt":"","post_status":"publish","comment_status":"closed","ping_status":"closed","post_password":"","post_name":"ruth-tormo","to_ping":"","pinged":"","post_modified":"2022-10-14 22:21:21","post_modified_gmt":"2022-10-14 20:21:21","post_content_filtered":"","post_parent":0,"guid":"http:\/\/dev.claret.cat\/autor\/ruth-tormo\/","menu_order":0,"post_type":"autor","post_mime_type":"","comment_count":"0","filter":"raw"}]},"aioseo_notices":[],"_links":{"self":[{"href":"https:\/\/www.claret.cat\/es\/wp-json\/wp\/v2\/product\/948744","targetHints":{"allow":["GET"]}}],"collection":[{"href":"https:\/\/www.claret.cat\/es\/wp-json\/wp\/v2\/product"}],"about":[{"href":"https:\/\/www.claret.cat\/es\/wp-json\/wp\/v2\/types\/product"}],"wp:featuredmedia":[{"embeddable":true,"href":"https:\/\/www.claret.cat\/es\/wp-json\/wp\/v2\/media\/948894"}],"wp:attachment":[{"href":"https:\/\/www.claret.cat\/es\/wp-json\/wp\/v2\/media?parent=948744"}],"wp:term":[{"taxonomy":"product_brand","embeddable":true,"href":"https:\/\/www.claret.cat\/es\/wp-json\/wp\/v2\/product_brand?post=948744"},{"taxonomy":"product_cat","embeddable":true,"href":"https:\/\/www.claret.cat\/es\/wp-json\/wp\/v2\/product_cat?post=948744"},{"taxonomy":"product_tag","embeddable":true,"href":"https:\/\/www.claret.cat\/es\/wp-json\/wp\/v2\/product_tag?post=948744"}],"curies":[{"name":"wp","href":"https:\/\/api.w.org\/{rel}","templated":true}]}}

ÚRSULA I ADRIÀ

<p>Dues vides com uns mots encreuats difícils de resoldreL&#8217;Úrsula és una noia d&#8217;excel·lents, esportista, responsable i obsessionada a ser la millor. Té una vida aparentment fàcil, feliç i plena d&#8217;objectius que se suposa la satisfan. L&#8217;Adrià és tot el contrari: repetidor, dispers, caòtic, impulsiu. Freqüenta males companyies i passa per una situació familiar difícil. Tots dos es coneixen una nit de festa, mentre esperen el bus nocturn, i comencen a sortir. Però una sèrie de circumstàncies transcendents fan que l&#8217;Úrsula descobreixi uns secrets de l&#8221;Adrià massa foscos per continuar junts. I mentre dubta si denunciar el noi o no, al seu entorn sorgeixen noves mentides que la faran trontollar.</p>

FORA DE COL.LECCIÓ

Rústica
