{"id":948836,"date":"2024-01-24T13:25:15","date_gmt":"2024-01-24T12:25:15","guid":{"rendered":"https:\/\/www.claret.cat\/llibre\/de-viaje-con-jesus-2-9788412477160\/"},"modified":"2025-11-22T13:52:21","modified_gmt":"2025-11-22T12:52:21","slug":"de-viaje-con-jesus-2-9788412477160","status":"publish","type":"product","link":"https:\/\/www.claret.cat\/es\/libro\/de-viaje-con-jesus-2-9788412477160\/","title":{"rendered":"DE VIAJE CON JES\u00daS 2"},"content":{"rendered":"<p>Estas 50 vi\u00f1etas breves componen la segunda entrega de las originales meditaciones de fray Arun de Madurai sobre la vida de Jes\u00fas, tal como la explica Mateo, el recaudador de impuestos que se convertir\u00e1 en uno de los doce ap\u00f3stoles y el escritor del primer Evangelio. Cada vi\u00f1eta arranca con un hecho actual, una an\u00e9cdota literaria o alguna tradici\u00f3n de alg\u00fan rinc\u00f3n del mundo, que despu\u00e9s liga con el fragmento correspondiente del Evangelio. Aparecen personajes diversos, desde Jimi Hendrix hasta Teresa de Calcuta, ilustrando y actualizando el mensaje del evangelio, a la vez que dan color y vida a la reflexi\u00f3n. Fray Arun usa material variad\u00edsimo para conectar las inquietudes y esperanzas de las personas del siglo XXI y la vida de Cristo. Una aproximaci\u00f3n moderna y desafiante.<\/p>\n<p> \u00abFray Arun se ha acercado a san Mateo desde la oraci\u00f3n y el respecto del disc\u00edpulo, con una lectura que tiene presente que detr\u00e1s de las palabras est\u00e1 la Palabra.\u00bb Manel Gasch Hurios, Abad de Montserrat.<\/p>\n<p> \u00abFra Arun s&#8221;ha apropat a sant Mateu des de la preg\u00e0ria i el respecte del deixeble, amb una lectura que t\u00e9 present que darrere de les paraules hi ha la Paraula.\u00bb Manel Gasch Hurios, Abat de Montserrat<\/p>\n","protected":false},"excerpt":{"rendered":"<p>DE MADURAI, FRAY ARUN<\/p>\n","protected":false},"featured_media":1067807,"template":"","meta":{"_acf_changed":false,"om_disable_all_campaigns":false,"rs_blank_template":"","rs_page_bg_color":"","slide_template_v7":"","inline_featured_image":false,"_monsterinsights_skip_tracking":false,"_monsterinsights_sitenote_active":false,"_monsterinsights_sitenote_note":"","_monsterinsights_sitenote_category":0},"product_brand":[],"product_cat":[487,234,202,463,464,203],"product_tag":[],"class_list":{"0":"post-948836","1":"product","2":"type-product","3":"status-publish","4":"has-post-thumbnail","6":"product_cat-cristocentrica-espiritualidad-1_espiritualidad","7":"product_cat-cristocentrica","8":"product_cat-introduccio-n-t","9":"product_cat-introduccion-n-t","10":"product_cat-sinopticos","11":"product_cat-sinoptics","13":"first","14":"instock","15":"taxable","16":"shipping-taxable","17":"purchasable","18":"product-type-simple"},"acf":{"autor":"DE MADURAI, FRAY ARUN","codart":"841247716","libros-coleccion":"FORA DE COL.LECCI\u00d3","ediciones":"1","encuadernacion":"R\u00fastica","fecha_de_publicacion":"01\/03\/2023","novedad":"1","paginas":"259","subtitulo":"SIGUIENDO LA LUZ DE CRISTO CON EL EVANGELIO DE SAN MATEO","orden":"0","portada":"0","idioma":"spa","editorial":[{"ID":6117,"post_author":"3","post_date":"2022-07-28 17:45:15","post_date_gmt":"2022-07-28 15:45:15","post_content":"","post_title":"Albada","post_excerpt":"","post_status":"publish","comment_status":"closed","ping_status":"closed","post_password":"","post_name":"albada","to_ping":"","pinged":"","post_modified":"2022-07-28 17:45:15","post_modified_gmt":"2022-07-28 15:45:15","post_content_filtered":"","post_parent":0,"guid":"http:\/\/dev.claret.cat\/editorial\/albada\/","menu_order":0,"post_type":"editorial","post_mime_type":"","comment_count":"0","filter":"raw"}],"autores-libros":[{"ID":948876,"post_author":"3","post_date":"2024-01-24 14:00:30","post_date_gmt":"2024-01-24 13:00:30","post_content":"","post_title":"FRAY ARUN DE MADURAI","post_excerpt":"","post_status":"publish","comment_status":"closed","ping_status":"closed","post_password":"","post_name":"fray-arun-de-madurai-2","to_ping":"","pinged":"","post_modified":"2024-01-24 14:00:30","post_modified_gmt":"2024-01-24 13:00:30","post_content_filtered":"","post_parent":0,"guid":"https:\/\/www.claret.cat\/autor\/fray-arun-de-madurai-2\/","menu_order":0,"post_type":"autor","post_mime_type":"","comment_count":"0","filter":"raw"}],"booktrailer":"","resenas":""},"aioseo_notices":[],"_links":{"self":[{"href":"https:\/\/www.claret.cat\/es\/wp-json\/wp\/v2\/product\/948836","targetHints":{"allow":["GET"]}}],"collection":[{"href":"https:\/\/www.claret.cat\/es\/wp-json\/wp\/v2\/product"}],"about":[{"href":"https:\/\/www.claret.cat\/es\/wp-json\/wp\/v2\/types\/product"}],"wp:featuredmedia":[{"embeddable":true,"href":"https:\/\/www.claret.cat\/es\/wp-json\/wp\/v2\/media\/1067807"}],"wp:attachment":[{"href":"https:\/\/www.claret.cat\/es\/wp-json\/wp\/v2\/media?parent=948836"}],"wp:term":[{"taxonomy":"product_brand","embeddable":true,"href":"https:\/\/www.claret.cat\/es\/wp-json\/wp\/v2\/product_brand?post=948836"},{"taxonomy":"product_cat","embeddable":true,"href":"https:\/\/www.claret.cat\/es\/wp-json\/wp\/v2\/product_cat?post=948836"},{"taxonomy":"product_tag","embeddable":true,"href":"https:\/\/www.claret.cat\/es\/wp-json\/wp\/v2\/product_tag?post=948836"}],"curies":[{"name":"wp","href":"https:\/\/api.w.org\/{rel}","templated":true}]}}

DE VIAJE CON JESÚS 2

<p>Estas 50 viñetas breves componen la segunda entrega de las originales meditaciones de fray Arun de Madurai sobre la vida de Jesús, tal como la explica Mateo, el recaudador de impuestos que se convertirá en uno de los doce apóstoles y el escritor del primer Evangelio. Cada viñeta arranca con un hecho actual, una anécdota literaria o alguna tradición de algún rincón del mundo, que después liga con el fragmento correspondiente del Evangelio. Aparecen personajes diversos, desde Jimi Hendrix hasta Teresa de Calcuta, ilustrando y actualizando el mensaje del evangelio, a la vez que dan color y vida a la reflexión. Fray Arun usa material variadísimo para conectar las inquietudes y esperanzas de las personas del siglo XXI y la vida de Cristo. Una aproximación moderna y desafiante.</p>
<p> «Fray Arun se ha acercado a san Mateo desde la oración y el respecto del discípulo, con una lectura que tiene presente que detrás de las palabras está la Palabra.» Manel Gasch Hurios, Abad de Montserrat.</p>
<p> «Fra Arun s&#8221;ha apropat a sant Mateu des de la pregària i el respecte del deixeble, amb una lectura que té present que darrere de les paraules hi ha la Paraula.» Manel Gasch Hurios, Abat de Montserrat</p>

FORA DE COL.LECCIÓ

Rústica
