{"id":948873,"date":"2024-01-24T13:46:05","date_gmt":"2024-01-24T12:46:05","guid":{"rendered":"https:\/\/www.claret.cat\/llibre\/conversacion-con-dios-9788487023996\/"},"modified":"2026-04-20T11:50:12","modified_gmt":"2026-04-20T09:50:12","slug":"conversacion-con-dios-9788487023996","status":"publish","type":"product","link":"https:\/\/www.claret.cat\/es\/libro\/conversacion-con-dios-9788487023996\/","title":{"rendered":"CONVERSACI\u00d3N CON DIOS"},"content":{"rendered":"<p>Conversaci\u00f3n con Dios es un acto de rebeld\u00eda &#8216;en una sociedad que me   quiere aislado y enfadado, una cultura que me dice que puedo ser      cualquier cosa pero que no me permite ser feliz con nada&#8217;, dice el autor, el guionista Oriol Jara. Tras el \u00e9xito de Diez razones para creer en Dios, del que se han hecho varias ediciones, Oriol comparte en este nuevo libro sus experiencias sobre la oraci\u00f3n y c\u00f3mo reza. &#8216;Una mirada abierta, receptiva, sensible y a veces inquietante sobre  las Escrituras y la manera en que Dios, utilizando la Biblia y el     Esp\u00edritu, nos ama, nos advierte y nos educa para ser cristianos       santos&#8217;. Oriol quiere &#8216;quiero compartir la gran alegr\u00eda que ha        supuesto reorientar del todo mi vida a partir de mi encuentro con     Dios. Decir que soy converso es una manera de decir que Dios se ha    dejado encontrar y que intento llevar una vida en la que El es        central&#8217;no es una fatalidad inexorable. Podemos reparar los v\u00a1nculos sociales, reconstruir los corderos comunes y liberar de la explotaci\u00f3n la tierra y las personas que viven. Podemos restablecer un hombre emancipado, que el<\/p>\n","protected":false},"excerpt":{"rendered":"<p>JARA, ORIOL<\/p>\n","protected":false},"featured_media":1082425,"template":"","meta":{"_acf_changed":false,"om_disable_all_campaigns":false,"rs_blank_template":"","rs_page_bg_color":"","slide_template_v7":"","inline_featured_image":false,"_monsterinsights_skip_tracking":false,"_monsterinsights_sitenote_active":false,"_monsterinsights_sitenote_note":"","_monsterinsights_sitenote_category":0},"product_brand":[],"product_cat":[485,232],"product_tag":[],"class_list":{"0":"post-948873","1":"product","2":"type-product","3":"status-publish","4":"has-post-thumbnail","6":"product_cat-autores-espiritualidad-1_espiritualidad","7":"product_cat-autors-espiritualitat","9":"first","10":"instock","11":"taxable","12":"shipping-taxable","13":"purchasable","14":"product-type-simple"},"acf":{"autor":"JARA, ORIOL","codart":"848702399","libros-coleccion":"Trayectos","ediciones":"1","encuadernacion":"R\u00fastica","fecha_de_publicacion":"01\/11\/2023","novedad":"1","paginas":"204","subtitulo":"","orden":"0","portada":"0","idioma":"spa","editorial":[{"ID":6117,"post_author":"3","post_date":"2022-07-28 17:45:15","post_date_gmt":"2022-07-28 15:45:15","post_content":"","post_title":"Albada","post_excerpt":"","post_status":"publish","comment_status":"closed","ping_status":"closed","post_password":"","post_name":"albada","to_ping":"","pinged":"","post_modified":"2022-07-28 17:45:15","post_modified_gmt":"2022-07-28 15:45:15","post_content_filtered":"","post_parent":0,"guid":"http:\/\/dev.claret.cat\/editorial\/albada\/","menu_order":0,"post_type":"editorial","post_mime_type":"","comment_count":"0","filter":"raw"}],"autores-libros":[{"ID":5904,"post_author":"3","post_date":"2022-07-28 17:33:59","post_date_gmt":"2022-07-28 15:33:59","post_content":"","post_title":"ORIOL JARA","post_excerpt":"","post_status":"publish","comment_status":"closed","ping_status":"closed","post_password":"","post_name":"oriol-jara","to_ping":"","pinged":"","post_modified":"2022-07-28 17:33:59","post_modified_gmt":"2022-07-28 15:33:59","post_content_filtered":"","post_parent":0,"guid":"http:\/\/dev.claret.cat\/autor\/oriol-jara\/","menu_order":0,"post_type":"autor","post_mime_type":"","comment_count":"0","filter":"raw"}],"booktrailer":"","resenas":""},"aioseo_notices":[],"_links":{"self":[{"href":"https:\/\/www.claret.cat\/es\/wp-json\/wp\/v2\/product\/948873","targetHints":{"allow":["GET"]}}],"collection":[{"href":"https:\/\/www.claret.cat\/es\/wp-json\/wp\/v2\/product"}],"about":[{"href":"https:\/\/www.claret.cat\/es\/wp-json\/wp\/v2\/types\/product"}],"wp:featuredmedia":[{"embeddable":true,"href":"https:\/\/www.claret.cat\/es\/wp-json\/wp\/v2\/media\/1082425"}],"wp:attachment":[{"href":"https:\/\/www.claret.cat\/es\/wp-json\/wp\/v2\/media?parent=948873"}],"wp:term":[{"taxonomy":"product_brand","embeddable":true,"href":"https:\/\/www.claret.cat\/es\/wp-json\/wp\/v2\/product_brand?post=948873"},{"taxonomy":"product_cat","embeddable":true,"href":"https:\/\/www.claret.cat\/es\/wp-json\/wp\/v2\/product_cat?post=948873"},{"taxonomy":"product_tag","embeddable":true,"href":"https:\/\/www.claret.cat\/es\/wp-json\/wp\/v2\/product_tag?post=948873"}],"curies":[{"name":"wp","href":"https:\/\/api.w.org\/{rel}","templated":true}]}}

CONVERSACIÓN CON DIOS

<p>Conversación con Dios es un acto de rebeldía &#8216;en una sociedad que me   quiere aislado y enfadado, una cultura que me dice que puedo ser      cualquier cosa pero que no me permite ser feliz con nada&#8217;, dice el autor, el guionista Oriol Jara. Tras el éxito de Diez razones para creer en Dios, del que se han hecho varias ediciones, Oriol comparte en este nuevo libro sus experiencias sobre la oración y cómo reza. &#8216;Una mirada abierta, receptiva, sensible y a veces inquietante sobre  las Escrituras y la manera en que Dios, utilizando la Biblia y el     Espíritu, nos ama, nos advierte y nos educa para ser cristianos       santos&#8217;. Oriol quiere &#8216;quiero compartir la gran alegría que ha        supuesto reorientar del todo mi vida a partir de mi encuentro con     Dios. Decir que soy converso es una manera de decir que Dios se ha    dejado encontrar y que intento llevar una vida en la que El es        central&#8217;no es una fatalidad inexorable. Podemos reparar los v¡nculos sociales, reconstruir los corderos comunes y liberar de la explotación la tierra y las personas que viven. Podemos restablecer un hombre emancipado, que el</p>

Rústica
