{"id":951161,"date":"2024-02-08T13:54:24","date_gmt":"2024-02-08T12:54:24","guid":{"rendered":"https:\/\/www.claret.cat\/llibre\/el-petit-princep-sota-les-estrelles-9788411506328\/"},"modified":"2026-02-03T16:25:06","modified_gmt":"2026-02-03T15:25:06","slug":"el-petit-princep-sota-les-estrelles-9788411506328","status":"publish","type":"product","link":"https:\/\/www.claret.cat\/es\/libro\/el-petit-princep-sota-les-estrelles-9788411506328\/","title":{"rendered":"EL PETIT PRINCEP SOTA LES ESTRELLES"},"content":{"rendered":"<p>Aquest \u00e9s un bonic llibre de roba per gaudir del fant\u00e0stic Univers de El Petit Pr\u00edncep ja amb els m\u00e9s petits.<\/p>\n<p>Es presenta en una capsa de cartr\u00f3 (sense pl\u00e0stic), amb una finestreta per poder veure la bonica coberta del llibre, amb un fetre cosit i el logo i el t\u00edtol brodats.<\/p>\n<p>El llibre consta de 8 p\u00e0gines de roba suaus, amb algunes de les cites m\u00e9s conegudes de El Petit Pr\u00edncep, acompanyades de les il\u00b7lustracions originals d&#8217;Antoine de Saint Exup\u00e9ry.<\/p>\n","protected":false},"excerpt":{"rendered":"<p>PANINI<\/p>\n","protected":false},"featured_media":951162,"template":"","meta":{"_acf_changed":false,"om_disable_all_campaigns":false,"rs_blank_template":"","rs_page_bg_color":"","slide_template_v7":"","inline_featured_image":false,"_monsterinsights_skip_tracking":false,"_monsterinsights_sitenote_active":false,"_monsterinsights_sitenote_note":"","_monsterinsights_sitenote_category":0},"product_brand":[],"product_cat":[131,361],"product_tag":[],"class_list":{"0":"post-951161","1":"product","2":"type-product","3":"status-publish","4":"has-post-thumbnail","6":"product_cat-contes-per-infants-0-6-anys","7":"product_cat-cuentos-para-ninos-0-6-anos","9":"first","10":"instock","11":"taxable","12":"shipping-taxable","13":"purchasable","14":"product-type-simple"},"acf":{"autor":"PANINI","codart":"841150632","libros-coleccion":"FORA DE COL.LECCI\u00d3","ediciones":"1","encuadernacion":"Carpeta","fecha_de_publicacion":"01\/01\/2024","novedad":"1","paginas":"1","subtitulo":"","orden":"0","portada":"0","idioma":"cat","editorial":[{"ID":148637,"post_author":"3","post_date":"2022-10-14 11:59:48","post_date_gmt":"2022-10-14 09:59:48","post_content":"","post_title":"PANINI FONDO","post_excerpt":"","post_status":"publish","comment_status":"closed","ping_status":"closed","post_password":"","post_name":"panini-fondo","to_ping":"","pinged":"","post_modified":"2022-10-14 11:59:48","post_modified_gmt":"2022-10-14 09:59:48","post_content_filtered":"","post_parent":0,"guid":"http:\/\/dev.claret.cat\/editorial\/panini-fondo\/","menu_order":0,"post_type":"editorial","post_mime_type":"","comment_count":"0","filter":"raw"}],"booktrailer":"","resenas":""},"aioseo_notices":[],"_links":{"self":[{"href":"https:\/\/www.claret.cat\/es\/wp-json\/wp\/v2\/product\/951161","targetHints":{"allow":["GET"]}}],"collection":[{"href":"https:\/\/www.claret.cat\/es\/wp-json\/wp\/v2\/product"}],"about":[{"href":"https:\/\/www.claret.cat\/es\/wp-json\/wp\/v2\/types\/product"}],"wp:featuredmedia":[{"embeddable":true,"href":"https:\/\/www.claret.cat\/es\/wp-json\/wp\/v2\/media\/951162"}],"wp:attachment":[{"href":"https:\/\/www.claret.cat\/es\/wp-json\/wp\/v2\/media?parent=951161"}],"wp:term":[{"taxonomy":"product_brand","embeddable":true,"href":"https:\/\/www.claret.cat\/es\/wp-json\/wp\/v2\/product_brand?post=951161"},{"taxonomy":"product_cat","embeddable":true,"href":"https:\/\/www.claret.cat\/es\/wp-json\/wp\/v2\/product_cat?post=951161"},{"taxonomy":"product_tag","embeddable":true,"href":"https:\/\/www.claret.cat\/es\/wp-json\/wp\/v2\/product_tag?post=951161"}],"curies":[{"name":"wp","href":"https:\/\/api.w.org\/{rel}","templated":true}]}}

<p>Aquest és un bonic llibre de roba per gaudir del fantàstic Univers de El Petit Príncep ja amb els més petits.</p>
<p>Es presenta en una capsa de cartró (sense plàstic), amb una finestreta per poder veure la bonica coberta del llibre, amb un fetre cosit i el logo i el títol brodats.</p>
<p>El llibre consta de 8 pàgines de roba suaus, amb algunes de les cites més conegudes de El Petit Príncep, acompanyades de les il·lustracions originals d&#8217;Antoine de Saint Exupéry.</p>

FORA DE COL.LECCIÓ
