{"id":951262,"date":"2024-02-09T11:50:41","date_gmt":"2024-02-09T10:50:41","guid":{"rendered":"https:\/\/www.claret.cat\/llibre\/salir-de-laberinto-9788419968067\/"},"modified":"2025-01-31T15:43:26","modified_gmt":"2025-01-31T14:43:26","slug":"salir-de-laberinto-9788419968067","status":"publish","type":"product","link":"https:\/\/www.claret.cat\/es\/libro\/salir-de-laberinto-9788419968067\/","title":{"rendered":"SALIR DE LABERINTO"},"content":{"rendered":"<p>Una gu\u00eda real para dar soluciones aut\u00e9nticas contra la ansiedad a los m\u00e1s j\u00f3venes.<\/p>\n<p>\u00bfNotas que hay algo que no funciona? \u00bfTe duele el pecho, te cuesta concentrarte o te pasas el d\u00eda d\u00e1ndole vueltas a las cosas? A menudo, las angustias de la adolescencia se convierten en problemas que no sabemos gestionar: ansiedad social, pensamientos obsesivos, presi\u00f3n acad\u00e9mica, problemas familiares\u2026 Todo va sumando e ignoramos la ansiedad hasta que se manifiesta de forma descontrolada. Cuando nos desborda, \u00bfc\u00f3mo podemos hacerle frente?. Con este libro, aprender\u00e1s a descifrar los mensajes que te env\u00eda tu cuerpo y respetar sus necesidades, valores y v\u00ednculos. Entender\u00e1s c\u00f3mo puedes convivir con las emociones (las agradables y las que no lo son tanto) y c\u00f3mo lidiar con los retos que la vida te presenta. Vuelve a vivir m\u00e1s despacio, con confianza, entendi\u00e9ndote y, sobre todo, am\u00e1ndote.<\/p>\n","protected":false},"excerpt":{"rendered":"<p>PANIZO (CAST), MARTA<\/p>\n","protected":false},"featured_media":951273,"template":"","meta":{"_acf_changed":false,"om_disable_all_campaigns":false,"rs_blank_template":"","rs_page_bg_color":"","slide_template_v7":"","inline_featured_image":false,"_monsterinsights_skip_tracking":false,"_monsterinsights_sitenote_active":false,"_monsterinsights_sitenote_note":"","_monsterinsights_sitenote_category":0},"product_brand":[],"product_cat":[133,137,425,363],"product_tag":[],"class_list":{"0":"post-951262","1":"product","2":"type-product","3":"status-publish","4":"has-post-thumbnail","6":"product_cat-lectures-per-adolescents-12-18-anys","7":"product_cat-escola-de-pares-infantil","8":"product_cat-escuela-de-padres","9":"product_cat-lecturas-por-adolescentes-12-18-anos","11":"first","12":"instock","13":"taxable","14":"shipping-taxable","15":"purchasable","16":"product-type-simple"},"acf":{"autor":"PANIZO (CAST), MARTA","codart":"841996806","libros-coleccion":"CASTELLANO","ediciones":"1","encuadernacion":"Carton\u00e9","fecha_de_publicacion":"01\/02\/2024","novedad":"1","paginas":"144","subtitulo":"UNA GU\u00cdA JOVEN PARA COMBATIR LA ANSIEDAD","orden":"0","portada":"0","idioma":"spa","editorial":[{"ID":413904,"post_author":"3","post_date":"2023-03-23 14:25:46","post_date_gmt":"2023-03-23 13:25:46","post_content":"","post_title":"Inuk","post_excerpt":"","post_status":"publish","comment_status":"closed","ping_status":"closed","post_password":"","post_name":"inuk","to_ping":"","pinged":"","post_modified":"2023-03-23 14:25:46","post_modified_gmt":"2023-03-23 13:25:46","post_content_filtered":"","post_parent":0,"guid":"https:\/\/www.claret.cat\/editorial\/inuk\/","menu_order":0,"post_type":"editorial","post_mime_type":"","comment_count":"0","filter":"raw"}]},"aioseo_notices":[],"_links":{"self":[{"href":"https:\/\/www.claret.cat\/es\/wp-json\/wp\/v2\/product\/951262","targetHints":{"allow":["GET"]}}],"collection":[{"href":"https:\/\/www.claret.cat\/es\/wp-json\/wp\/v2\/product"}],"about":[{"href":"https:\/\/www.claret.cat\/es\/wp-json\/wp\/v2\/types\/product"}],"wp:featuredmedia":[{"embeddable":true,"href":"https:\/\/www.claret.cat\/es\/wp-json\/wp\/v2\/media\/951273"}],"wp:attachment":[{"href":"https:\/\/www.claret.cat\/es\/wp-json\/wp\/v2\/media?parent=951262"}],"wp:term":[{"taxonomy":"product_brand","embeddable":true,"href":"https:\/\/www.claret.cat\/es\/wp-json\/wp\/v2\/product_brand?post=951262"},{"taxonomy":"product_cat","embeddable":true,"href":"https:\/\/www.claret.cat\/es\/wp-json\/wp\/v2\/product_cat?post=951262"},{"taxonomy":"product_tag","embeddable":true,"href":"https:\/\/www.claret.cat\/es\/wp-json\/wp\/v2\/product_tag?post=951262"}],"curies":[{"name":"wp","href":"https:\/\/api.w.org\/{rel}","templated":true}]}}

<p>Una guía real para dar soluciones auténticas contra la ansiedad a los más jóvenes.</p>
<p>¿Notas que hay algo que no funciona? ¿Te duele el pecho, te cuesta concentrarte o te pasas el día dándole vueltas a las cosas? A menudo, las angustias de la adolescencia se convierten en problemas que no sabemos gestionar: ansiedad social, pensamientos obsesivos, presión académica, problemas familiares… Todo va sumando e ignoramos la ansiedad hasta que se manifiesta de forma descontrolada. Cuando nos desborda, ¿cómo podemos hacerle frente?. Con este libro, aprenderás a descifrar los mensajes que te envía tu cuerpo y respetar sus necesidades, valores y vínculos. Entenderás cómo puedes convivir con las emociones (las agradables y las que no lo son tanto) y cómo lidiar con los retos que la vida te presenta. Vuelve a vivir más despacio, con confianza, entendiéndote y, sobre todo, amándote.</p>

Cartoné

UNA GUÍA JOVEN PARA COMBATIR LA ANSIEDAD
