{"id":951552,"date":"2024-02-13T11:15:38","date_gmt":"2024-02-13T10:15:38","guid":{"rendered":"https:\/\/www.claret.cat\/llibre\/la-dimension-humana-9788491365303\/"},"modified":"2026-04-23T12:10:37","modified_gmt":"2026-04-23T10:10:37","slug":"la-dimension-humana-9788491365303","status":"publish","type":"product","link":"https:\/\/www.claret.cat\/es\/libro\/la-dimension-humana-9788491365303\/","title":{"rendered":"LA DIMENSI\u00d3N HUMANA"},"content":{"rendered":"<p>Conocer la esencia de la persona humana es un <strong>constante deseo de la humanidad<\/strong>. Los diferentes marcos filos\u00f3ficos han buscado sus or\u00edgenes y su relaci\u00f3n con el universo y las deidades, estableciendo perspectivas que no siempre han hecho posible <strong>comprender al ser humano<\/strong> en su globalidad. La tradici\u00f3n hebrea en la <strong>Sagrada Escritura<\/strong> ha sido capaz de dimensionar a la persona en diversos \u00e1mbitos que explican su fisicidad, el pensamiento, sus sentimientos y la huella del esp\u00edritu. Esta dimensi\u00f3n plural que nos relatan los textos del <strong>Antiguo Testamento<\/strong> y que saboreamos en los Salmos parece talmente dibujada de la mano de la evoluci\u00f3n del propio cerebro humano, capaz de desplegar redes neuronales que las hacen factibles, y vislumbrando una <strong>concepci\u00f3n humana de cuatro dimensiones<\/strong>. Una perspectiva muy actual que nos aproxima a este ser humano por lo que se pregunta el salmista, <strong>\u00bfQu\u00e9 es el hombre para que te acuerdes de \u00e9l? (Sal 8,5)<\/strong>.&nbsp; <a href='https:\/\/www.claret.cat\/llibre\/la-dimensio-humana-9788491364658\/' rel='noopener noreferrer' target='_blank'>Disponible en catal\u00e1n<\/a><\/p>\n","protected":false},"excerpt":{"rendered":"<p>DURAN I NAVARRO, JAUME<\/p>\n","protected":false},"featured_media":984510,"template":"","meta":{"_acf_changed":false,"om_disable_all_campaigns":false,"rs_blank_template":"","rs_page_bg_color":"","slide_template_v7":"","inline_featured_image":false,"_monsterinsights_skip_tracking":false,"_monsterinsights_sitenote_active":false,"_monsterinsights_sitenote_note":"","_monsterinsights_sitenote_category":0},"product_brand":[],"product_cat":[509,279,581],"product_tag":[],"class_list":{"0":"post-951552","1":"product","2":"type-product","3":"status-publish","4":"has-post-thumbnail","6":"product_cat-antropologia-teologica-teologia-1_espiritualidad","7":"product_cat-antropologia-teologica","8":"product_cat-editorial-claret","10":"first","11":"instock","12":"taxable","13":"shipping-taxable","14":"purchasable","15":"product-type-simple"},"acf":{"autor":"DURAN I NAVARRO, JAUME","codart":"849136530","libros-coleccion":"","ediciones":"1","encuadernacion":"R\u00fastica","fecha_de_publicacion":"20\/02\/2024","novedad":"1","paginas":"312","subtitulo":"NEURONAS Y SALMOS ","orden":"0","portada":"1","idioma":"spa","booktrailer":"<iframe  width=\"949\" height=\"533\" src=\"https:\/\/www.youtube.com\/embed\/H2m54YDc7ME?si=Vjn1boZovBPDxO6s\" title=\"YouTube video player\" frameborder=\"0\" allow=\"accelerometer; autoplay; clipboard-write; encrypted-media; gyroscope; picture-in-picture; web-share\" allowfullscreen><\/iframe>","linkebook":"","ficha":"849136530_1708681684.pdf","muestra":"","precioebook":"0","presentacion":"<iframe width=\"949\" height=\"533\" src=\"https:\/\/www.youtube-nocookie.com\/embed\/1ToHR-1wpUI?si=QSaVW0VtVdLZlimp\" title=\"YouTube video player\" frameborder=\"0\" allow=\"accelerometer; autoplay; clipboard-write; encrypted-media; gyroscope; picture-in-picture; web-share\" referrerpolicy=\"strict-origin-when-cross-origin\" allowfullscreen><\/iframe>","resenas":"<p>Catalunya Religi\u00f3, 18\/03\/24<\/p>\n<p><a href=\"https:\/\/www.catalunyareligio.cat\/ca\/blog\/llibres-recomanats\/dimension-humana-311939\" rel=\"noopener noreferrer\" target=\"_blank\">https:\/\/www.catalunyareligio.cat\/ca\/blog\/llibres-recomanats\/dimension-humana-311939<\/a><\/p>\n<p><\/p>\n<p>Catalunya Cristiana (castell\u00e0), 01\/09\/2024<\/p>\n<p><a href=\"https:\/\/drive.google.com\/file\/d\/1FPCpchl7xr7jZipBCyWBVnE5BjpAoEfl\/view?usp=sharing\" rel=\"noopener noreferrer\" target=\"_blank\">https:\/\/drive.google.com\/file\/d\/1FPCpchl7xr7jZipBCyWBVnE5BjpAoEfl\/view?usp=sharing<\/a><\/p>\n","editorial":[{"ID":6158,"post_author":"3","post_date":"2022-07-28 17:46:08","post_date_gmt":"2022-07-28 15:46:08","post_content":"","post_title":"CLARET","post_excerpt":"","post_status":"publish","comment_status":"closed","ping_status":"closed","post_password":"","post_name":"claret","to_ping":"","pinged":"","post_modified":"2022-07-28 17:46:08","post_modified_gmt":"2022-07-28 15:46:08","post_content_filtered":"","post_parent":0,"guid":"http:\/\/dev.claret.cat\/editorial\/claret\/","menu_order":0,"post_type":"editorial","post_mime_type":"","comment_count":"0","filter":"raw"}],"autores-libros":[{"ID":384765,"post_author":"3","post_date":"2023-02-07 19:07:12","post_date_gmt":"2023-02-07 18:07:12","post_content":"Jaume Duran \u00e9s doctor en medicina, llicenciat en Ci\u00e8ncia Religiosa \u2013Teologia B\u00edblica, i doctor en\u00a0filosofia. M\u00e0ster en Bio\u00e8tica, \u00e9s\u00a0membre del Comit\u00e8 deontol\u00f2gic\u00a0del Col\u00b7legi Oficial de Metges de\u00a0Barcelona i combina la tasca gerencial d\u2019una entitat no lucrativa de serveis sanitaris i socials amb\u00a0la doc\u00e8ncia en diferents programes universitaris a\u00a0Catalunya.","post_title":"JAUME DURAN I NAVARRO","post_excerpt":"","post_status":"publish","comment_status":"closed","ping_status":"closed","post_password":"","post_name":"jaume-duran-i-navarro-3","to_ping":"","pinged":"","post_modified":"2024-02-14 12:42:48","post_modified_gmt":"2024-02-14 11:42:48","post_content_filtered":"","post_parent":0,"guid":"https:\/\/www.claret.cat\/autor\/jaume-duran-i-navarro-3\/","menu_order":0,"post_type":"autor","post_mime_type":"","comment_count":"0","filter":"raw"}],"traductores-libros":"","ilustradores-libros":"","formato":"","ebookportada":false,"recomendamos":"","mas_vendido":""},"aioseo_notices":[],"_links":{"self":[{"href":"https:\/\/www.claret.cat\/es\/wp-json\/wp\/v2\/product\/951552","targetHints":{"allow":["GET"]}}],"collection":[{"href":"https:\/\/www.claret.cat\/es\/wp-json\/wp\/v2\/product"}],"about":[{"href":"https:\/\/www.claret.cat\/es\/wp-json\/wp\/v2\/types\/product"}],"wp:featuredmedia":[{"embeddable":true,"href":"https:\/\/www.claret.cat\/es\/wp-json\/wp\/v2\/media\/984510"}],"wp:attachment":[{"href":"https:\/\/www.claret.cat\/es\/wp-json\/wp\/v2\/media?parent=951552"}],"wp:term":[{"taxonomy":"product_brand","embeddable":true,"href":"https:\/\/www.claret.cat\/es\/wp-json\/wp\/v2\/product_brand?post=951552"},{"taxonomy":"product_cat","embeddable":true,"href":"https:\/\/www.claret.cat\/es\/wp-json\/wp\/v2\/product_cat?post=951552"},{"taxonomy":"product_tag","embeddable":true,"href":"https:\/\/www.claret.cat\/es\/wp-json\/wp\/v2\/product_tag?post=951552"}],"curies":[{"name":"wp","href":"https:\/\/api.w.org\/{rel}","templated":true}]}}

LA DIMENSIÓN HUMANA

<p>Conocer la esencia de la persona humana es un <strong>constante deseo de la humanidad</strong>. Los diferentes marcos filosóficos han buscado sus orígenes y su relación con el universo y las deidades, estableciendo perspectivas que no siempre han hecho posible <strong>comprender al ser humano</strong> en su globalidad. La tradición hebrea en la <strong>Sagrada Escritura</strong> ha sido capaz de dimensionar a la persona en diversos ámbitos que explican su fisicidad, el pensamiento, sus sentimientos y la huella del espíritu. Esta dimensión plural que nos relatan los textos del <strong>Antiguo Testamento</strong> y que saboreamos en los Salmos parece talmente dibujada de la mano de la evolución del propio cerebro humano, capaz de desplegar redes neuronales que las hacen factibles, y vislumbrando una <strong>concepción humana de cuatro dimensiones</strong>. Una perspectiva muy actual que nos aproxima a este ser humano por lo que se pregunta el salmista, <strong>¿Qué es el hombre para que te acuerdes de él? (Sal 8,5)</strong>.&nbsp; <a href='https://www.claret.cat/llibre/la-dimensio-humana-9788491364658/' rel='noopener noreferrer' target='_blank'>Disponible en catalán</a></p>

Rústica

<p>Catalunya Religió, 18/03/24</p>
<p><a href="https://www.catalunyareligio.cat/ca/blog/llibres-recomanats/dimension-humana-311939" rel="noopener noreferrer" target="_blank">https://www.catalunyareligio.cat/ca/blog/llibres-recomanats/dimension-humana-311939</a></p>
<p></p>
<p>Catalunya Cristiana (castellà), 01/09/2024</p>
<p><a href="https://drive.google.com/file/d/1FPCpchl7xr7jZipBCyWBVnE5BjpAoEfl/view?usp=sharing" rel="noopener noreferrer" target="_blank">https://drive.google.com/file/d/1FPCpchl7xr7jZipBCyWBVnE5BjpAoEfl/view?usp=sharing</a></p>

Jaume Duran és doctor en medicina, llicenciat en Ciència Religiosa –Teologia Bíblica, i doctor en filosofia. Màster en Bioètica, és membre del Comitè deontològic del Col·legi Oficial de Metges de Barcelona i combina la tasca gerencial d’una entitat no lucrativa de serveis sanitaris i socials amb la docència en diferents programes universitaris a Catalunya.
