{"id":953020,"date":"2024-02-20T10:20:15","date_gmt":"2024-02-20T09:20:15","guid":{"rendered":"https:\/\/www.claret.cat\/llibre\/un-viatge-ple-de-pessigolles-9788491365297\/"},"modified":"2026-03-31T17:53:20","modified_gmt":"2026-03-31T15:53:20","slug":"un-viatge-ple-de-pessigolles-9788491365297","status":"publish","type":"product","link":"https:\/\/www.claret.cat\/es\/libro\/un-viatge-ple-de-pessigolles-9788491365297\/","title":{"rendered":"UN VIATGE PLE DE PESSIGOLLES"},"content":{"rendered":"<p>Tens a les teves mans un <strong>llibre singular<\/strong>, i que farem plegats: tu i nosaltres. Et convidem a dibuixar, pintar i posar-hi el final que m\u00e9s t\u2019agradi. Gaudeix molt amb aquestes pessigolles. La <strong>Queralt<\/strong>, amb la seva mare <strong>Marta<\/strong>, comen\u00e7a un gran viatge en tren. Durant el trajecte passaran per estacions de diversos colors, <strong>compartiran experi\u00e8ncies<\/strong> amb diferents viatgers i aprendran molt\u00edssimes coses. La seva mare, abans del viatge i perqu\u00e8 no s\u2019avorreixi, li ha comprat una <strong>llibreta i estris per escriure<\/strong>. La Queralt decideix fer un diari de tot el que veur\u00e0 i viur\u00e0 durant aquesta viv\u00e8ncia. A m\u00e9s a m\u00e9s, trobar\u00e0s un grapat de <strong>meditacions adre\u00e7ades a tu<\/strong>. <\/p>\n","protected":false},"excerpt":{"rendered":"<p>FORNS PUJOL, JOSEPA<\/p>\n","protected":false},"featured_media":984539,"template":"","meta":{"_acf_changed":false,"om_disable_all_campaigns":false,"rs_blank_template":"","rs_page_bg_color":"","slide_template_v7":"","inline_featured_image":false,"_monsterinsights_skip_tracking":false,"_monsterinsights_sitenote_active":false,"_monsterinsights_sitenote_note":"","_monsterinsights_sitenote_category":0},"product_brand":[],"product_cat":[131,132,361,581,227,389,362],"product_tag":[],"class_list":{"0":"post-953020","1":"product","2":"type-product","3":"status-publish","4":"has-post-thumbnail","6":"product_cat-contes-per-infants-0-6-anys","7":"product_cat-lectures-per-preadolescents-6-12-anys","8":"product_cat-cuentos-para-ninos-0-6-anos","9":"product_cat-editorial-claret","10":"product_cat-formacio","11":"product_cat-formacion","12":"product_cat-libros-preadolescentes-6-12-anos","14":"first","15":"instock","16":"taxable","17":"shipping-taxable","18":"purchasable","19":"product-type-simple"},"acf":{"autor":"FORNS PUJOL, JOSEPA","codart":"849136529","libros-coleccion":"","ediciones":"1","encuadernacion":"R\u00fastica","fecha_de_publicacion":"20\/02\/2024","novedad":"1","paginas":"60","subtitulo":"","orden":"1","portada":"1","idioma":"cat","booktrailer":"<iframe width=\"949\" height=\"533\" src=\"https:\/\/www.youtube.com\/embed\/FLkIrC7-6cs?si=pMdfGss5S4s7YSsG\" title=\"YouTube video player\" frameborder=\"0\" allow=\"accelerometer; autoplay; clipboard-write; encrypted-media; gyroscope; picture-in-picture; web-share\" allowfullscreen><\/iframe>","linkebook":"","ficha":"849136529_1708681640.pdf","muestra":"","precioebook":"0","presentacion":"","resenas":"<p>Catalunya Cristiana (catal\u00e0), 03\/03\/24<\/p>\n<p><a href=\"https:\/\/drive.google.com\/file\/d\/1nmw9o_Zqn1jCORLiKok76YpCNrR8PKfp\/view?usp=sharing\" rel=\"noopener noreferrer\" target=\"_blank\">https:\/\/drive.google.com\/file\/d\/1nmw9o_Zqn1jCORLiKok76YpCNrR8PKfp\/view?usp=sharing<\/a><\/p>\n<p><\/p>\n<p>Catalunya Cristiana (castell\u00e0), 03\/03\/24<\/p>\n<p><a href=\"https:\/\/drive.google.com\/file\/d\/1eJbS-PjkrDJV9ZuOb1VaEX0OmPmrT8oe\/view?usp=sharing\" rel=\"noopener noreferrer\" target=\"_blank\">https:\/\/drive.google.com\/file\/d\/1eJbS-PjkrDJV9ZuOb1VaEX0OmPmrT8oe\/view?usp=sharing<\/a><\/p>\n<p><\/p>\n<p>Catalunya Cristiana (catal\u00e0), 21\/04\/2024:<\/p>\n<p><a href=\"https:\/\/drive.google.com\/file\/d\/15cta1e3KxMjf2AgrulH0P3E0PO8-Jivr\/view?usp=sharing\" rel=\"noopener noreferrer\" target=\"_blank\">https:\/\/drive.google.com\/file\/d\/15cta1e3KxMjf2AgrulH0P3E0PO8-Jivr\/view?usp=sharing<\/a><\/p>\n<p><\/p>\n<p>Catalunya Cristiana (castell\u00e0), 21\/04\/2024:<\/p>\n<p><a href=\"https:\/\/drive.google.com\/file\/d\/1Y2QJ5AC1zj31gmN-V0P9iYxtInDpAOid\/view?usp=sharing\" rel=\"noopener noreferrer\" target=\"_blank\">https:\/\/drive.google.com\/file\/d\/1Y2QJ5AC1zj31gmN-V0P9iYxtInDpAOid\/view?usp=sharing<\/a><\/p>\n<p><\/p>\n","editorial":[{"ID":6158,"post_author":"3","post_date":"2022-07-28 17:46:08","post_date_gmt":"2022-07-28 15:46:08","post_content":"","post_title":"CLARET","post_excerpt":"","post_status":"publish","comment_status":"closed","ping_status":"closed","post_password":"","post_name":"claret","to_ping":"","pinged":"","post_modified":"2022-07-28 17:46:08","post_modified_gmt":"2022-07-28 15:46:08","post_content_filtered":"","post_parent":0,"guid":"http:\/\/dev.claret.cat\/editorial\/claret\/","menu_order":0,"post_type":"editorial","post_mime_type":"","comment_count":"0","filter":"raw"}],"autores-libros":[{"ID":5672,"post_author":"3","post_date":"2022-07-28 17:29:00","post_date_gmt":"2022-07-28 15:29:00","post_content":"Va estudiar Psicologia i Logop\u00e8dia. Durant prop de quaranta anys s\u2019ha dedicat a l\u2019Educaci\u00f3 Especial, treballant, estimant i educant, formant molts alumnes perqu\u00e8 fossin persones aut\u00f2nomes, solid\u00e0ries i joioses dins la societat, per preparar-los per un ofici i millorar la seva formaci\u00f3. Tamb\u00e9 ha dirigit els gabinets psicopedag\u00f2gics de dues escoles.\r\n\r\nJunt amb altres mestres, psic\u00f2legs i pedagogs, va crear un Centre dedicat a l\u2019Educaci\u00f3 Especial, amb programes de garantia social i d\u2019inserci\u00f3 laboral. \u00c9s autora dels llibres <em>Com reeducar: exercicis pr\u00e0ctics<\/em>, <em>Treballem i aprenem amb el cos<\/em>, <em>Reptes, amb motiu dels vinc-i-cinc anys de professi\u00f3<\/em>, i <em>Donant un xic de felicitat<\/em>.\r\n\r\nDespr\u00e9s de jubilar-se prematurament a causa d\u2019un ictus \u2013que va superar amb una gran for\u00e7a de voluntat i il\u00b7lusi\u00f3 per viure\u2013 ha fet xerrades explicant aquesta experi\u00e8ncia, i tamb\u00e9 sobre \u00abbenestar personal\u00bb i \u00abeines per gaudir de la saviesa\u00bb.","post_title":"JOSEPA FORNS PUJOL","post_excerpt":"","post_status":"publish","comment_status":"closed","ping_status":"closed","post_password":"","post_name":"josepa-forns-pujol","to_ping":"","pinged":"","post_modified":"2024-02-05 11:48:45","post_modified_gmt":"2024-02-05 10:48:45","post_content_filtered":"","post_parent":0,"guid":"http:\/\/dev.claret.cat\/autor\/josepa-forns-pujol\/","menu_order":0,"post_type":"autor","post_mime_type":"","comment_count":"0","filter":"raw"}]},"aioseo_notices":[],"_links":{"self":[{"href":"https:\/\/www.claret.cat\/es\/wp-json\/wp\/v2\/product\/953020","targetHints":{"allow":["GET"]}}],"collection":[{"href":"https:\/\/www.claret.cat\/es\/wp-json\/wp\/v2\/product"}],"about":[{"href":"https:\/\/www.claret.cat\/es\/wp-json\/wp\/v2\/types\/product"}],"wp:featuredmedia":[{"embeddable":true,"href":"https:\/\/www.claret.cat\/es\/wp-json\/wp\/v2\/media\/984539"}],"wp:attachment":[{"href":"https:\/\/www.claret.cat\/es\/wp-json\/wp\/v2\/media?parent=953020"}],"wp:term":[{"taxonomy":"product_brand","embeddable":true,"href":"https:\/\/www.claret.cat\/es\/wp-json\/wp\/v2\/product_brand?post=953020"},{"taxonomy":"product_cat","embeddable":true,"href":"https:\/\/www.claret.cat\/es\/wp-json\/wp\/v2\/product_cat?post=953020"},{"taxonomy":"product_tag","embeddable":true,"href":"https:\/\/www.claret.cat\/es\/wp-json\/wp\/v2\/product_tag?post=953020"}],"curies":[{"name":"wp","href":"https:\/\/api.w.org\/{rel}","templated":true}]}}

<p>Tens a les teves mans un <strong>llibre singular</strong>, i que farem plegats: tu i nosaltres. Et convidem a dibuixar, pintar i posar-hi el final que més t’agradi. Gaudeix molt amb aquestes pessigolles. La <strong>Queralt</strong>, amb la seva mare <strong>Marta</strong>, comença un gran viatge en tren. Durant el trajecte passaran per estacions de diversos colors, <strong>compartiran experiències</strong> amb diferents viatgers i aprendran moltíssimes coses. La seva mare, abans del viatge i perquè no s’avorreixi, li ha comprat una <strong>llibreta i estris per escriure</strong>. La Queralt decideix fer un diari de tot el que veurà i viurà durant aquesta vivència. A més a més, trobaràs un grapat de <strong>meditacions adreçades a tu</strong>. </p>

Rústica

<p>Catalunya Cristiana (català), 03/03/24</p>
<p><a href="https://drive.google.com/file/d/1nmw9o_Zqn1jCORLiKok76YpCNrR8PKfp/view?usp=sharing" rel="noopener noreferrer" target="_blank">https://drive.google.com/file/d/1nmw9o_Zqn1jCORLiKok76YpCNrR8PKfp/view?usp=sharing</a></p>
<p></p>
<p>Catalunya Cristiana (castellà), 03/03/24</p>
<p><a href="https://drive.google.com/file/d/1eJbS-PjkrDJV9ZuOb1VaEX0OmPmrT8oe/view?usp=sharing" rel="noopener noreferrer" target="_blank">https://drive.google.com/file/d/1eJbS-PjkrDJV9ZuOb1VaEX0OmPmrT8oe/view?usp=sharing</a></p>
<p></p>
<p>Catalunya Cristiana (català), 21/04/2024:</p>
<p><a href="https://drive.google.com/file/d/15cta1e3KxMjf2AgrulH0P3E0PO8-Jivr/view?usp=sharing" rel="noopener noreferrer" target="_blank">https://drive.google.com/file/d/15cta1e3KxMjf2AgrulH0P3E0PO8-Jivr/view?usp=sharing</a></p>
<p></p>
<p>Catalunya Cristiana (castellà), 21/04/2024:</p>
<p><a href="https://drive.google.com/file/d/1Y2QJ5AC1zj31gmN-V0P9iYxtInDpAOid/view?usp=sharing" rel="noopener noreferrer" target="_blank">https://drive.google.com/file/d/1Y2QJ5AC1zj31gmN-V0P9iYxtInDpAOid/view?usp=sharing</a></p>
<p></p>

Va estudiar Psicologia i Logopèdia. Durant prop de quaranta anys s’ha dedicat a l’Educació Especial, treballant, estimant i educant, formant molts alumnes perquè fossin persones autònomes, solidàries i joioses dins la societat, per preparar-los per un ofici i millorar la seva formació. També ha dirigit els gabinets psicopedagògics de dues escoles.

Junt amb altres mestres, psicòlegs i pedagogs, va crear un Centre dedicat a l’Educació Especial, amb programes de garantia social i d’inserció laboral. És autora dels llibres <em>Com reeducar: exercicis pràctics</em>, <em>Treballem i aprenem amb el cos</em>, <em>Reptes, amb motiu dels vinc-i-cinc anys de professió</em>, i <em>Donant un xic de felicitat</em>.

Després de jubilar-se prematurament a causa d’un ictus –que va superar amb una gran força de voluntat i il·lusió per viure– ha fet xerrades explicant aquesta experiència, i també sobre «benestar personal» i «eines per gaudir de la saviesa».
