{"id":953419,"date":"2024-02-21T10:35:43","date_gmt":"2024-02-21T09:35:43","guid":{"rendered":"https:\/\/www.claret.cat\/llibre\/vers-una-esglesia-mes-sinodal-9788491365334\/"},"modified":"2025-07-23T10:11:58","modified_gmt":"2025-07-23T08:11:58","slug":"vers-una-esglesia-mes-sinodal-9788491365334","status":"publish","type":"product","link":"https:\/\/www.claret.cat\/es\/libro\/vers-una-esglesia-mes-sinodal-9788491365334\/","title":{"rendered":"VERS UNA ESGL\u00c9SIA M\u00c9S SINODAL"},"content":{"rendered":"<p><strong>Qu\u00e8 significa realment una Esgl\u00e9sia sinodal?<\/strong> <\/p>\n<p>A<em>Vers una Esgl\u00e9sia m\u00e9s sinodal<\/em>, <a href='https:\/\/www.claret.cat\/cataleg\/?b=francesc+conesa' rel='noopener noreferrer' target='_blank'><strong>Francesc Conesa<\/strong><\/a><strong>, bisbe de Solsona<\/strong>, comparteix la seva experi\u00e8ncia com a membre de la <strong>XVI Assemblea del S\u00ednode dels Bisbes<\/strong>, sota el lema: <em>\u00abPer una Esgl\u00e9sia sinodal: comuni\u00f3, participaci\u00f3 i missi\u00f3\u00bb<\/em>. Aquest llibre ofereix una mirada privilegiada sobre aquest esdeveniment eclesial clau, aprofundint en el cam\u00ed sinodal com a proc\u00e9s d\u2019escolta i di\u00e0leg comunitari.<\/p>\n<p>En els primers cap\u00edtols, el bisbe Conesa explica la naturalesa del S\u00ednode com un <strong>proc\u00e9s participatiu<\/strong>, la implicaci\u00f3 de membres no bisbes i el <strong>m\u00e8tode de treball seguit<\/strong> durant l\u2019assemblea. Amb un llenguatge accessible, l\u2019autor comparteix detalls enriquidors sobre la seva viv\u00e8ncia i la import\u00e0ncia d\u2019aquesta transformaci\u00f3 dins l\u2019Esgl\u00e9sia.<\/p>\n<p>La segona part del llibre aborda els <strong>temes essencials<\/strong> tractats, basant-se en el <strong>document de S\u00edntesi<\/strong>, i ofereix pistes concretes per a la <strong>reflexi\u00f3 comunit\u00e0ria<\/strong> futura. <a href='https:\/\/www.claret.cat\/llibre\/hacia-una-iglesia-mas-sinodal-9788491365341\/?c=' rel='noopener noreferrer' target='_blank'>Disponible en castell\u00e0<\/a><\/p>\n","protected":false},"excerpt":{"rendered":"<p>CONESA FERRER, FRANCESC<\/p>\n","protected":false},"featured_media":995128,"template":"","meta":{"_acf_changed":false,"om_disable_all_campaigns":false,"rs_blank_template":"","rs_page_bg_color":"","slide_template_v7":"","inline_featured_image":false,"_monsterinsights_skip_tracking":false,"_monsterinsights_sitenote_active":false,"_monsterinsights_sitenote_note":"","_monsterinsights_sitenote_category":0},"product_brand":[],"product_cat":[307,511,283,581],"product_tag":[],"class_list":{"0":"post-953419","1":"product","2":"type-product","3":"status-publish","4":"has-post-thumbnail","6":"product_cat-catala","7":"product_cat-eclesiologia-teologia-1_espiritualidad","8":"product_cat-eclesiologia-teologia","9":"product_cat-editorial-claret","11":"first","12":"instock","13":"taxable","14":"shipping-taxable","15":"purchasable","16":"product-type-simple"},"acf":{"autor":"CONESA FERRER, FRANCESC","codart":"849136533","libros-coleccion":"","ediciones":"1","encuadernacion":"R\u00fastica","fecha_de_publicacion":"05\/03\/2024","novedad":"1","paginas":"98","subtitulo":"","orden":"1000","portada":"1","idioma":"cat","editorial":[{"ID":6158,"post_author":"3","post_date":"2022-07-28 17:46:08","post_date_gmt":"2022-07-28 15:46:08","post_content":"","post_title":"CLARET","post_excerpt":"","post_status":"publish","comment_status":"closed","ping_status":"closed","post_password":"","post_name":"claret","to_ping":"","pinged":"","post_modified":"2022-07-28 17:46:08","post_modified_gmt":"2022-07-28 15:46:08","post_content_filtered":"","post_parent":0,"guid":"http:\/\/dev.claret.cat\/editorial\/claret\/","menu_order":0,"post_type":"editorial","post_mime_type":"","comment_count":"0","filter":"raw"}],"booktrailer":"","linkebook":"","ficha":"849136533_1709549106.pdf","muestra":"","precioebook":"0","presentacion":"<iframe width=\"949\" height=\"433\" src=\"https:\/\/www.youtube.com\/embed\/jmTcaXKHRFA?si=bB3-iNSTN7h1zHpl\" title=\"YouTube video player\" frameborder=\"0\" allow=\"accelerometer; autoplay; clipboard-write; encrypted-media; gyroscope; picture-in-picture; web-share\" referrerpolicy=\"strict-origin-when-cross-origin\" allowfullscreen><\/iframe>","resenas":"<p>Religi\u00f3n Confidencial, 08\/03\/2024<\/p>\n<p><a href=\"https:\/\/religion.elconfidencialdigital.com\/articulo\/vaticano\/obispo-conesa-presidente\/20240308033331048747.html?utm_campaign=buenos-d-as-tu-bolet-n-diario-de-religi-n-confidencial&amp;utm_medium=email&amp;utm_edition=202403080600&amp;utm_source=newsletter \" rel=\"noopener noreferrer\" target=\"_blank\">https:\/\/religion.elconfidencialdigital.com\/articulo\/vaticano\/obispo-conesa-presidente\/20240308033331048747.html?utm_campaign=buenos-d-as-tu-bolet-n-diario-de-religi-n-confidencial&amp;utm_medium=email&amp;utm_edition=202403080600&amp;utm_source=newsletter <\/a><\/p>\n<p><\/p>\n<p>Catalunya Religi\u00f3, 11\/03\/24,<\/p>\n<p><a href=\"https:\/\/www.catalunyareligio.cat\/ca\/blog\/llibres-recomanats\/vers-esglesia-mes-sinodal-311765\" rel=\"noopener noreferrer\" target=\"_blank\">https:\/\/www.catalunyareligio.cat\/ca\/blog\/llibres-recomanats\/vers-esglesia-mes-sinodal-311765<\/a><\/p>\n<p><\/p>\n<p>Ag\u00e8ncia Flama, 14\/03\/2024<\/p>\n<p><a href=\"https:\/\/www.agenciaflama.cat\/al-sinode-es-deien-coses-molt-boniques-pero-ara-cal-que-tot-allo-penetri-a-lesglesia\/ \" rel=\"noopener noreferrer\" target=\"_blank\">https:\/\/www.agenciaflama.cat\/al-sinode-es-deien-coses-molt-boniques-pero-ara-cal-que-tot-allo-penetri-a-lesglesia\/ <\/a><\/p>\n<p><\/p>\n<p>Ag\u00e8ncia Flama, 22\/03\/24<\/p>\n<p><a href=\"https:\/\/www.agenciaflama.cat\/el-bisbe-francesc-conesa-presentara-el-seu-llibre-sobre-el-sinode-al-palau-episcopal-de-solsona\/\" rel=\"noopener noreferrer\" target=\"_blank\">https:\/\/www.agenciaflama.cat\/el-bisbe-francesc-conesa-presentara-el-seu-llibre-sobre-el-sinode-al-palau-episcopal-de-solsona\/<\/a><\/p>\n<p><\/p>\n<p>La Vanguardia, 24\/03\/24<\/p>\n<p><a href=\"https:\/\/drive.google.com\/file\/d\/1exvCNzKZ57ttgZLfqlXrvdWEnRJOL6ad\/view?usp=sharing\" rel=\"noopener noreferrer\" target=\"_blank\">https:\/\/drive.google.com\/file\/d\/1exvCNzKZ57ttgZLfqlXrvdWEnRJOL6ad\/view?usp=sharing<\/a><\/p>\n<p><\/p>\n<p>Naci\u00f3 Digital, 06\/03\/2024, <\/p>\n<p><a href=\"https:\/\/www.naciodigital.cat\/naciosolsona\/noticia\/43632\/editorial-claret-solsona-esglesia-sinodal-bisbe-solsona\" rel=\"noopener noreferrer\" target=\"_blank\">https:\/\/www.naciodigital.cat\/naciosolsona\/noticia\/43632\/editorial-claret-solsona-esglesia-sinodal-bisbe-solsona<\/a><\/p>\n<p><\/p>\n<p>Catalunya Religi\u00f3, 25\/03\/2024<\/p>\n<p><a href=\"https:\/\/www.catalunyareligio.cat\/ca\/nou-llibre-bisbe-conesa-vol-fer-arribar-missatge\" rel=\"noopener noreferrer\" target=\"_blank\">https:\/\/www.catalunyareligio.cat\/ca\/nou-llibre-bisbe-conesa-vol-fer-arribar-missatge<\/a><\/p>\n<p><\/p>\n<p>Catalunya Cristiana, 26\/03\/24<\/p>\n<p><a href=\"https:\/\/www.catalunyacristiana.cat\/francesc-conesa-bisbe-solsona-pare-sinodal-llibre\/\" rel=\"noopener noreferrer\" target=\"_blank\">https:\/\/www.catalunyacristiana.cat\/francesc-conesa-bisbe-solsona-pare-sinodal-llibre\/<\/a><\/p>\n<p><\/p>\n<p>Religi\u00f3n Digital, 26\/03\/24<\/p>\n<p><a href=\"https:\/\/www.religiondigital.org\/libros\/Monsenor-Conesa-presenta-Iglesia-sinodal_0_2655034473.html\" rel=\"noopener noreferrer\" target=\"_blank\">https:\/\/www.religiondigital.org\/libros\/Monsenor-Conesa-presenta-Iglesia-sinodal_0_2655034473.html<\/a><\/p>\n<p><\/p>\n<p>Naci\u00f3 Digital, 04\/03\/2024<\/p>\n<p><a href=\"https:\/\/www.naciodigital.cat\/naciosolsona\/noticia\/43619\/bisbe-solsona-llibre-sinode-\" rel=\"noopener noreferrer\" target=\"_blank\">https:\/\/www.naciodigital.cat\/naciosolsona\/noticia\/43619\/bisbe-solsona-llibre-sinode-<\/a><\/p>\n<p><\/p>\n<p>Catalunya Cristiana, 14\/04\/2024<\/p>\n<p><a href=\"https:\/\/drive.google.com\/file\/d\/1QGtKTmOrV1KuHrAOACs7TJ3OW8L6CiKE\/view?usp=sharing \" rel=\"noopener noreferrer\" target=\"_blank\">https:\/\/drive.google.com\/file\/d\/1QGtKTmOrV1KuHrAOACs7TJ3OW8L6CiKE\/view?usp=sharing <\/a><\/p>\n<p><\/p>\n<p>Ag\u00e8ncia Flama, 12\/04\/2024<\/p>\n<p><a href=\"https:\/\/www.agenciaflama.cat\/el-sinode-no-es-un-parlament-sino-un-espai-on-escoltar-els-altres-per-discernir-sobre-allo-que-es-millor-per-a-lesglesia\/\" rel=\"noopener noreferrer\" target=\"_blank\">https:\/\/www.agenciaflama.cat\/el-sinode-no-es-un-parlament-sino-un-espai-on-escoltar-els-altres-per-discernir-sobre-allo-que-es-millor-per-a-lesglesia\/<\/a><\/p>\n<p><\/p>\n<p>Catalunya Religi\u00f3, 13\/04\/2024<\/p>\n<p><a href=\"https:\/\/www.catalunyareligio.cat\/ca\/miriam-diez-bisbe-conesa-no-te-por-defugir-dels\" rel=\"noopener noreferrer\" target=\"_blank\">https:\/\/www.catalunyareligio.cat\/ca\/miriam-diez-bisbe-conesa-no-te-por-defugir-dels<\/a><\/p>\n<p><\/p>\n<p>Catalunya Cristiana, 17\/04\/2024<\/p>\n<p><a href=\"https:\/\/www.catalunyacristiana.cat\/presentacio-del-llibre-vers-una-esglesia-mes-sinodal\/\" rel=\"noopener noreferrer\" target=\"_blank\">https:\/\/www.catalunyacristiana.cat\/presentacio-del-llibre-vers-una-esglesia-mes-sinodal\/<\/a><\/p>\n<p><\/p>\n<p>El Bon Pastor &#8211; 02\/05\/2024<\/p>\n<p><a href=\"https:\/\/drive.google.com\/file\/d\/1aXI855dUbC5KBRnxaCS8eIXkuxWe7f99\/view?usp=sharing\" rel=\"noopener noreferrer\" target=\"_blank\">https:\/\/drive.google.com\/file\/d\/1aXI855dUbC5KBRnxaCS8eIXkuxWe7f99\/view?usp=sharing<\/a><\/p>\n<p><\/p>\n<p>Ag\u00e8ncia Flama, 16\/07\/2024<\/p>\n<p><a href=\"https:\/\/www.agenciaflama.cat\/lectures-estivals-espiritualitat-i-reflexio-per-al-cos-i-lanima\/\" rel=\"noopener noreferrer\" target=\"_blank\">https:\/\/www.agenciaflama.cat\/lectures-estivals-espiritualitat-i-reflexio-per-al-cos-i-lanima\/<\/a><\/p>\n<p><\/p>\n<p>Revista Serra d&#8217;Or, 02\/01\/2025<\/p>\n<p><a href=\"https:\/\/drive.google.com\/file\/d\/1pPwtByfSfZNvqx_J-zYC7O9h_y7EPJ0i\/view?usp=sharing\" rel=\"noopener noreferrer\" target=\"_blank\">https:\/\/drive.google.com\/file\/d\/1pPwtByfSfZNvqx_J-zYC7O9h_y7EPJ0i\/view?usp=sharing<\/a><\/p>\n","autores-libros":[{"ID":953805,"post_author":"3","post_date":"2024-02-23 09:40:16","post_date_gmt":"2024-02-23 08:40:16","post_content":"Francesc Conesa Ferrer \u00e9s actualment <strong>bisbe de Solsona<\/strong>. Despr\u00e9s d\u2019exercir com a vicari general a la Di\u00f2cesi d\u2019Oriola-Alacant i de rector a la Bas\u00edlica de Santa Maria d\u2019Elx, va ser nomenat bisbe de Menorca (2016). Ha estat professor de filosofia i teologia al Seminari d\u2019Oriola-Alacant (1992-2016) i a la Facultat de Teologia de la Universitat de Navarra (des de 1994).\r\n\r\n\u00c9s autor de diversos llibres i articles relacionats de manera especial amb la teologia de la fe (i la increen\u00e7a), la teologia de les religions i la filosofia anal\u00edtica.\u00a0 El 2023 va participar al S\u00ednode de Bisbes i va escriure <em><strong><a href=\"https:\/\/www.editorialclaret.cat\/producte\/vers-una-esglesia-mes-sinodal-9788491365334\/?c\">Vers una Esgl\u00e9sia m\u00e9s sinodal<\/a>.<\/strong><\/em>","post_title":"FRANCESC CONESA FERRER","post_excerpt":"","post_status":"publish","comment_status":"closed","ping_status":"closed","post_password":"","post_name":"francesc-conesa-ferrer","to_ping":"","pinged":"","post_modified":"2025-02-26 14:41:01","post_modified_gmt":"2025-02-26 13:41:01","post_content_filtered":"","post_parent":0,"guid":"https:\/\/www.claret.cat\/autor\/francesc-conesa-ferrer\/","menu_order":0,"post_type":"autor","post_mime_type":"","comment_count":"0","filter":"raw"}],"traductores-libros":"","ilustradores-libros":"","formato":"","ebookportada":false,"recomendamos":"","mas_vendido":""},"aioseo_notices":[],"_links":{"self":[{"href":"https:\/\/www.claret.cat\/es\/wp-json\/wp\/v2\/product\/953419","targetHints":{"allow":["GET"]}}],"collection":[{"href":"https:\/\/www.claret.cat\/es\/wp-json\/wp\/v2\/product"}],"about":[{"href":"https:\/\/www.claret.cat\/es\/wp-json\/wp\/v2\/types\/product"}],"wp:featuredmedia":[{"embeddable":true,"href":"https:\/\/www.claret.cat\/es\/wp-json\/wp\/v2\/media\/995128"}],"wp:attachment":[{"href":"https:\/\/www.claret.cat\/es\/wp-json\/wp\/v2\/media?parent=953419"}],"wp:term":[{"taxonomy":"product_brand","embeddable":true,"href":"https:\/\/www.claret.cat\/es\/wp-json\/wp\/v2\/product_brand?post=953419"},{"taxonomy":"product_cat","embeddable":true,"href":"https:\/\/www.claret.cat\/es\/wp-json\/wp\/v2\/product_cat?post=953419"},{"taxonomy":"product_tag","embeddable":true,"href":"https:\/\/www.claret.cat\/es\/wp-json\/wp\/v2\/product_tag?post=953419"}],"curies":[{"name":"wp","href":"https:\/\/api.w.org\/{rel}","templated":true}]}}

VERS UNA ESGLÉSIA MÉS SINODAL

<p><strong>Què significa realment una Església sinodal?</strong> </p>
<p>A<em>Vers una Església més sinodal</em>, <a href='https://www.claret.cat/cataleg/?b=francesc+conesa' rel='noopener noreferrer' target='_blank'><strong>Francesc Conesa</strong></a><strong>, bisbe de Solsona</strong>, comparteix la seva experiència com a membre de la <strong>XVI Assemblea del Sínode dels Bisbes</strong>, sota el lema: <em>«Per una Església sinodal: comunió, participació i missió»</em>. Aquest llibre ofereix una mirada privilegiada sobre aquest esdeveniment eclesial clau, aprofundint en el camí sinodal com a procés d’escolta i diàleg comunitari.</p>
<p>En els primers capítols, el bisbe Conesa explica la naturalesa del Sínode com un <strong>procés participatiu</strong>, la implicació de membres no bisbes i el <strong>mètode de treball seguit</strong> durant l’assemblea. Amb un llenguatge accessible, l’autor comparteix detalls enriquidors sobre la seva vivència i la importància d’aquesta transformació dins l’Església.</p>
<p>La segona part del llibre aborda els <strong>temes essencials</strong> tractats, basant-se en el <strong>document de Síntesi</strong>, i ofereix pistes concretes per a la <strong>reflexió comunitària</strong> futura. <a href='https://www.claret.cat/llibre/hacia-una-iglesia-mas-sinodal-9788491365341/?c=' rel='noopener noreferrer' target='_blank'>Disponible en castellà</a></p>

Rústica

<p>Religión Confidencial, 08/03/2024</p>
<p><a href="https://religion.elconfidencialdigital.com/articulo/vaticano/obispo-conesa-presidente/20240308033331048747.html?utm_campaign=buenos-d-as-tu-bolet-n-diario-de-religi-n-confidencial&amp;utm_medium=email&amp;utm_edition=202403080600&amp;utm_source=newsletter " rel="noopener noreferrer" target="_blank">https://religion.elconfidencialdigital.com/articulo/vaticano/obispo-conesa-presidente/20240308033331048747.html?utm_campaign=buenos-d-as-tu-bolet-n-diario-de-religi-n-confidencial&amp;utm_medium=email&amp;utm_edition=202403080600&amp;utm_source=newsletter </a></p>
<p></p>
<p>Catalunya Religió, 11/03/24,</p>
<p><a href="https://www.catalunyareligio.cat/ca/blog/llibres-recomanats/vers-esglesia-mes-sinodal-311765" rel="noopener noreferrer" target="_blank">https://www.catalunyareligio.cat/ca/blog/llibres-recomanats/vers-esglesia-mes-sinodal-311765</a></p>
<p></p>
<p>Agència Flama, 14/03/2024</p>
<p><a href="https://www.agenciaflama.cat/al-sinode-es-deien-coses-molt-boniques-pero-ara-cal-que-tot-allo-penetri-a-lesglesia/ " rel="noopener noreferrer" target="_blank">https://www.agenciaflama.cat/al-sinode-es-deien-coses-molt-boniques-pero-ara-cal-que-tot-allo-penetri-a-lesglesia/ </a></p>
<p></p>
<p>Agència Flama, 22/03/24</p>
<p><a href="https://www.agenciaflama.cat/el-bisbe-francesc-conesa-presentara-el-seu-llibre-sobre-el-sinode-al-palau-episcopal-de-solsona/" rel="noopener noreferrer" target="_blank">https://www.agenciaflama.cat/el-bisbe-francesc-conesa-presentara-el-seu-llibre-sobre-el-sinode-al-palau-episcopal-de-solsona/</a></p>
<p></p>
<p>La Vanguardia, 24/03/24</p>
<p><a href="https://drive.google.com/file/d/1exvCNzKZ57ttgZLfqlXrvdWEnRJOL6ad/view?usp=sharing" rel="noopener noreferrer" target="_blank">https://drive.google.com/file/d/1exvCNzKZ57ttgZLfqlXrvdWEnRJOL6ad/view?usp=sharing</a></p>
<p></p>
<p>Nació Digital, 06/03/2024, </p>
<p><a href="https://www.naciodigital.cat/naciosolsona/noticia/43632/editorial-claret-solsona-esglesia-sinodal-bisbe-solsona" rel="noopener noreferrer" target="_blank">https://www.naciodigital.cat/naciosolsona/noticia/43632/editorial-claret-solsona-esglesia-sinodal-bisbe-solsona</a></p>
<p></p>
<p>Catalunya Religió, 25/03/2024</p>
<p><a href="https://www.catalunyareligio.cat/ca/nou-llibre-bisbe-conesa-vol-fer-arribar-missatge" rel="noopener noreferrer" target="_blank">https://www.catalunyareligio.cat/ca/nou-llibre-bisbe-conesa-vol-fer-arribar-missatge</a></p>
<p></p>
<p>Catalunya Cristiana, 26/03/24</p>
<p><a href="https://www.catalunyacristiana.cat/francesc-conesa-bisbe-solsona-pare-sinodal-llibre/" rel="noopener noreferrer" target="_blank">https://www.catalunyacristiana.cat/francesc-conesa-bisbe-solsona-pare-sinodal-llibre/</a></p>
<p></p>
<p>Religión Digital, 26/03/24</p>
<p><a href="https://www.religiondigital.org/libros/Monsenor-Conesa-presenta-Iglesia-sinodal_0_2655034473.html" rel="noopener noreferrer" target="_blank">https://www.religiondigital.org/libros/Monsenor-Conesa-presenta-Iglesia-sinodal_0_2655034473.html</a></p>
<p></p>
<p>Nació Digital, 04/03/2024</p>
<p><a href="https://www.naciodigital.cat/naciosolsona/noticia/43619/bisbe-solsona-llibre-sinode-" rel="noopener noreferrer" target="_blank">https://www.naciodigital.cat/naciosolsona/noticia/43619/bisbe-solsona-llibre-sinode-</a></p>
<p></p>
<p>Catalunya Cristiana, 14/04/2024</p>
<p><a href="https://drive.google.com/file/d/1QGtKTmOrV1KuHrAOACs7TJ3OW8L6CiKE/view?usp=sharing " rel="noopener noreferrer" target="_blank">https://drive.google.com/file/d/1QGtKTmOrV1KuHrAOACs7TJ3OW8L6CiKE/view?usp=sharing </a></p>
<p></p>
<p>Agència Flama, 12/04/2024</p>
<p><a href="https://www.agenciaflama.cat/el-sinode-no-es-un-parlament-sino-un-espai-on-escoltar-els-altres-per-discernir-sobre-allo-que-es-millor-per-a-lesglesia/" rel="noopener noreferrer" target="_blank">https://www.agenciaflama.cat/el-sinode-no-es-un-parlament-sino-un-espai-on-escoltar-els-altres-per-discernir-sobre-allo-que-es-millor-per-a-lesglesia/</a></p>
<p></p>
<p>Catalunya Religió, 13/04/2024</p>
<p><a href="https://www.catalunyareligio.cat/ca/miriam-diez-bisbe-conesa-no-te-por-defugir-dels" rel="noopener noreferrer" target="_blank">https://www.catalunyareligio.cat/ca/miriam-diez-bisbe-conesa-no-te-por-defugir-dels</a></p>
<p></p>
<p>Catalunya Cristiana, 17/04/2024</p>
<p><a href="https://www.catalunyacristiana.cat/presentacio-del-llibre-vers-una-esglesia-mes-sinodal/" rel="noopener noreferrer" target="_blank">https://www.catalunyacristiana.cat/presentacio-del-llibre-vers-una-esglesia-mes-sinodal/</a></p>
<p></p>
<p>El Bon Pastor &#8211; 02/05/2024</p>
<p><a href="https://drive.google.com/file/d/1aXI855dUbC5KBRnxaCS8eIXkuxWe7f99/view?usp=sharing" rel="noopener noreferrer" target="_blank">https://drive.google.com/file/d/1aXI855dUbC5KBRnxaCS8eIXkuxWe7f99/view?usp=sharing</a></p>
<p></p>
<p>Agència Flama, 16/07/2024</p>
<p><a href="https://www.agenciaflama.cat/lectures-estivals-espiritualitat-i-reflexio-per-al-cos-i-lanima/" rel="noopener noreferrer" target="_blank">https://www.agenciaflama.cat/lectures-estivals-espiritualitat-i-reflexio-per-al-cos-i-lanima/</a></p>
<p></p>
<p>Revista Serra d&#8217;Or, 02/01/2025</p>
<p><a href="https://drive.google.com/file/d/1pPwtByfSfZNvqx_J-zYC7O9h_y7EPJ0i/view?usp=sharing" rel="noopener noreferrer" target="_blank">https://drive.google.com/file/d/1pPwtByfSfZNvqx_J-zYC7O9h_y7EPJ0i/view?usp=sharing</a></p>

Francesc Conesa Ferrer és actualment <strong>bisbe de Solsona</strong>. Després d’exercir com a vicari general a la Diòcesi d’Oriola-Alacant i de rector a la Basílica de Santa Maria d’Elx, va ser nomenat bisbe de Menorca (2016). Ha estat professor de filosofia i teologia al Seminari d’Oriola-Alacant (1992-2016) i a la Facultat de Teologia de la Universitat de Navarra (des de 1994).

És autor de diversos llibres i articles relacionats de manera especial amb la teologia de la fe (i la increença), la teologia de les religions i la filosofia analítica.  El 2023 va participar al Sínode de Bisbes i va escriure <em><strong><a href="https://www.editorialclaret.cat/producte/vers-una-esglesia-mes-sinodal-9788491365334/?c">Vers una Església més sinodal</a>.</strong></em>
