{"id":953440,"date":"2024-02-21T16:15:23","date_gmt":"2024-02-21T15:15:23","guid":{"rendered":"https:\/\/www.claret.cat\/llibre\/quaderns-concili-vatica-musica-i-liturgia-sc-112121-9788491656012\/"},"modified":"2026-04-09T13:25:20","modified_gmt":"2026-04-09T11:25:20","slug":"quaderns-concili-vatica-musica-i-liturgia-sc-112121-9788491656012","status":"publish","type":"product","link":"https:\/\/www.claret.cat\/es\/libro\/quaderns-concili-vatica-musica-i-liturgia-sc-112121-9788491656012\/","title":{"rendered":"QUADERNS CONCILI VATIC\u00c0 &#8211; M\u00daSICA I LIT\u00daRGIA (SC 112-121)"},"content":{"rendered":"<p><span>Aquest Quadern reflexiona sobre la&nbsp;<\/span><strong style='background-color: transparent'><em>m\u00fasica sagrada<\/em><\/strong><span>&nbsp;i el seu lloc en la celebraci\u00f3 lit\u00fargica. I ho fa tot comentant el cap\u00edtol VI de&nbsp;<\/span><strong style='background-color: transparent'><em>Sacrosanctum Concilium<\/em><\/strong><span>, que repr\u00e8n la cl\u00e0ssica afirmaci\u00f3 de sant Pius X: \u00abLa finalitat de la m\u00fasica sagrada \u00e9s la gl\u00f2ria de D\u00e9u i la santificaci\u00f3 dels fidels\u00bb. I fent-se ress\u00f2 dels diversos documents que van donar els pont\u00edfexs precedents a l\u2019Esgl\u00e9sia, inaugura una nova i significativa manera d\u2019entendre la m\u00fasica dins del culte div\u00ed.<\/span><\/p>\n","protected":false},"excerpt":{"rendered":"<p>FRISINA, MARCO<\/p>\n","protected":false},"featured_media":953441,"template":"","meta":{"_acf_changed":false,"om_disable_all_campaigns":false,"rs_blank_template":"","rs_page_bg_color":"","slide_template_v7":"","inline_featured_image":false,"_monsterinsights_skip_tracking":false,"_monsterinsights_sitenote_active":false,"_monsterinsights_sitenote_note":"","_monsterinsights_sitenote_category":0},"product_brand":[],"product_cat":[542,92],"product_tag":[],"class_list":{"0":"post-953440","1":"product","2":"type-product","3":"status-publish","4":"has-post-thumbnail","6":"product_cat-vida-religiosa-1_espiritualidad-spa","7":"product_cat-vida-religiosa","9":"first","10":"instock","11":"taxable","12":"shipping-taxable","13":"purchasable","14":"product-type-simple"},"acf":{"autor":"FRISINA, MARCO","codart":"849165601","libros-coleccion":"","ediciones":"1","encuadernacion":"R\u00fastica","fecha_de_publicacion":"20\/02\/2024","novedad":"1","paginas":"44","subtitulo":"","orden":"0","portada":"0","idioma":"cat","editorial":[{"ID":6172,"post_author":"3","post_date":"2022-07-28 17:46:27","post_date_gmt":"2022-07-28 15:46:27","post_content":"","post_title":"CPL","post_excerpt":"","post_status":"publish","comment_status":"closed","ping_status":"closed","post_password":"","post_name":"cpl","to_ping":"","pinged":"","post_modified":"2022-07-28 17:46:27","post_modified_gmt":"2022-07-28 15:46:27","post_content_filtered":"","post_parent":0,"guid":"http:\/\/dev.claret.cat\/editorial\/cpl\/","menu_order":0,"post_type":"editorial","post_mime_type":"","comment_count":"0","filter":"raw"}],"booktrailer":"","resenas":""},"aioseo_notices":[],"_links":{"self":[{"href":"https:\/\/www.claret.cat\/es\/wp-json\/wp\/v2\/product\/953440","targetHints":{"allow":["GET"]}}],"collection":[{"href":"https:\/\/www.claret.cat\/es\/wp-json\/wp\/v2\/product"}],"about":[{"href":"https:\/\/www.claret.cat\/es\/wp-json\/wp\/v2\/types\/product"}],"wp:featuredmedia":[{"embeddable":true,"href":"https:\/\/www.claret.cat\/es\/wp-json\/wp\/v2\/media\/953441"}],"wp:attachment":[{"href":"https:\/\/www.claret.cat\/es\/wp-json\/wp\/v2\/media?parent=953440"}],"wp:term":[{"taxonomy":"product_brand","embeddable":true,"href":"https:\/\/www.claret.cat\/es\/wp-json\/wp\/v2\/product_brand?post=953440"},{"taxonomy":"product_cat","embeddable":true,"href":"https:\/\/www.claret.cat\/es\/wp-json\/wp\/v2\/product_cat?post=953440"},{"taxonomy":"product_tag","embeddable":true,"href":"https:\/\/www.claret.cat\/es\/wp-json\/wp\/v2\/product_tag?post=953440"}],"curies":[{"name":"wp","href":"https:\/\/api.w.org\/{rel}","templated":true}]}}

QUADERNS CONCILI VATICÀ &#8211; MÚSICA I LITÚRGIA (SC 112-121)

<p><span>Aquest Quadern reflexiona sobre la&nbsp;</span><strong style='background-color: transparent'><em>música sagrada</em></strong><span>&nbsp;i el seu lloc en la celebració litúrgica. I ho fa tot comentant el capítol VI de&nbsp;</span><strong style='background-color: transparent'><em>Sacrosanctum Concilium</em></strong><span>, que reprèn la clàssica afirmació de sant Pius X: «La finalitat de la música sagrada és la glòria de Déu i la santificació dels fidels». I fent-se ressò dels diversos documents que van donar els pontífexs precedents a l’Església, inaugura una nova i significativa manera d’entendre la música dins del culte diví.</span></p>

Rústica
