{"id":954023,"date":"2024-02-27T14:10:16","date_gmt":"2024-02-27T13:10:16","guid":{"rendered":"https:\/\/www.claret.cat\/llibre\/comprender-y-tratar-la-verguenza-cronica-9788412757613\/"},"modified":"2024-02-27T16:06:08","modified_gmt":"2024-02-27T15:06:08","slug":"comprender-y-tratar-la-verguenza-cronica-9788412757613","status":"publish","type":"product","link":"https:\/\/www.claret.cat\/es\/libro\/comprender-y-tratar-la-verguenza-cronica-9788412757613\/","title":{"rendered":"COMPRENDER Y TRATAR LA VERG\u00dcENZA CR\u00d3NICA"},"content":{"rendered":"<p>La mayor\u00eda de los clientes habla sin reparo de sus problemas con el estr\u00e9s, la ansiedad y la depresi\u00f3n. Pero rara vez dicen que la verg\u00fcenza sea un problema y aun sin admitirlo, pueden vivir cada d\u00eda con sus efectos, especialmente aquellos que tienen un historial de trauma relacional.<\/p>\n<p> Esta primera edici\u00f3n en espa\u00f1ol, correspondiente a la segunda edici\u00f3n actualizada en ingl\u00e9s, es un texto esencial que ofrece un estudio cl\u00ednico exhaustivo de la verg\u00fcenza, la disociaci\u00f3n y el trauma relacional complejo. Abarca varios tipos de verg\u00fcenza, desde la verg\u00fcenza \u00e9tica hasta la verg\u00fcenza cr\u00f3nica estigmatizante. Adem\u00e1s, DeYoung incluye en su estudio la verg\u00fcenza negada del racismo sist\u00e9mico que perpet\u00faa la violencia contra los miembros marginados de la sociedad. Impresionante en su alcance, es una lectura obligada para todos los profesionales que trabajan para curar los patrones de verg\u00fcenza que han penetrado en las instituciones familiares y sociales durante generaciones. Un libro l\u00facido y compasivo que se centra en los desaf\u00edos m\u00e1s profundos de la pr\u00e1ctica cl\u00ednica.<\/p>\n","protected":false},"excerpt":{"rendered":"<p>DEYOUNG, PATRICIA<\/p>\n","protected":false},"featured_media":954115,"template":"","meta":{"_acf_changed":false,"om_disable_all_campaigns":false,"rs_blank_template":"","rs_page_bg_color":"","slide_template_v7":"","inline_featured_image":false,"_monsterinsights_skip_tracking":false,"_monsterinsights_sitenote_active":false,"_monsterinsights_sitenote_note":"","_monsterinsights_sitenote_category":0},"product_brand":[],"product_cat":[180,448],"product_tag":[],"class_list":{"0":"post-954023","1":"product","2":"type-product","3":"status-publish","4":"has-post-thumbnail","6":"product_cat-psiquiatria-i-psicoterapia","7":"product_cat-psiquiatria-y-psicoterapia","9":"first","10":"instock","11":"taxable","12":"shipping-taxable","13":"purchasable","14":"product-type-simple"},"acf":{"autor":"DEYOUNG, PATRICIA","codart":"841275761","libros-coleccion":"","ediciones":"1","encuadernacion":"R\u00fastica","fecha_de_publicacion":"01\/02\/2024","novedad":"1","paginas":"452","subtitulo":"SANAR EL TRAUMA RELACIONAL DEL HEMISFERIO DERECHO","orden":"0","portada":"0","idioma":"spa","editorial":[{"ID":147973,"post_author":"3","post_date":"2022-10-14 11:54:39","post_date_gmt":"2022-10-14 09:54:39","post_content":"","post_title":"EDITORIAL ELEFTHERIA SL","post_excerpt":"","post_status":"publish","comment_status":"closed","ping_status":"closed","post_password":"","post_name":"editorial-eleftheria-sl","to_ping":"","pinged":"","post_modified":"2022-10-14 11:54:39","post_modified_gmt":"2022-10-14 09:54:39","post_content_filtered":"","post_parent":0,"guid":"http:\/\/dev.claret.cat\/editorial\/editorial-eleftheria-sl\/","menu_order":0,"post_type":"editorial","post_mime_type":"","comment_count":"0","filter":"raw"}]},"aioseo_notices":[],"_links":{"self":[{"href":"https:\/\/www.claret.cat\/es\/wp-json\/wp\/v2\/product\/954023","targetHints":{"allow":["GET"]}}],"collection":[{"href":"https:\/\/www.claret.cat\/es\/wp-json\/wp\/v2\/product"}],"about":[{"href":"https:\/\/www.claret.cat\/es\/wp-json\/wp\/v2\/types\/product"}],"wp:featuredmedia":[{"embeddable":true,"href":"https:\/\/www.claret.cat\/es\/wp-json\/wp\/v2\/media\/954115"}],"wp:attachment":[{"href":"https:\/\/www.claret.cat\/es\/wp-json\/wp\/v2\/media?parent=954023"}],"wp:term":[{"taxonomy":"product_brand","embeddable":true,"href":"https:\/\/www.claret.cat\/es\/wp-json\/wp\/v2\/product_brand?post=954023"},{"taxonomy":"product_cat","embeddable":true,"href":"https:\/\/www.claret.cat\/es\/wp-json\/wp\/v2\/product_cat?post=954023"},{"taxonomy":"product_tag","embeddable":true,"href":"https:\/\/www.claret.cat\/es\/wp-json\/wp\/v2\/product_tag?post=954023"}],"curies":[{"name":"wp","href":"https:\/\/api.w.org\/{rel}","templated":true}]}}

COMPRENDER Y TRATAR LA VERGÜENZA CRÓNICA

<p>La mayoría de los clientes habla sin reparo de sus problemas con el estrés, la ansiedad y la depresión. Pero rara vez dicen que la vergüenza sea un problema y aun sin admitirlo, pueden vivir cada día con sus efectos, especialmente aquellos que tienen un historial de trauma relacional.</p>
<p> Esta primera edición en español, correspondiente a la segunda edición actualizada en inglés, es un texto esencial que ofrece un estudio clínico exhaustivo de la vergüenza, la disociación y el trauma relacional complejo. Abarca varios tipos de vergüenza, desde la vergüenza ética hasta la vergüenza crónica estigmatizante. Además, DeYoung incluye en su estudio la vergüenza negada del racismo sistémico que perpetúa la violencia contra los miembros marginados de la sociedad. Impresionante en su alcance, es una lectura obligada para todos los profesionales que trabajan para curar los patrones de vergüenza que han penetrado en las instituciones familiares y sociales durante generaciones. Un libro lúcido y compasivo que se centra en los desafíos más profundos de la práctica clínica.</p>

Rústica
