{"id":954531,"date":"2024-02-29T16:55:30","date_gmt":"2024-02-29T15:55:30","guid":{"rendered":"https:\/\/www.claret.cat\/llibre\/11m-pudo-evitarse-9788410107427\/"},"modified":"2024-03-03T10:22:34","modified_gmt":"2024-03-03T09:22:34","slug":"11m-pudo-evitarse-9788410107427","status":"publish","type":"product","link":"https:\/\/www.claret.cat\/es\/libro\/11m-pudo-evitarse-9788410107427\/","title":{"rendered":"11-M. PUDO EVITARSE"},"content":{"rendered":"<p>Se ha postergado demasiado tiempo una reflexi\u00f3n nacional serena y rigurosa sobre las circunstancias que permitieron a los terroristas del 11-M preparar y ejecutar los atentados en Madrid sin m\u00e1s impedimentos que el alcance de su voluntad y de sus habilidades, eludiendo todos los controles atribuibles a un sistema desarrollado y eficaz de lucha contra el terrorismo. Este libro de Fernando Reinares detalla, documenta y analiza al fin el conjunto de factores que explican c\u00f3mo fue posible la matanza en los trenes de Cercan\u00edas que ocasion\u00f3 192 muertos y m\u00e1s de 1.800 heridos. Desde el &#8221;efecto bumer\u00e1n&#8221; que ignoraron las unidades policiales hasta los entornos permisivos que beneficiaron a los terroristas, pasando por una legislaci\u00f3n inadecuada y un desatino judicial, por la descoordinaci\u00f3n y desconfianza entre los servicios de seguridad, por una agencia de inteligencia en proceso de adaptaci\u00f3n y por una cooperaci\u00f3n internacional decepcionante. Su conclusi\u00f3n: el 11-M pudo evitarse.<\/p>\n","protected":false},"excerpt":{"rendered":"<p>REINARES, FERNANDO<\/p>\n","protected":false},"featured_media":954673,"template":"","meta":{"_acf_changed":false,"om_disable_all_campaigns":false,"rs_blank_template":"","rs_page_bg_color":"","slide_template_v7":"","inline_featured_image":false,"_monsterinsights_skip_tracking":false,"_monsterinsights_sitenote_active":false,"_monsterinsights_sitenote_note":"","_monsterinsights_sitenote_category":0},"product_brand":[],"product_cat":[431,154],"product_tag":[],"class_list":{"0":"post-954531","1":"product","2":"type-product","3":"status-publish","4":"has-post-thumbnail","6":"product_cat-espana","7":"product_cat-espanaya","9":"first","10":"instock","11":"taxable","12":"shipping-taxable","13":"purchasable","14":"product-type-simple"},"acf":{"autor":"REINARES, FERNANDO","codart":"841010742","libros-coleccion":"Ensayo","ediciones":"1","encuadernacion":"R\u00fastica","fecha_de_publicacion":"01\/02\/2024","novedad":"1","paginas":"160","subtitulo":"","orden":"0","portada":"0","idioma":"spa","editorial":[{"ID":6260,"post_author":"3","post_date":"2022-07-28 17:48:23","post_date_gmt":"2022-07-28 15:48:23","post_content":"","post_title":"Galaxia Gutenberg","post_excerpt":"","post_status":"publish","comment_status":"closed","ping_status":"closed","post_password":"","post_name":"galaxia-gutenberg","to_ping":"","pinged":"","post_modified":"2022-07-28 17:48:23","post_modified_gmt":"2022-07-28 15:48:23","post_content_filtered":"","post_parent":0,"guid":"http:\/\/dev.claret.cat\/editorial\/galaxia-gutenberg\/","menu_order":0,"post_type":"editorial","post_mime_type":"","comment_count":"0","filter":"raw"}]},"aioseo_notices":[],"_links":{"self":[{"href":"https:\/\/www.claret.cat\/es\/wp-json\/wp\/v2\/product\/954531","targetHints":{"allow":["GET"]}}],"collection":[{"href":"https:\/\/www.claret.cat\/es\/wp-json\/wp\/v2\/product"}],"about":[{"href":"https:\/\/www.claret.cat\/es\/wp-json\/wp\/v2\/types\/product"}],"wp:featuredmedia":[{"embeddable":true,"href":"https:\/\/www.claret.cat\/es\/wp-json\/wp\/v2\/media\/954673"}],"wp:attachment":[{"href":"https:\/\/www.claret.cat\/es\/wp-json\/wp\/v2\/media?parent=954531"}],"wp:term":[{"taxonomy":"product_brand","embeddable":true,"href":"https:\/\/www.claret.cat\/es\/wp-json\/wp\/v2\/product_brand?post=954531"},{"taxonomy":"product_cat","embeddable":true,"href":"https:\/\/www.claret.cat\/es\/wp-json\/wp\/v2\/product_cat?post=954531"},{"taxonomy":"product_tag","embeddable":true,"href":"https:\/\/www.claret.cat\/es\/wp-json\/wp\/v2\/product_tag?post=954531"}],"curies":[{"name":"wp","href":"https:\/\/api.w.org\/{rel}","templated":true}]}}

<p>Se ha postergado demasiado tiempo una reflexión nacional serena y rigurosa sobre las circunstancias que permitieron a los terroristas del 11-M preparar y ejecutar los atentados en Madrid sin más impedimentos que el alcance de su voluntad y de sus habilidades, eludiendo todos los controles atribuibles a un sistema desarrollado y eficaz de lucha contra el terrorismo. Este libro de Fernando Reinares detalla, documenta y analiza al fin el conjunto de factores que explican cómo fue posible la matanza en los trenes de Cercanías que ocasionó 192 muertos y más de 1.800 heridos. Desde el &#8221;efecto bumerán&#8221; que ignoraron las unidades policiales hasta los entornos permisivos que beneficiaron a los terroristas, pasando por una legislación inadecuada y un desatino judicial, por la descoordinación y desconfianza entre los servicios de seguridad, por una agencia de inteligencia en proceso de adaptación y por una cooperación internacional decepcionante. Su conclusión: el 11-M pudo evitarse.</p>

Rústica
