{"id":955196,"date":"2024-03-05T17:05:24","date_gmt":"2024-03-05T16:05:24","guid":{"rendered":"https:\/\/www.claret.cat\/llibre\/la-esperanza-de-morir-9788432166693\/"},"modified":"2026-02-12T17:40:54","modified_gmt":"2026-02-12T16:40:54","slug":"la-esperanza-de-morir-9788432166693","status":"publish","type":"product","link":"https:\/\/www.claret.cat\/es\/libro\/la-esperanza-de-morir-9788432166693\/","title":{"rendered":"LA ESPERANZA DE MORIR"},"content":{"rendered":"<p>SCOTT HAHN ANALIZA TANTO LAS ESCRITURAS COMO LA ENSE\u00d1ANZA CAT\u00d3LICA Y NOS RECUERDA QUE NUESTROS CUERPOS HAN SIDO HECHOS POR UN DIOS QUE NOS AMA.<\/p>\n<p>Los cat\u00f3licos creen en la resurrecci\u00f3n del cuerpo, y as\u00ed lo profesan en el credo. Aprenden que enterrar a los muertos y rezar por ellos es una obra de misericordia. Los honran en su Liturgia mediante el Rito de la sepultura. Hacen todo esto, y m\u00e1s, porque cuando Jesucristo se encarn\u00f3, tambi\u00e9n otorg\u00f3 una gran dignidad al cuerpo.<\/p>\n<p><\/p>\n<p>La promesa de la resurrecci\u00f3n corporal pone de relieve la necesidad de un cuidado digno de nuestros cuerpos en la hora de la muerte. Scott Hahn analiza tanto las Escrituras como la ense\u00f1anza cat\u00f3lica y nos recuerda que nuestros cuerpos han sido hechos por un Dios que nos ama. Incluso en la muerte, esos cuerpos se\u00f1alan el misterio de nuestra salvaci\u00f3n.<\/p>\n","protected":false},"excerpt":{"rendered":"<p>HAHN, SCOTT<\/p>\n","protected":false},"featured_media":1083655,"template":"","meta":{"_acf_changed":false,"om_disable_all_campaigns":false,"rs_blank_template":"","rs_page_bg_color":"","slide_template_v7":"","inline_featured_image":false,"_monsterinsights_skip_tracking":false,"_monsterinsights_sitenote_active":false,"_monsterinsights_sitenote_note":"","_monsterinsights_sitenote_category":0},"product_brand":[],"product_cat":[416,281],"product_tag":[],"class_list":{"0":"post-955196","1":"product","2":"type-product","3":"status-publish","4":"has-post-thumbnail","6":"product_cat-escatologia-teologia-1_espiritualidad","7":"product_cat-escatologia","9":"first","10":"instock","11":"taxable","12":"shipping-taxable","13":"purchasable","14":"product-type-simple"},"acf":{"autor":"HAHN, SCOTT","codart":"843216669","libros-coleccion":"","ediciones":"1","encuadernacion":"R\u00fastica","fecha_de_publicacion":"05\/03\/2024","novedad":"1","paginas":"196","subtitulo":"EL SENTIDO CRISTIANO DE LA MUERTE Y RESURRECCI\u00d3N DEL CUERPO","orden":"0","portada":"1","idioma":"spa","editorial":[{"ID":6348,"post_author":"3","post_date":"2022-07-28 17:50:16","post_date_gmt":"2022-07-28 15:50:16","post_content":"","post_title":"Rialp","post_excerpt":"","post_status":"publish","comment_status":"closed","ping_status":"closed","post_password":"","post_name":"rialp","to_ping":"","pinged":"","post_modified":"2022-07-28 17:50:16","post_modified_gmt":"2022-07-28 15:50:16","post_content_filtered":"","post_parent":0,"guid":"http:\/\/dev.claret.cat\/editorial\/rialp\/","menu_order":0,"post_type":"editorial","post_mime_type":"","comment_count":"0","filter":"raw"}],"booktrailer":"","resenas":""},"aioseo_notices":[],"_links":{"self":[{"href":"https:\/\/www.claret.cat\/es\/wp-json\/wp\/v2\/product\/955196","targetHints":{"allow":["GET"]}}],"collection":[{"href":"https:\/\/www.claret.cat\/es\/wp-json\/wp\/v2\/product"}],"about":[{"href":"https:\/\/www.claret.cat\/es\/wp-json\/wp\/v2\/types\/product"}],"wp:featuredmedia":[{"embeddable":true,"href":"https:\/\/www.claret.cat\/es\/wp-json\/wp\/v2\/media\/1083655"}],"wp:attachment":[{"href":"https:\/\/www.claret.cat\/es\/wp-json\/wp\/v2\/media?parent=955196"}],"wp:term":[{"taxonomy":"product_brand","embeddable":true,"href":"https:\/\/www.claret.cat\/es\/wp-json\/wp\/v2\/product_brand?post=955196"},{"taxonomy":"product_cat","embeddable":true,"href":"https:\/\/www.claret.cat\/es\/wp-json\/wp\/v2\/product_cat?post=955196"},{"taxonomy":"product_tag","embeddable":true,"href":"https:\/\/www.claret.cat\/es\/wp-json\/wp\/v2\/product_tag?post=955196"}],"curies":[{"name":"wp","href":"https:\/\/api.w.org\/{rel}","templated":true}]}}

<p>SCOTT HAHN ANALIZA TANTO LAS ESCRITURAS COMO LA ENSEÑANZA CATÓLICA Y NOS RECUERDA QUE NUESTROS CUERPOS HAN SIDO HECHOS POR UN DIOS QUE NOS AMA.</p>
<p>Los católicos creen en la resurrección del cuerpo, y así lo profesan en el credo. Aprenden que enterrar a los muertos y rezar por ellos es una obra de misericordia. Los honran en su Liturgia mediante el Rito de la sepultura. Hacen todo esto, y más, porque cuando Jesucristo se encarnó, también otorgó una gran dignidad al cuerpo.</p>
<p></p>
<p>La promesa de la resurrección corporal pone de relieve la necesidad de un cuidado digno de nuestros cuerpos en la hora de la muerte. Scott Hahn analiza tanto las Escrituras como la enseñanza católica y nos recuerda que nuestros cuerpos han sido hechos por un Dios que nos ama. Incluso en la muerte, esos cuerpos señalan el misterio de nuestra salvación.</p>

Rústica

EL SENTIDO CRISTIANO DE LA MUERTE Y RESURRECCIÓN DEL CUERPO
