{"id":955525,"date":"2024-03-06T14:26:20","date_gmt":"2024-03-06T13:26:20","guid":{"rendered":"https:\/\/www.claret.cat\/llibre\/moztres-4-estrelles-de-la-tele-9788466157186\/"},"modified":"2026-01-04T11:35:12","modified_gmt":"2026-01-04T10:35:12","slug":"moztres-4-estrelles-de-la-tele-9788466157186","status":"publish","type":"product","link":"https:\/\/www.claret.cat\/es\/libro\/moztres-4-estrelles-de-la-tele-9788466157186\/","title":{"rendered":"MOZTRES 4. ESTRELLES DE LA TELE"},"content":{"rendered":"<p>El Mumus, el Tat\u00edn i la Gogo han descobert la televisi\u00f3, i hi han quedat totalment enganxats. Els agraden les pel\u00b7l\u00edcules, les s\u00e8ries, els programes&#8230; sobretot el del Ricky Rocks. Quan descobreixen que el Ricky far\u00e0 un programa al seu castell, es posen molt nerviosos, i a la Gogo se li escapa un esternut en el pitjor moment, i llavors tot s&#8221;embolica.\u00a0Una nova aventura dels fantasmes m\u00e9s divertits i menys terror\u00edfics de la hist\u00f2ria.<\/p>\n","protected":false},"excerpt":{"rendered":"<p>MA\u00d1AS ROMERO, PEDRO<\/p>\n","protected":false},"featured_media":955526,"template":"","meta":{"_acf_changed":false,"om_disable_all_campaigns":false,"rs_blank_template":"","rs_page_bg_color":"","slide_template_v7":"","inline_featured_image":false,"_monsterinsights_skip_tracking":false,"_monsterinsights_sitenote_active":false,"_monsterinsights_sitenote_note":"","_monsterinsights_sitenote_category":0},"product_brand":[],"product_cat":[131,132,361,362],"product_tag":[],"class_list":{"0":"post-955525","1":"product","2":"type-product","3":"status-publish","4":"has-post-thumbnail","6":"product_cat-contes-per-infants-0-6-anys","7":"product_cat-lectures-per-preadolescents-6-12-anys","8":"product_cat-cuentos-para-ninos-0-6-anos","9":"product_cat-libros-preadolescentes-6-12-anos","11":"first","12":"instock","13":"taxable","14":"shipping-taxable","15":"purchasable","16":"product-type-simple"},"acf":{"autor":"MA\u00d1AS ROMERO, PEDRO","codart":"846615718","libros-coleccion":"FORA DE COL.LECCI\u00d3","ediciones":"1","encuadernacion":"Carpeta","fecha_de_publicacion":"01\/03\/2024","novedad":"1","paginas":"118","subtitulo":"","orden":"0","portada":"0","idioma":"cat","editorial":[{"ID":147679,"post_author":"3","post_date":"2022-10-14 11:52:25","post_date_gmt":"2022-10-14 09:52:25","post_content":"","post_title":"CRUILLA \/SM-EDICIONS -VALENCIANO\/CATALAN","post_excerpt":"","post_status":"publish","comment_status":"closed","ping_status":"closed","post_password":"","post_name":"cruilla-sm-edicions-valenciano-catalan","to_ping":"","pinged":"","post_modified":"2022-10-14 11:52:25","post_modified_gmt":"2022-10-14 09:52:25","post_content_filtered":"","post_parent":0,"guid":"http:\/\/dev.claret.cat\/editorial\/cruilla-sm-edicions-valenciano-catalan\/","menu_order":0,"post_type":"editorial","post_mime_type":"","comment_count":"0","filter":"raw"}],"booktrailer":"","resenas":""},"aioseo_notices":[],"_links":{"self":[{"href":"https:\/\/www.claret.cat\/es\/wp-json\/wp\/v2\/product\/955525","targetHints":{"allow":["GET"]}}],"collection":[{"href":"https:\/\/www.claret.cat\/es\/wp-json\/wp\/v2\/product"}],"about":[{"href":"https:\/\/www.claret.cat\/es\/wp-json\/wp\/v2\/types\/product"}],"wp:featuredmedia":[{"embeddable":true,"href":"https:\/\/www.claret.cat\/es\/wp-json\/wp\/v2\/media\/955526"}],"wp:attachment":[{"href":"https:\/\/www.claret.cat\/es\/wp-json\/wp\/v2\/media?parent=955525"}],"wp:term":[{"taxonomy":"product_brand","embeddable":true,"href":"https:\/\/www.claret.cat\/es\/wp-json\/wp\/v2\/product_brand?post=955525"},{"taxonomy":"product_cat","embeddable":true,"href":"https:\/\/www.claret.cat\/es\/wp-json\/wp\/v2\/product_cat?post=955525"},{"taxonomy":"product_tag","embeddable":true,"href":"https:\/\/www.claret.cat\/es\/wp-json\/wp\/v2\/product_tag?post=955525"}],"curies":[{"name":"wp","href":"https:\/\/api.w.org\/{rel}","templated":true}]}}

<p>El Mumus, el Tatín i la Gogo han descobert la televisió, i hi han quedat totalment enganxats. Els agraden les pel·lícules, les sèries, els programes&#8230; sobretot el del Ricky Rocks. Quan descobreixen que el Ricky farà un programa al seu castell, es posen molt nerviosos, i a la Gogo se li escapa un esternut en el pitjor moment, i llavors tot s&#8221;embolica. Una nova aventura dels fantasmes més divertits i menys terrorífics de la història.</p>

<p>MAÑAS ROMERO, PEDRO</p>

MAÑAS ROMERO, PEDRO

FORA DE COL.LECCIÓ
