{"id":956238,"date":"2024-03-19T12:45:30","date_gmt":"2024-03-19T11:45:30","guid":{"rendered":"https:\/\/www.claret.cat\/llibre\/de-profesion-hermano-san-francisco-de-asis-9788428570930\/"},"modified":"2024-05-02T07:27:28","modified_gmt":"2024-05-02T05:27:28","slug":"de-profesion-hermano-san-francisco-de-asis-9788428570930","status":"publish","type":"product","link":"https:\/\/www.claret.cat\/es\/libro\/de-profesion-hermano-san-francisco-de-asis-9788428570930\/","title":{"rendered":"DE PROFESI\u00d3N, HERMANO :  SAN FRANCISCO DE AS\u00cdS"},"content":{"rendered":"<p><span>La vida de san Francisco de As\u00eds fue extraordinaria. Cristiano comprometido y joven rebelde, el fundador de la Orden Franciscana supo abrirse al regalo de Dios y del Evangelio poni\u00e9ndose al servicio de la gente, mostrando con su ejemplo c\u00f3mo vivir el Evangelio con compromiso, alegr\u00eda, entrega generosa y fraternidad. El Hno. Valent\u00edn Redondo se pone en la piel de san Francisco y, bas\u00e1ndose en una extensa bibliograf\u00eda y en sus escritos, relata en primera persona su existencia, haciendo que el lector descubra, como si fuera de primera mano, su legado, sus pensamientos y su testimonio.<\/span><\/p>\n","protected":false},"excerpt":{"rendered":"<p>REDONDO FUENTES, VALENT\u00cdN<\/p>\n","protected":false},"featured_media":956239,"template":"","meta":{"_acf_changed":false,"om_disable_all_campaigns":false,"rs_blank_template":"","rs_page_bg_color":"","slide_template_v7":"","inline_featured_image":false,"_monsterinsights_skip_tracking":false,"_monsterinsights_sitenote_active":false,"_monsterinsights_sitenote_note":"","_monsterinsights_sitenote_category":0},"product_brand":[],"product_cat":[243,493],"product_tag":[],"class_list":{"0":"post-956238","1":"product","2":"type-product","3":"status-publish","4":"has-post-thumbnail","6":"product_cat-franciscana","7":"product_cat-franciscana-espiritualidad-1_espiritualidad","9":"first","10":"instock","11":"taxable","12":"shipping-taxable","13":"purchasable","14":"product-type-simple"},"acf":{"autor":"REDONDO FUENTES, VALENT\u00cdN","codart":"842857093","libros-coleccion":"","ediciones":"1","encuadernacion":"R\u00fastica","fecha_de_publicacion":"12\/03\/2024","novedad":"1","paginas":"232","subtitulo":"SAN FRANCISCO DE AS\u00cdS","orden":"0","portada":"1","idioma":"spa","editorial":[{"ID":6356,"post_author":"3","post_date":"2022-07-28 17:50:26","post_date_gmt":"2022-07-28 15:50:26","post_content":"","post_title":"SAN PABLO COMUNICACI\u00d3N","post_excerpt":"","post_status":"publish","comment_status":"closed","ping_status":"closed","post_password":"","post_name":"san-pablo-comunicacion","to_ping":"","pinged":"","post_modified":"2022-07-28 17:50:26","post_modified_gmt":"2022-07-28 15:50:26","post_content_filtered":"","post_parent":0,"guid":"http:\/\/dev.claret.cat\/editorial\/san-pablo-comunicacion\/","menu_order":0,"post_type":"editorial","post_mime_type":"","comment_count":"0","filter":"raw"}]},"aioseo_notices":[],"_links":{"self":[{"href":"https:\/\/www.claret.cat\/es\/wp-json\/wp\/v2\/product\/956238","targetHints":{"allow":["GET"]}}],"collection":[{"href":"https:\/\/www.claret.cat\/es\/wp-json\/wp\/v2\/product"}],"about":[{"href":"https:\/\/www.claret.cat\/es\/wp-json\/wp\/v2\/types\/product"}],"wp:featuredmedia":[{"embeddable":true,"href":"https:\/\/www.claret.cat\/es\/wp-json\/wp\/v2\/media\/956239"}],"wp:attachment":[{"href":"https:\/\/www.claret.cat\/es\/wp-json\/wp\/v2\/media?parent=956238"}],"wp:term":[{"taxonomy":"product_brand","embeddable":true,"href":"https:\/\/www.claret.cat\/es\/wp-json\/wp\/v2\/product_brand?post=956238"},{"taxonomy":"product_cat","embeddable":true,"href":"https:\/\/www.claret.cat\/es\/wp-json\/wp\/v2\/product_cat?post=956238"},{"taxonomy":"product_tag","embeddable":true,"href":"https:\/\/www.claret.cat\/es\/wp-json\/wp\/v2\/product_tag?post=956238"}],"curies":[{"name":"wp","href":"https:\/\/api.w.org\/{rel}","templated":true}]}}

DE PROFESIÓN, HERMANO :  SAN FRANCISCO DE ASÍS

<p><span>La vida de san Francisco de Asís fue extraordinaria. Cristiano comprometido y joven rebelde, el fundador de la Orden Franciscana supo abrirse al regalo de Dios y del Evangelio poniéndose al servicio de la gente, mostrando con su ejemplo cómo vivir el Evangelio con compromiso, alegría, entrega generosa y fraternidad. El Hno. Valentín Redondo se pone en la piel de san Francisco y, basándose en una extensa bibliografía y en sus escritos, relata en primera persona su existencia, haciendo que el lector descubra, como si fuera de primera mano, su legado, sus pensamientos y su testimonio.</span></p>

<p>REDONDO FUENTES, VALENTÍN</p>

REDONDO FUENTES, VALENTÍN

Rústica

SAN FRANCISCO DE ASÍS

SAN PABLO COMUNICACIÓN
