{"id":956292,"date":"2024-03-19T12:50:44","date_gmt":"2024-03-19T11:50:44","guid":{"rendered":"https:\/\/www.claret.cat\/llibre\/ansietat-9788410013032\/"},"modified":"2024-03-19T12:50:55","modified_gmt":"2024-03-19T11:50:55","slug":"ansietat-9788410013032","status":"publish","type":"product","link":"https:\/\/www.claret.cat\/es\/libro\/ansietat-9788410013032\/","title":{"rendered":"ANSIETAT"},"content":{"rendered":"<p>Entendre b\u00e9 l&#8221;ansietat \u00e9s molt important, ja que con\u00e8ixer-la ens dona claus essencials per comprendre la vida humana i la seva evoluci\u00f3.<\/p>\n<p> L&#8221;ansietat \u00e9s aquesta companya poderosa que ens dona forces per moure&#8221;ns per la vida i tamb\u00e9 per defensar-nos enfront de reptes dif\u00edcils. Per\u00f2, a canvi, ens pot crear tensions, preocupacions i precaucions excessives, com ara ofegaments sobtats, sensacions d&#8221;angoixa, malestar en aglomeracions, dificultats per parlar amb els altres, evitaci\u00f3 d&#8221;espais oberts o tancats o evitaci\u00f3 de trucar per tel\u00e8fon a alg\u00fa, temors hipocondr\u00edaques, f\u00f2bies, anticipaci\u00f3 del pitjor, etc.<\/p>\n<p> En aquest llibre, l&#8221;ansietat s&#8221;enfoca des d&#8221;una perspectiva in\u00e8dita i original que reflecteix anys d&#8221;experi\u00e8ncia i d&#8221;investigaci\u00f3. Com algunes emocions, l&#8221;ansietat no t\u00e9 paraules, ja que consisteix en un ra\u00efm intens i ric de sensacions a les quals costa posar nom i explicar-les.  Precisament una de les grans riqueses i motius del llibre s\u00f3n les experi\u00e8ncies i aportacions de les persones que pateixen ansietat.<\/p>\n<p> A m\u00e9s, com si fos un estereograma (visi\u00f3 en 3D), el lector, quan s&#8221;endinsi en les p\u00e0gines d&#8221;aquesta obra, percebr\u00e0 una nova dimensi\u00f3 de relleu i profunditat, ja que a les tintes psicol\u00f2giques i ambientals abundants que cl\u00e0ssicament composen l&#8221;ansietat, s&#8221;afegeixen descobriments corporals intensos (i sorprenents), tant propis com poc coneguts fins ara.<\/p>\n","protected":false},"excerpt":{"rendered":"<p>BULBENA, ANTONIO<\/p>\n","protected":false},"featured_media":956293,"template":"","meta":{"_acf_changed":false,"om_disable_all_campaigns":false,"rs_blank_template":"","rs_page_bg_color":"","slide_template_v7":"","inline_featured_image":false,"_monsterinsights_skip_tracking":false,"_monsterinsights_sitenote_active":false,"_monsterinsights_sitenote_note":"","_monsterinsights_sitenote_category":0},"product_brand":[],"product_cat":[180,448],"product_tag":[],"class_list":{"0":"post-956292","1":"product","2":"type-product","3":"status-publish","4":"has-post-thumbnail","6":"product_cat-psiquiatria-i-psicoterapia","7":"product_cat-psiquiatria-y-psicoterapia","9":"first","10":"instock","11":"taxable","12":"shipping-taxable","13":"purchasable","14":"product-type-simple"},"acf":{"autor":"BULBENA, ANTONIO","codart":"841001303","libros-coleccion":"FORA DE COL.LECCI\u00d3","ediciones":"1","encuadernacion":"R\u00fastica","fecha_de_publicacion":"01\/03\/2024","novedad":"1","paginas":"246","subtitulo":"UNA IMMERSI\u00d3 R\u00c0PIDA","orden":"0","portada":"0","idioma":"spa"},"aioseo_notices":[],"_links":{"self":[{"href":"https:\/\/www.claret.cat\/es\/wp-json\/wp\/v2\/product\/956292","targetHints":{"allow":["GET"]}}],"collection":[{"href":"https:\/\/www.claret.cat\/es\/wp-json\/wp\/v2\/product"}],"about":[{"href":"https:\/\/www.claret.cat\/es\/wp-json\/wp\/v2\/types\/product"}],"wp:featuredmedia":[{"embeddable":true,"href":"https:\/\/www.claret.cat\/es\/wp-json\/wp\/v2\/media\/956293"}],"wp:attachment":[{"href":"https:\/\/www.claret.cat\/es\/wp-json\/wp\/v2\/media?parent=956292"}],"wp:term":[{"taxonomy":"product_brand","embeddable":true,"href":"https:\/\/www.claret.cat\/es\/wp-json\/wp\/v2\/product_brand?post=956292"},{"taxonomy":"product_cat","embeddable":true,"href":"https:\/\/www.claret.cat\/es\/wp-json\/wp\/v2\/product_cat?post=956292"},{"taxonomy":"product_tag","embeddable":true,"href":"https:\/\/www.claret.cat\/es\/wp-json\/wp\/v2\/product_tag?post=956292"}],"curies":[{"name":"wp","href":"https:\/\/api.w.org\/{rel}","templated":true}]}}

<p>Entendre bé l&#8221;ansietat és molt important, ja que conèixer-la ens dona claus essencials per comprendre la vida humana i la seva evolució.</p>
<p> L&#8221;ansietat és aquesta companya poderosa que ens dona forces per moure&#8221;ns per la vida i també per defensar-nos enfront de reptes difícils. Però, a canvi, ens pot crear tensions, preocupacions i precaucions excessives, com ara ofegaments sobtats, sensacions d&#8221;angoixa, malestar en aglomeracions, dificultats per parlar amb els altres, evitació d&#8221;espais oberts o tancats o evitació de trucar per telèfon a algú, temors hipocondríaques, fòbies, anticipació del pitjor, etc.</p>
<p> En aquest llibre, l&#8221;ansietat s&#8221;enfoca des d&#8221;una perspectiva inèdita i original que reflecteix anys d&#8221;experiència i d&#8221;investigació. Com algunes emocions, l&#8221;ansietat no té paraules, ja que consisteix en un raïm intens i ric de sensacions a les quals costa posar nom i explicar-les.  Precisament una de les grans riqueses i motius del llibre són les experiències i aportacions de les persones que pateixen ansietat.</p>
<p> A més, com si fos un estereograma (visió en 3D), el lector, quan s&#8221;endinsi en les pàgines d&#8221;aquesta obra, percebrà una nova dimensió de relleu i profunditat, ja que a les tintes psicològiques i ambientals abundants que clàssicament composen l&#8221;ansietat, s&#8221;afegeixen descobriments corporals intensos (i sorprenents), tant propis com poc coneguts fins ara.</p>

FORA DE COL.LECCIÓ

Rústica

UNA IMMERSIÓ RÀPIDA
