{"id":956520,"date":"2024-03-19T13:13:25","date_gmt":"2024-03-19T12:13:25","guid":{"rendered":"https:\/\/www.claret.cat\/llibre\/por-que-me-duele-la-cabeza-9788413443072\/"},"modified":"2025-01-27T14:05:23","modified_gmt":"2025-01-27T13:05:23","slug":"por-que-me-duele-la-cabeza-9788413443072","status":"publish","type":"product","link":"https:\/\/www.claret.cat\/es\/libro\/por-que-me-duele-la-cabeza-9788413443072\/","title":{"rendered":"\u00bfPOR QU\u00c9 ME DUELE LA CABEZA?"},"content":{"rendered":"<p>El dolor de cabeza no es nada nuevo. El ser humano lo ha padecido desde tiempos inmemoriales. En la Persia medieval se debat\u00eda intensamente sobre la manera de evitar y curar esta dolencia, e incluso grandes pensadores como Darwin sufrieron de migra\u00f1as, lo que le obligaba a pasar mucho tiempo en casa. Afortunadamente, hemos progresado desde entonces.<\/p>\n<p> En estas p\u00e1ginas encontrar\u00e1s informaci\u00f3n fundamental para entender las causas de tus cefaleas y c\u00f3mo tratarlas. Desde la migra\u00f1a cl\u00e1sica hasta el dolor sinusal, pasando por los dolores de cabeza tensionales, la neurocient\u00edfica Amanda Ellison nos gu\u00eda a trav\u00e9s de sus investigaciones y<br \/>experiencia personal para comprender esta enfermedad y averiguar su origen.<br \/> Repleto de consejos pr\u00e1cticos, este libro cuestiona la necesidad de recurrir directamente a los analg\u00e9sicos y nos muestra la importancia de escuchar lo que tu cuerpo intenta decirte para evitar esta molestia tan recurrente e incapacitante.<\/p>\n","protected":false},"excerpt":{"rendered":"<p>ELLISON, AMANDA<\/p>\n","protected":false},"featured_media":956521,"template":"","meta":{"_acf_changed":false,"om_disable_all_campaigns":false,"rs_blank_template":"","rs_page_bg_color":"","slide_template_v7":"","inline_featured_image":false,"_monsterinsights_skip_tracking":false,"_monsterinsights_sitenote_active":false,"_monsterinsights_sitenote_note":"","_monsterinsights_sitenote_category":0},"product_brand":[],"product_cat":[180,448],"product_tag":[],"class_list":{"0":"post-956520","1":"product","2":"type-product","3":"status-publish","4":"has-post-thumbnail","6":"product_cat-psiquiatria-i-psicoterapia","7":"product_cat-psiquiatria-y-psicoterapia","9":"first","10":"instock","11":"taxable","12":"shipping-taxable","13":"purchasable","14":"product-type-simple"},"acf":{"autor":"ELLISON, AMANDA","codart":"841344307","libros-coleccion":"FORA DE COL.LECCI\u00d3","ediciones":"1","encuadernacion":"R\u00fastica","fecha_de_publicacion":"01\/03\/2024","novedad":"1","paginas":"267","subtitulo":"LO QUE SE ESCONDE DETR\u00c1S DE LAS CEFALEAS","orden":"0","portada":"0","idioma":"spa","editorial":[{"ID":147400,"post_author":"3","post_date":"2022-10-14 11:50:17","post_date_gmt":"2022-10-14 09:50:17","post_content":"","post_title":"ALIENTA EDITORIAL","post_excerpt":"","post_status":"publish","comment_status":"closed","ping_status":"closed","post_password":"","post_name":"alienta-editorial","to_ping":"","pinged":"","post_modified":"2022-10-14 11:50:17","post_modified_gmt":"2022-10-14 09:50:17","post_content_filtered":"","post_parent":0,"guid":"http:\/\/dev.claret.cat\/editorial\/alienta-editorial\/","menu_order":0,"post_type":"editorial","post_mime_type":"","comment_count":"0","filter":"raw"}]},"aioseo_notices":[],"_links":{"self":[{"href":"https:\/\/www.claret.cat\/es\/wp-json\/wp\/v2\/product\/956520","targetHints":{"allow":["GET"]}}],"collection":[{"href":"https:\/\/www.claret.cat\/es\/wp-json\/wp\/v2\/product"}],"about":[{"href":"https:\/\/www.claret.cat\/es\/wp-json\/wp\/v2\/types\/product"}],"wp:featuredmedia":[{"embeddable":true,"href":"https:\/\/www.claret.cat\/es\/wp-json\/wp\/v2\/media\/956521"}],"wp:attachment":[{"href":"https:\/\/www.claret.cat\/es\/wp-json\/wp\/v2\/media?parent=956520"}],"wp:term":[{"taxonomy":"product_brand","embeddable":true,"href":"https:\/\/www.claret.cat\/es\/wp-json\/wp\/v2\/product_brand?post=956520"},{"taxonomy":"product_cat","embeddable":true,"href":"https:\/\/www.claret.cat\/es\/wp-json\/wp\/v2\/product_cat?post=956520"},{"taxonomy":"product_tag","embeddable":true,"href":"https:\/\/www.claret.cat\/es\/wp-json\/wp\/v2\/product_tag?post=956520"}],"curies":[{"name":"wp","href":"https:\/\/api.w.org\/{rel}","templated":true}]}}

¿POR QUÉ ME DUELE LA CABEZA?

<p>El dolor de cabeza no es nada nuevo. El ser humano lo ha padecido desde tiempos inmemoriales. En la Persia medieval se debatía intensamente sobre la manera de evitar y curar esta dolencia, e incluso grandes pensadores como Darwin sufrieron de migrañas, lo que le obligaba a pasar mucho tiempo en casa. Afortunadamente, hemos progresado desde entonces.</p>
<p> En estas páginas encontrarás información fundamental para entender las causas de tus cefaleas y cómo tratarlas. Desde la migraña clásica hasta el dolor sinusal, pasando por los dolores de cabeza tensionales, la neurocientífica Amanda Ellison nos guía a través de sus investigaciones y<br />experiencia personal para comprender esta enfermedad y averiguar su origen.<br /> Repleto de consejos prácticos, este libro cuestiona la necesidad de recurrir directamente a los analgésicos y nos muestra la importancia de escuchar lo que tu cuerpo intenta decirte para evitar esta molestia tan recurrente e incapacitante.</p>

FORA DE COL.LECCIÓ

Rústica

LO QUE SE ESCONDE DETRÁS DE LAS CEFALEAS
