{"id":957228,"date":"2024-03-19T14:23:03","date_gmt":"2024-03-19T13:23:03","guid":{"rendered":"https:\/\/www.claret.cat\/llibre\/lart-ensangonat-9788418680458\/"},"modified":"2024-04-23T18:56:51","modified_gmt":"2024-04-23T16:56:51","slug":"lart-ensangonat-9788418680458","status":"publish","type":"product","link":"https:\/\/www.claret.cat\/es\/libro\/lart-ensangonat-9788418680458\/","title":{"rendered":"L&#8217;ART ENSANGONAT"},"content":{"rendered":"<p>Aquest llibre \u00e9s un assaig sobre el saqueig d&#8217;art durant el per\u00edode nazi, quan Europa es va veure immersa en un terrible conflicte b\u00e8l\u00b7lic general. El llibre comen\u00e7a amb la justificaci\u00f3 d&#8217;aquest inter\u00e8s per l&#8217;art i la distinci\u00f3 que feia el r\u00e8gim entre art inspirat o bo i art degenerat, fruit del peculiar gust art\u00edstic de Hitler i de les tesis que va construir al seu voltant, g\u00e8nesi de les persecucions que emprendr\u00e0 el r\u00e8gim. El saqueig, que ser\u00e0 institucional, tindr\u00e0 tamb\u00e9 noms i cognoms concrets, des dels homes de G\u00f6ring a l&#8217;extensa xarxa de compradors i intermediaris i els llocs on van anar a parar aquestes obres. Per\u00f2, per comprendre el que va passar aquests anys cal tamb\u00e9 plantejar la reacci\u00f3 que van tenir els intel\u00b7lectuals i artistes europeus davant l&#8217;auge del nazisme a Europa i no nom\u00e9s a Alemanya o \u00c0ustria sin\u00f3, sobretot, a Fran\u00e7a, pa\u00eds que acollia als anys trenta l&#8217;elit cultural del continent. Els pa\u00efsos neutrals de la guerra tamb\u00e9 hi van participar, enriquint alguns personatges que van fer d&#8221;intermediaris. Cap\u00edtol especial mereix el rastre de l&#8217;art ensangonat a Espanya i Am\u00e8rica Llatina, aix\u00ed com al paper de Francesc Camb\u00f3 com a col\u00b7leccionista. El llibre tamb\u00e9 dedica un apartat a la destrucci\u00f3 de l&#8217;art religi\u00f3s a la zona republicana espanyola i les vies de sortida dels objectes confiscats. El llibre apunta tamb\u00e9 el paper de la Comissi\u00f3 Roberts i els programes aliats de recuperaci\u00f3 de l&#8217;espoli, aix\u00ed com una reflexi\u00f3 sobre el valor de l&#8217;art i la reparaci\u00f3 del dany.<\/p>\n","protected":false},"excerpt":{"rendered":"<p>SANTACANA, JOAN \/ SOCIAS, IMMA<\/p>\n","protected":false},"featured_media":957229,"template":"","meta":{"_acf_changed":false,"om_disable_all_campaigns":false,"rs_blank_template":"","rs_page_bg_color":"","slide_template_v7":"","inline_featured_image":false,"_monsterinsights_skip_tracking":false,"_monsterinsights_sitenote_active":false,"_monsterinsights_sitenote_note":"","_monsterinsights_sitenote_category":0},"product_brand":[],"product_cat":[368,151],"product_tag":[],"class_list":{"0":"post-957228","1":"product","2":"type-product","3":"status-publish","4":"has-post-thumbnail","6":"product_cat-contemporanea","7":"product_cat-contemporania","9":"first","10":"instock","11":"taxable","12":"shipping-taxable","13":"purchasable","14":"product-type-simple"},"acf":{"autor":"SANTACANA, JOAN \/ SOCIAS, IMMA","codart":"841868045","libros-coleccion":"","ediciones":"1","encuadernacion":"R\u00fastica","fecha_de_publicacion":"01\/02\/2024","novedad":"1","paginas":"160","subtitulo":"SAQUEJATS I SAQUEJADORS DURANT EL TERCER REICH","orden":"0","portada":"0","idioma":"cat","editorial":[{"ID":148345,"post_author":"3","post_date":"2022-10-14 11:57:31","post_date_gmt":"2022-10-14 09:57:31","post_content":"","post_title":"L\u00b4AVEN\u00c7","post_excerpt":"","post_status":"publish","comment_status":"closed","ping_status":"closed","post_password":"","post_name":"lavenc","to_ping":"","pinged":"","post_modified":"2022-10-14 11:57:31","post_modified_gmt":"2022-10-14 09:57:31","post_content_filtered":"","post_parent":0,"guid":"http:\/\/dev.claret.cat\/editorial\/lavenc\/","menu_order":0,"post_type":"editorial","post_mime_type":"","comment_count":"0","filter":"raw"}]},"aioseo_notices":[],"_links":{"self":[{"href":"https:\/\/www.claret.cat\/es\/wp-json\/wp\/v2\/product\/957228","targetHints":{"allow":["GET"]}}],"collection":[{"href":"https:\/\/www.claret.cat\/es\/wp-json\/wp\/v2\/product"}],"about":[{"href":"https:\/\/www.claret.cat\/es\/wp-json\/wp\/v2\/types\/product"}],"wp:featuredmedia":[{"embeddable":true,"href":"https:\/\/www.claret.cat\/es\/wp-json\/wp\/v2\/media\/957229"}],"wp:attachment":[{"href":"https:\/\/www.claret.cat\/es\/wp-json\/wp\/v2\/media?parent=957228"}],"wp:term":[{"taxonomy":"product_brand","embeddable":true,"href":"https:\/\/www.claret.cat\/es\/wp-json\/wp\/v2\/product_brand?post=957228"},{"taxonomy":"product_cat","embeddable":true,"href":"https:\/\/www.claret.cat\/es\/wp-json\/wp\/v2\/product_cat?post=957228"},{"taxonomy":"product_tag","embeddable":true,"href":"https:\/\/www.claret.cat\/es\/wp-json\/wp\/v2\/product_tag?post=957228"}],"curies":[{"name":"wp","href":"https:\/\/api.w.org\/{rel}","templated":true}]}}

<p>Aquest llibre és un assaig sobre el saqueig d&#8217;art durant el període nazi, quan Europa es va veure immersa en un terrible conflicte bèl·lic general. El llibre comença amb la justificació d&#8217;aquest interès per l&#8217;art i la distinció que feia el règim entre art inspirat o bo i art degenerat, fruit del peculiar gust artístic de Hitler i de les tesis que va construir al seu voltant, gènesi de les persecucions que emprendrà el règim. El saqueig, que serà institucional, tindrà també noms i cognoms concrets, des dels homes de Göring a l&#8217;extensa xarxa de compradors i intermediaris i els llocs on van anar a parar aquestes obres. Però, per comprendre el que va passar aquests anys cal també plantejar la reacció que van tenir els intel·lectuals i artistes europeus davant l&#8217;auge del nazisme a Europa i no només a Alemanya o Àustria sinó, sobretot, a França, país que acollia als anys trenta l&#8217;elit cultural del continent. Els països neutrals de la guerra també hi van participar, enriquint alguns personatges que van fer d&#8221;intermediaris. Capítol especial mereix el rastre de l&#8217;art ensangonat a Espanya i Amèrica Llatina, així com al paper de Francesc Cambó com a col·leccionista. El llibre també dedica un apartat a la destrucció de l&#8217;art religiós a la zona republicana espanyola i les vies de sortida dels objectes confiscats. El llibre apunta també el paper de la Comissió Roberts i els programes aliats de recuperació de l&#8217;espoli, així com una reflexió sobre el valor de l&#8217;art i la reparació del dany.</p>

Rústica

L´AVENÇ
