{"id":95829,"date":"2022-10-12T06:49:49","date_gmt":"2022-10-12T04:49:49","guid":{"rendered":"http:\/\/dev.claret.cat\/producte\/la-conquesta-de-valencia\/"},"modified":"2023-05-12T14:25:09","modified_gmt":"2023-05-12T12:25:09","slug":"la-conquesta-de-valencia-9788417497873","status":"publish","type":"product","link":"https:\/\/www.claret.cat\/es\/libro\/la-conquesta-de-valencia-9788417497873\/","title":{"rendered":"LA CONQUESTA DE VAL\u00c8NCIA"},"content":{"rendered":"<p>Jaume I dirig\u00ed l&#8221;elaboraci\u00f3 de la seua autobiografia, ajudat per redactors an\u00f2nims, donant-los instruccions, dictant, corregint; i aix\u00ed podem con\u00e9ixer de primera m\u00e0, narrada pel protagonista principal, la perip\u00e8cia pol\u00edtica i militar que va ser la conquesta i la conformaci\u00f3 del regne de Val\u00e8ncia, amb una precisi\u00f3 en els detalls, amb un joc d&#8221;interessos i d&#8221;intencions, amb una intensitat emotiva i amb una autenticitat que no hauria pogut reconstruir l&#8221;historiador.<\/p>\n<p> Jaume I d&#8221;Arag\u00f3, el Conqueridor, (Montpeller, 1208 \u2013 Alzira, 1276), durant el seu llarg regnat va incorporar als seus dominis els regnes de Mallorca i Val\u00e8ncia. Conscient de la import\u00e0ncia de les seues accions va voler deixar const\u00e0ncia del seu llegat en un text autobiogr\u00e0fic, el Llibre dels fets, que el monarca va dictar i va supervisar en persona. Una cr\u00f2nica d&#8221;un valor excepcional, ja que Jaume I va ser el primer monarca europeu que va escriure les seues mem\u00f2ries. Aquesta edici\u00f3 ha estat a cura de V\u00edctor Labrado (Sueca, 1956), escriptor i coordinador de La Veu dels Llibres. \u00c9s autor, entre altres, de La mestra(1995), La guerra de quatre (2002), Quan an\u00e0vem a l&#8221;estraperlo (2004), Llegendes valencianes (2007), No matar\u00e0s(Premi Enric Valor de Novel\u00b7la, 2015), Veus, la mar (Premi Joanot Martorell, 2018).<\/p>\n","protected":false},"excerpt":{"rendered":"<p>JAUME I<\/p>\n","protected":false},"featured_media":95830,"template":"","meta":{"_acf_changed":false,"om_disable_all_campaigns":false,"rs_blank_template":"","rs_page_bg_color":"","slide_template_v7":"","inline_featured_image":false,"_monsterinsights_skip_tracking":false,"_monsterinsights_sitenote_active":false,"_monsterinsights_sitenote_note":"","_monsterinsights_sitenote_category":0},"product_brand":[],"product_cat":[133,363],"product_tag":[],"class_list":{"0":"post-95829","1":"product","2":"type-product","3":"status-publish","4":"has-post-thumbnail","6":"product_cat-lectures-per-adolescents-12-18-anys","7":"product_cat-lecturas-por-adolescentes-12-18-anos","9":"first","10":"instock","11":"taxable","12":"shipping-taxable","13":"purchasable","14":"product-type-simple"},"acf":{"autor":"JAUME I","codart":"841749787","libros-coleccion":"Trencad\u00eds","ediciones":"1","encuadernacion":"R\u00fastica","fecha_de_publicacion":"01\/01\/2021","novedad":"1","paginas":"126","subtitulo":"LLIBRE DELS FETS","orden":"0","portada":"0","idioma":"cat","editorial":[{"ID":147439,"post_author":"3","post_date":"2022-10-14 11:50:35","post_date_gmt":"2022-10-14 09:50:35","post_content":"","post_title":"Andana Editorial","post_excerpt":"","post_status":"publish","comment_status":"closed","ping_status":"closed","post_password":"","post_name":"andana-editorial","to_ping":"","pinged":"","post_modified":"2022-10-14 11:50:35","post_modified_gmt":"2022-10-14 09:50:35","post_content_filtered":"","post_parent":0,"guid":"http:\/\/dev.claret.cat\/editorial\/andana-editorial\/","menu_order":0,"post_type":"editorial","post_mime_type":"","comment_count":"0","filter":"raw"}],"autores-libros":[{"ID":158605,"post_author":"3","post_date":"2022-10-14 15:38:10","post_date_gmt":"2022-10-14 13:38:10","post_content":"","post_title":"JAUME I","post_excerpt":"","post_status":"publish","comment_status":"closed","ping_status":"closed","post_password":"","post_name":"jaume-i","to_ping":"","pinged":"","post_modified":"2022-10-14 15:38:10","post_modified_gmt":"2022-10-14 13:38:10","post_content_filtered":"","post_parent":0,"guid":"http:\/\/dev.claret.cat\/autor\/jaume-i\/","menu_order":0,"post_type":"autor","post_mime_type":"","comment_count":"0","filter":"raw"}]},"aioseo_notices":[],"_links":{"self":[{"href":"https:\/\/www.claret.cat\/es\/wp-json\/wp\/v2\/product\/95829","targetHints":{"allow":["GET"]}}],"collection":[{"href":"https:\/\/www.claret.cat\/es\/wp-json\/wp\/v2\/product"}],"about":[{"href":"https:\/\/www.claret.cat\/es\/wp-json\/wp\/v2\/types\/product"}],"wp:featuredmedia":[{"embeddable":true,"href":"https:\/\/www.claret.cat\/es\/wp-json\/wp\/v2\/media\/95830"}],"wp:attachment":[{"href":"https:\/\/www.claret.cat\/es\/wp-json\/wp\/v2\/media?parent=95829"}],"wp:term":[{"taxonomy":"product_brand","embeddable":true,"href":"https:\/\/www.claret.cat\/es\/wp-json\/wp\/v2\/product_brand?post=95829"},{"taxonomy":"product_cat","embeddable":true,"href":"https:\/\/www.claret.cat\/es\/wp-json\/wp\/v2\/product_cat?post=95829"},{"taxonomy":"product_tag","embeddable":true,"href":"https:\/\/www.claret.cat\/es\/wp-json\/wp\/v2\/product_tag?post=95829"}],"curies":[{"name":"wp","href":"https:\/\/api.w.org\/{rel}","templated":true}]}}

LA CONQUESTA DE VALÈNCIA

<p>Jaume I dirigí l&#8221;elaboració de la seua autobiografia, ajudat per redactors anònims, donant-los instruccions, dictant, corregint; i així podem conéixer de primera mà, narrada pel protagonista principal, la peripècia política i militar que va ser la conquesta i la conformació del regne de València, amb una precisió en els detalls, amb un joc d&#8221;interessos i d&#8221;intencions, amb una intensitat emotiva i amb una autenticitat que no hauria pogut reconstruir l&#8221;historiador.</p>
<p> Jaume I d&#8221;Aragó, el Conqueridor, (Montpeller, 1208 – Alzira, 1276), durant el seu llarg regnat va incorporar als seus dominis els regnes de Mallorca i València. Conscient de la importància de les seues accions va voler deixar constància del seu llegat en un text autobiogràfic, el Llibre dels fets, que el monarca va dictar i va supervisar en persona. Una crònica d&#8221;un valor excepcional, ja que Jaume I va ser el primer monarca europeu que va escriure les seues memòries. Aquesta edició ha estat a cura de Víctor Labrado (Sueca, 1956), escriptor i coordinador de La Veu dels Llibres. És autor, entre altres, de La mestra(1995), La guerra de quatre (2002), Quan anàvem a l&#8221;estraperlo (2004), Llegendes valencianes (2007), No mataràs(Premi Enric Valor de Novel·la, 2015), Veus, la mar (Premi Joanot Martorell, 2018).</p>

Trencadís

Rústica
