{"id":958822,"date":"2024-03-22T16:45:34","date_gmt":"2024-03-22T15:45:34","guid":{"rendered":"https:\/\/www.claret.cat\/llibre\/los-derechos-de-las-victimas-en-el-derecho-penal-canonico-y-otros-sistemas-juridicos-9788428841375\/"},"modified":"2024-05-24T10:01:17","modified_gmt":"2024-05-24T08:01:17","slug":"los-derechos-de-las-victimas-en-el-derecho-penal-canonico-y-otros-sistemas-juridicos-9788428841375","status":"publish","type":"product","link":"https:\/\/www.claret.cat\/es\/libro\/los-derechos-de-las-victimas-en-el-derecho-penal-canonico-y-otros-sistemas-juridicos-9788428841375\/","title":{"rendered":"LOS DERECHOS DE LAS V\u00cdCTIMAS EN EL DERECHO PENAL, CAN\u00d3NICO Y OTROS SISTEMAS JUR\u00cdDICOS"},"content":{"rendered":"<p class='ql-align-justify'>Los derechos de las v\u00edctimas de abusos sexuales en el proceso penal can\u00f3nico exigen un di\u00e1logo profundo entre las diversas instituciones y las disposiciones can\u00f3nicas actuales. La justicia requiere que se mantenga y se cumpla un compromiso para defender los derechos de quienes se han visto perjudicados. Se necesitan m\u00e1s cambios en los procesos y nuevos procedimientos, en particular una verdadera voluntad de los l\u00edderes de la Iglesia para escuchar las voces de las v\u00edctimas.<\/p>\n<p class='ql-align-justify'>Esta obra, coordinada por Charles J. Scicluna y Myriam Wijlens, y por Daniel Portillo en su versi\u00f3n espa\u00f1ola,es la conclusi\u00f3n de un seminario organizado por la Comisi\u00f3n Pontificia para la protecci\u00f3n de menores, donde sesenta expertos de todo el mundo reflexionaron sobre este tema. El objetivo de este trabajo es ofrecer, adem\u00e1s, un an\u00e1lisis comparativo del marco jur\u00eddico de distintos pa\u00edses sobre esta delicada cuesti\u00f3n.<\/p>\n<p><\/p>\n","protected":false},"excerpt":{"rendered":"<p>PORTILLO, DANIEL<\/p>\n","protected":false},"featured_media":958828,"template":"","meta":{"_acf_changed":false,"om_disable_all_campaigns":false,"rs_blank_template":"","rs_page_bg_color":"","slide_template_v7":"","inline_featured_image":false,"_monsterinsights_skip_tracking":false,"_monsterinsights_sitenote_active":false,"_monsterinsights_sitenote_note":"","_monsterinsights_sitenote_category":0},"product_brand":[],"product_cat":[519,518,293,292,511,283],"product_tag":[],"class_list":{"0":"post-958822","1":"product","2":"type-product","3":"status-publish","4":"has-post-thumbnail","6":"product_cat-derecho-canonico-eclesial","7":"product_cat-derecho-canonico-en-general","8":"product_cat-dret-canonic-eclesial","9":"product_cat-dret-canonic-en-general","10":"product_cat-eclesiologia-teologia-1_espiritualidad","11":"product_cat-eclesiologia-teologia","13":"first","14":"instock","15":"taxable","16":"shipping-taxable","17":"purchasable","18":"product-type-simple"},"acf":{"autor":"PORTILLO, DANIEL","codart":"842884137","libros-coleccion":"GS","ediciones":"1","encuadernacion":"R\u00fastica","fecha_de_publicacion":"22\/03\/2024","novedad":"1","paginas":"360","subtitulo":"ACTAS DEL SEMINARIO DE LA PONTIFICIA C ","orden":"0","portada":"0","idioma":"spa","editorial":[{"ID":6335,"post_author":"3","post_date":"2022-07-28 17:49:59","post_date_gmt":"2022-07-28 15:49:59","post_content":"","post_title":"PPC altres","post_excerpt":"","post_status":"publish","comment_status":"closed","ping_status":"closed","post_password":"","post_name":"ppc-altres","to_ping":"","pinged":"","post_modified":"2022-07-28 17:49:59","post_modified_gmt":"2022-07-28 15:49:59","post_content_filtered":"","post_parent":0,"guid":"http:\/\/dev.claret.cat\/editorial\/ppc-altres\/","menu_order":0,"post_type":"editorial","post_mime_type":"","comment_count":"0","filter":"raw"}]},"aioseo_notices":[],"_links":{"self":[{"href":"https:\/\/www.claret.cat\/es\/wp-json\/wp\/v2\/product\/958822","targetHints":{"allow":["GET"]}}],"collection":[{"href":"https:\/\/www.claret.cat\/es\/wp-json\/wp\/v2\/product"}],"about":[{"href":"https:\/\/www.claret.cat\/es\/wp-json\/wp\/v2\/types\/product"}],"wp:featuredmedia":[{"embeddable":true,"href":"https:\/\/www.claret.cat\/es\/wp-json\/wp\/v2\/media\/958828"}],"wp:attachment":[{"href":"https:\/\/www.claret.cat\/es\/wp-json\/wp\/v2\/media?parent=958822"}],"wp:term":[{"taxonomy":"product_brand","embeddable":true,"href":"https:\/\/www.claret.cat\/es\/wp-json\/wp\/v2\/product_brand?post=958822"},{"taxonomy":"product_cat","embeddable":true,"href":"https:\/\/www.claret.cat\/es\/wp-json\/wp\/v2\/product_cat?post=958822"},{"taxonomy":"product_tag","embeddable":true,"href":"https:\/\/www.claret.cat\/es\/wp-json\/wp\/v2\/product_tag?post=958822"}],"curies":[{"name":"wp","href":"https:\/\/api.w.org\/{rel}","templated":true}]}}

LOS DERECHOS DE LAS VÍCTIMAS EN EL DERECHO PENAL, CANÓNICO Y OTROS SISTEMAS JURÍDICOS

<p class='ql-align-justify'>Los derechos de las víctimas de abusos sexuales en el proceso penal canónico exigen un diálogo profundo entre las diversas instituciones y las disposiciones canónicas actuales. La justicia requiere que se mantenga y se cumpla un compromiso para defender los derechos de quienes se han visto perjudicados. Se necesitan más cambios en los procesos y nuevos procedimientos, en particular una verdadera voluntad de los líderes de la Iglesia para escuchar las voces de las víctimas.</p>
<p class='ql-align-justify'>Esta obra, coordinada por Charles J. Scicluna y Myriam Wijlens, y por Daniel Portillo en su versión española,es la conclusión de un seminario organizado por la Comisión Pontificia para la protección de menores, donde sesenta expertos de todo el mundo reflexionaron sobre este tema. El objetivo de este trabajo es ofrecer, además, un análisis comparativo del marco jurídico de distintos países sobre esta delicada cuestión.</p>
<p></p>

Rústica
