{"id":95982,"date":"2022-10-12T06:51:53","date_gmt":"2022-10-12T04:51:53","guid":{"rendered":"http:\/\/dev.claret.cat\/producte\/las-cuarenta-parabolas-de-jesus\/"},"modified":"2026-04-20T12:50:27","modified_gmt":"2026-04-20T10:50:27","slug":"las-cuarenta-parabolas-de-jesus-9788490736647","status":"publish","type":"product","link":"https:\/\/www.claret.cat\/es\/libro\/las-cuarenta-parabolas-de-jesus-9788490736647\/","title":{"rendered":"LAS CUARENTA PAR\u00c1BOLAS DE JES\u00daS"},"content":{"rendered":"<p>Las par\u00e1bolas de Jes\u00fas forman parte de la literatura universal. En estos relatos, a menudo provocadores, llegamos a conocer m\u00e1s de cerca el entorno de Jes\u00fas. Es un mundo variopinto, lleno de penas y alegr\u00edas, con cotidianidad y fiestas, aventuras, cr\u00edmenes y profunda humanidad.<\/p>\n<p>Con la ayuda de este colorido material, Jes\u00fas esboza su mensaje del Reino de Dios: es decir, la buena noticia de un nuevo mundo que Dios est\u00e1 creando ahora, en medio de las viejas y anquilosadas relaciones de la historia humana.<\/p>\n<p>En este libro, el especialista en Nuevo Testamento Gerhard Lohfink se ha atrevido a interpretar todas las par\u00e1bolas de forma comprensible para el p\u00fablico general y teniendo siempre en cuenta el estado actual de la investigaci\u00f3n. Un libro realmente extraordinario.<\/p>\n","protected":false},"excerpt":{"rendered":"<p>LOHFINK, GERHARD<\/p>\n","protected":false},"featured_media":373025,"template":"","meta":{"_acf_changed":false,"om_disable_all_campaigns":false,"rs_blank_template":"","rs_page_bg_color":"","slide_template_v7":"","inline_featured_image":false,"_monsterinsights_skip_tracking":false,"_monsterinsights_sitenote_active":false,"_monsterinsights_sitenote_note":"","_monsterinsights_sitenote_category":0},"product_brand":[],"product_cat":[414,276],"product_tag":[],"class_list":{"0":"post-95982","1":"product","2":"type-product","3":"status-publish","4":"has-post-thumbnail","6":"product_cat-cristologia-teologia-1_espiritualidad","7":"product_cat-cristologia-teologia","9":"first","10":"instock","11":"taxable","12":"shipping-taxable","13":"purchasable","14":"product-type-simple"},"acf":{"editorial":[{"ID":6390,"post_author":"3","post_date":"2022-07-28 17:51:08","post_date_gmt":"2022-07-28 15:51:08","post_content":"","post_title":"VERBO DIVINO","post_excerpt":"","post_status":"publish","comment_status":"closed","ping_status":"closed","post_password":"","post_name":"verbo-divino","to_ping":"","pinged":"","post_modified":"2022-07-28 17:51:08","post_modified_gmt":"2022-07-28 15:51:08","post_content_filtered":"","post_parent":0,"guid":"http:\/\/dev.claret.cat\/editorial\/verbo-divino\/","menu_order":0,"post_type":"editorial","post_mime_type":"","comment_count":"0","filter":"raw"}],"autor":"LOHFINK, GERHARD","codart":"849073664","libros-coleccion":"Estudios B\u00edblicos","ediciones":"1","encuadernacion":"R\u00fastica","fecha_de_publicacion":"18\/02\/2021","novedad":"1","paginas":"272","subtitulo":"","orden":"0","portada":"0","idioma":"spa","autores-libros":[{"ID":156819,"post_author":"3","post_date":"2022-10-14 15:23:52","post_date_gmt":"2022-10-14 13:23:52","post_content":"","post_title":"GERHARD LOHFINK","post_excerpt":"","post_status":"publish","comment_status":"closed","ping_status":"closed","post_password":"","post_name":"gerhard-lohfink","to_ping":"","pinged":"","post_modified":"2022-10-14 15:23:52","post_modified_gmt":"2022-10-14 13:23:52","post_content_filtered":"","post_parent":0,"guid":"http:\/\/dev.claret.cat\/autor\/gerhard-lohfink\/","menu_order":0,"post_type":"autor","post_mime_type":"","comment_count":"0","filter":"raw"}],"booktrailer":"","resenas":""},"aioseo_notices":[],"_links":{"self":[{"href":"https:\/\/www.claret.cat\/es\/wp-json\/wp\/v2\/product\/95982","targetHints":{"allow":["GET"]}}],"collection":[{"href":"https:\/\/www.claret.cat\/es\/wp-json\/wp\/v2\/product"}],"about":[{"href":"https:\/\/www.claret.cat\/es\/wp-json\/wp\/v2\/types\/product"}],"wp:featuredmedia":[{"embeddable":true,"href":"https:\/\/www.claret.cat\/es\/wp-json\/wp\/v2\/media\/373025"}],"wp:attachment":[{"href":"https:\/\/www.claret.cat\/es\/wp-json\/wp\/v2\/media?parent=95982"}],"wp:term":[{"taxonomy":"product_brand","embeddable":true,"href":"https:\/\/www.claret.cat\/es\/wp-json\/wp\/v2\/product_brand?post=95982"},{"taxonomy":"product_cat","embeddable":true,"href":"https:\/\/www.claret.cat\/es\/wp-json\/wp\/v2\/product_cat?post=95982"},{"taxonomy":"product_tag","embeddable":true,"href":"https:\/\/www.claret.cat\/es\/wp-json\/wp\/v2\/product_tag?post=95982"}],"curies":[{"name":"wp","href":"https:\/\/api.w.org\/{rel}","templated":true}]}}

LAS CUARENTA PARÁBOLAS DE JESÚS

<p>Las parábolas de Jesús forman parte de la literatura universal. En estos relatos, a menudo provocadores, llegamos a conocer más de cerca el entorno de Jesús. Es un mundo variopinto, lleno de penas y alegrías, con cotidianidad y fiestas, aventuras, crímenes y profunda humanidad.</p>
<p>Con la ayuda de este colorido material, Jesús esboza su mensaje del Reino de Dios: es decir, la buena noticia de un nuevo mundo que Dios está creando ahora, en medio de las viejas y anquilosadas relaciones de la historia humana.</p>
<p>En este libro, el especialista en Nuevo Testamento Gerhard Lohfink se ha atrevido a interpretar todas las parábolas de forma comprensible para el público general y teniendo siempre en cuenta el estado actual de la investigación. Un libro realmente extraordinario.</p>

Estudios Bíblicos

Rústica
