{"id":960,"date":"2022-07-27T15:40:52","date_gmt":"2022-07-27T13:40:52","guid":{"rendered":"http:\/\/dev.claret.cat\/producto\/la-biblia-edicion-popular-rustica-9788490737811\/"},"modified":"2026-02-06T17:15:29","modified_gmt":"2026-02-06T16:15:29","slug":"la-biblia-edicion-popular-rustica-9788490737811","status":"publish","type":"product","link":"https:\/\/www.claret.cat\/es\/libro\/la-biblia-edicion-popular-rustica-9788490737811\/","title":{"rendered":"LA BIBLIA. EDICI\u00d3N POPULAR, R\u00daSTICA"},"content":{"rendered":"<p>Edici\u00f3n de la Biblia con el texto b\u00edblico de La Casa de la Biblia, ricas introducciones a los grupos de libros b\u00edblicos y a cada uno de los libros de la Biblia, y un pr\u00e1ctico Vocabulario B\u00edblico.Una edici\u00f3n sin notas, en un tama\u00f1o manejable y encuadernada en pl\u00e1stico flexible.<\/p>\n","protected":false},"excerpt":{"rendered":"<p>VERBO DIVINO &#8211; LA CASA DE LA BIBLIA<\/p>\n","protected":false},"featured_media":373085,"template":"","meta":{"_acf_changed":false,"om_disable_all_campaigns":false,"rs_blank_template":"","rs_page_bg_color":"","slide_template_v7":"","inline_featured_image":false,"_monsterinsights_skip_tracking":false,"_monsterinsights_sitenote_active":false,"_monsterinsights_sitenote_note":"","_monsterinsights_sitenote_category":0},"product_brand":[],"product_cat":[420,296],"product_tag":[],"class_list":{"0":"post-960","1":"product","2":"type-product","3":"status-publish","4":"has-post-thumbnail","6":"product_cat-biblias","7":"product_cat-biblies","9":"first","10":"instock","11":"taxable","12":"shipping-taxable","13":"purchasable","14":"product-type-simple"},"acf":{"autor":"VERBO DIVINO - LA CASA DE LA BIBLIA","codart":"849073781","ediciones":"1","encuadernacion":"R\u00fastica","fecha_de_publicacion":"01\/07\/2022","novedad":"1","paginas":"1920","subtitulo":"EDICI\u00d3N POPULAR - R\u00daSTICA","orden":"0","portada":"0","idioma":"spa","libros-coleccion":"","autores-libros":[{"ID":6075,"post_author":"3","post_date":"2022-07-28 17:37:36","post_date_gmt":"2022-07-28 15:37:36","post_content":"","post_title":"VERBO DIVINO - LA CASA DE LA BIBLIA","post_excerpt":"","post_status":"publish","comment_status":"closed","ping_status":"closed","post_password":"","post_name":"verbo-divino-la-casa-de-la-biblia","to_ping":"","pinged":"","post_modified":"2022-07-28 17:37:36","post_modified_gmt":"2022-07-28 15:37:36","post_content_filtered":"","post_parent":0,"guid":"http:\/\/dev.claret.cat\/autor\/verbo-divino-la-casa-de-la-biblia\/","menu_order":0,"post_type":"autor","post_mime_type":"","comment_count":"0","filter":"raw"}],"editorial":[{"ID":6390,"post_author":"3","post_date":"2022-07-28 17:51:08","post_date_gmt":"2022-07-28 15:51:08","post_content":"","post_title":"VERBO DIVINO","post_excerpt":"","post_status":"publish","comment_status":"closed","ping_status":"closed","post_password":"","post_name":"verbo-divino","to_ping":"","pinged":"","post_modified":"2022-07-28 17:51:08","post_modified_gmt":"2022-07-28 15:51:08","post_content_filtered":"","post_parent":0,"guid":"http:\/\/dev.claret.cat\/editorial\/verbo-divino\/","menu_order":0,"post_type":"editorial","post_mime_type":"","comment_count":"0","filter":"raw"}],"booktrailer":"","resenas":""},"aioseo_notices":[],"_links":{"self":[{"href":"https:\/\/www.claret.cat\/es\/wp-json\/wp\/v2\/product\/960","targetHints":{"allow":["GET"]}}],"collection":[{"href":"https:\/\/www.claret.cat\/es\/wp-json\/wp\/v2\/product"}],"about":[{"href":"https:\/\/www.claret.cat\/es\/wp-json\/wp\/v2\/types\/product"}],"wp:featuredmedia":[{"embeddable":true,"href":"https:\/\/www.claret.cat\/es\/wp-json\/wp\/v2\/media\/373085"}],"wp:attachment":[{"href":"https:\/\/www.claret.cat\/es\/wp-json\/wp\/v2\/media?parent=960"}],"wp:term":[{"taxonomy":"product_brand","embeddable":true,"href":"https:\/\/www.claret.cat\/es\/wp-json\/wp\/v2\/product_brand?post=960"},{"taxonomy":"product_cat","embeddable":true,"href":"https:\/\/www.claret.cat\/es\/wp-json\/wp\/v2\/product_cat?post=960"},{"taxonomy":"product_tag","embeddable":true,"href":"https:\/\/www.claret.cat\/es\/wp-json\/wp\/v2\/product_tag?post=960"}],"curies":[{"name":"wp","href":"https:\/\/api.w.org\/{rel}","templated":true}]}}

LA BIBLIA. EDICIÓN POPULAR, RÚSTICA

<p>Edición de la Biblia con el texto bíblico de La Casa de la Biblia, ricas introducciones a los grupos de libros bíblicos y a cada uno de los libros de la Biblia, y un práctico Vocabulario Bíblico.Una edición sin notas, en un tamaño manejable y encuadernada en plástico flexible.</p>

Rústica

EDICIÓN POPULAR - RÚSTICA
