{"id":960783,"date":"2024-04-08T12:37:02","date_gmt":"2024-04-08T10:37:02","guid":{"rendered":"https:\/\/www.claret.cat\/llibre\/frida-kahlo-una-biografia-edicion-especial-9788426430885\/"},"modified":"2026-04-07T12:35:46","modified_gmt":"2026-04-07T10:35:46","slug":"frida-kahlo-una-biografia-edicion-especial-9788426430885","status":"publish","type":"product","link":"https:\/\/www.claret.cat\/es\/libro\/frida-kahlo-una-biografia-edicion-especial-9788426430885\/","title":{"rendered":"FRIDA KAHLO. UNA BIOGRAF\u00cdA (EDICI\u00d3N ESPECIAL)"},"content":{"rendered":"<p>70.\u00ba ANIVERSARIO DE FRIDA KAHLO Edici\u00f3n de lujo con material in\u00e9dito del fen\u00f3meno editorial que dio a conocer a una autora con m\u00e1s de 400.000 lectores en 18 idiomas. Incluye el ap\u00e9ndice \u00abLas recetas de Frida\u00bb \u00abPies para qu\u00e9 os quiero si tengo alas para volar\u00bb.Frida fue algo m\u00e1s que dolor y angustia. No se conform\u00f3 con estar a la sombra de Diego Rivera y su arrolladora personalidad, y se convirti\u00f3 en una artista llena de vida. Su pintura es fiesta, color, sangre y vitalidad. Fue una luchadora que decidi\u00f3 ponerse el mundo por montera. Una mujer apasionada que quiso vivir con intensidad tanto las desgracias como las alegr\u00edas que le depar\u00f3 la existencia. Inspirado en las vivencias de la pintora mexicana, este libro es un paseo ilustrado por la emocionante biograf\u00eda de Frida Kahlo.La cr\u00edtica ha dicho&#8230;<br \/>\u00abUn libro delicioso, profusamente ilustrado. Tanto el imaginario on\u00edrico, femenino y organicista de la pintora mexicana como su leve ingenuismo y su visceral romanticismo [&#8230;] [son] asimilados por Hesse en ese estilo inconfundible que busca fusionar lo sint\u00e9tico con lo org\u00e1nico pero que rechaza todo el barroquismo de Kahlo\u00bb.<br \/>Javier Rubio Nomblog, ABC (Cultural)\u00abUna edici\u00f3n muy cuidada de Lumen en la que Hesse ha trabajado durante un a\u00f1o. De todo lo que he aprendido me quedo con la intensidad con la que Frida lo viv\u00eda todo, destac\u00f3 la artista\u00bb.<br \/>Sur (Gente de M\u00e1laga) \u00abLa obra de Mar\u00eda Hesse tiene un punto de surrealismo y aspecto naif que entronca con Frida Kahlo. Las reinterpretaciones que hace de sus cuadros no chirr\u00edan, al contrario, se entienden como una revisi\u00f3n con un lenguaje parecido en el fondo, aunque diferente en la forma\u00bb.<br \/>Miguel Ferrary, Diario de Mallorca \u00abLa obra de Mar\u00eda Hesse ha sido expuesta en diversas exposiciones y cuenta con un trabajo personal donde la sensibilidad y la mujer son las grandes protagonistas\u00bb.<br \/>Seviocio\u00abSi os gusta Frida Kahlo como pintora, como mujer, como personaje, como icono&#8230; regalaos unos instantes para conocer la interpretaci\u00f3n de Mar\u00eda Hesse: una obra de arte dentro de una obra de arte\u00bb.<br \/>Patricia Tena, Llegir en cas d&#8221;incendi En los blogs:<br \/>\u00abUn precioso trabajo inspirado en la obra de la pintora mexicana, centrada en su parte m\u00e1s colorida, exuberante y vital\u00bb.<br \/>trendencias.com \u00abUn recorrido en primera persona por el dolor y los amores que marcaron la vida de Kahlo. [&#8230;] Frida Kahlo. Una biograf\u00eda es un libro hermoso tanto por sus ilustraciones como por el personaje que retrata. [&#8230;] Un regalo perfecto para mimarse y dejarse cautivar por el estilo de la ilustradora sevillana y por el surrealista universo de la artista mexicana\u00bb.<br \/>Koratai.com\u00abUn paseo de la mano de esta ilustradora por una vida fascinante llena de angustia y de dolor, pero tambi\u00e9n de amor y esperanza. [&#8230;] Frida Kahlo. Una biograf\u00eda es un homenaje precioso que tambi\u00e9n rebosa vitalidad. \u00a1Viva Frida!\u00bb.<br \/>Librosyliteratura.es<\/p>\n","protected":false},"excerpt":{"rendered":"<p>HESSE, MAR\u00cdA<\/p>\n","protected":false},"featured_media":960890,"template":"","meta":{"_acf_changed":false,"om_disable_all_campaigns":false,"rs_blank_template":"","rs_page_bg_color":"","slide_template_v7":"","inline_featured_image":false,"_monsterinsights_skip_tracking":false,"_monsterinsights_sitenote_active":false,"_monsterinsights_sitenote_note":"","_monsterinsights_sitenote_category":0},"product_brand":[],"product_cat":[105,555],"product_tag":[],"class_list":{"0":"post-960783","1":"product","2":"type-product","3":"status-publish","4":"has-post-thumbnail","6":"product_cat-regal","7":"product_cat-regalo","9":"first","10":"instock","11":"taxable","12":"shipping-taxable","13":"purchasable","14":"product-type-simple"},"acf":{"autor":"HESSE, MAR\u00cdA","codart":"842643088","libros-coleccion":"LUMEN GR\u00c1FICA","ediciones":"1","encuadernacion":"Carton\u00e9","fecha_de_publicacion":"01\/04\/2024","novedad":"1","paginas":"159","subtitulo":"","orden":"0","portada":"0","idioma":"spa","editorial":[{"ID":6296,"post_author":"3","post_date":"2022-07-28 17:49:09","post_date_gmt":"2022-07-28 15:49:09","post_content":"","post_title":"LUMEN","post_excerpt":"","post_status":"publish","comment_status":"closed","ping_status":"closed","post_password":"","post_name":"lumen","to_ping":"","pinged":"","post_modified":"2022-07-28 17:49:09","post_modified_gmt":"2022-07-28 15:49:09","post_content_filtered":"","post_parent":0,"guid":"http:\/\/dev.claret.cat\/editorial\/lumen\/","menu_order":0,"post_type":"editorial","post_mime_type":"","comment_count":"0","filter":"raw"}],"booktrailer":"","resenas":""},"aioseo_notices":[],"_links":{"self":[{"href":"https:\/\/www.claret.cat\/es\/wp-json\/wp\/v2\/product\/960783","targetHints":{"allow":["GET"]}}],"collection":[{"href":"https:\/\/www.claret.cat\/es\/wp-json\/wp\/v2\/product"}],"about":[{"href":"https:\/\/www.claret.cat\/es\/wp-json\/wp\/v2\/types\/product"}],"wp:featuredmedia":[{"embeddable":true,"href":"https:\/\/www.claret.cat\/es\/wp-json\/wp\/v2\/media\/960890"}],"wp:attachment":[{"href":"https:\/\/www.claret.cat\/es\/wp-json\/wp\/v2\/media?parent=960783"}],"wp:term":[{"taxonomy":"product_brand","embeddable":true,"href":"https:\/\/www.claret.cat\/es\/wp-json\/wp\/v2\/product_brand?post=960783"},{"taxonomy":"product_cat","embeddable":true,"href":"https:\/\/www.claret.cat\/es\/wp-json\/wp\/v2\/product_cat?post=960783"},{"taxonomy":"product_tag","embeddable":true,"href":"https:\/\/www.claret.cat\/es\/wp-json\/wp\/v2\/product_tag?post=960783"}],"curies":[{"name":"wp","href":"https:\/\/api.w.org\/{rel}","templated":true}]}}

FRIDA KAHLO. UNA BIOGRAFÍA (EDICIÓN ESPECIAL)

<p>70.º ANIVERSARIO DE FRIDA KAHLO Edición de lujo con material inédito del fenómeno editorial que dio a conocer a una autora con más de 400.000 lectores en 18 idiomas. Incluye el apéndice «Las recetas de Frida» «Pies para qué os quiero si tengo alas para volar».Frida fue algo más que dolor y angustia. No se conformó con estar a la sombra de Diego Rivera y su arrolladora personalidad, y se convirtió en una artista llena de vida. Su pintura es fiesta, color, sangre y vitalidad. Fue una luchadora que decidió ponerse el mundo por montera. Una mujer apasionada que quiso vivir con intensidad tanto las desgracias como las alegrías que le deparó la existencia. Inspirado en las vivencias de la pintora mexicana, este libro es un paseo ilustrado por la emocionante biografía de Frida Kahlo.La crítica ha dicho&#8230;<br />«Un libro delicioso, profusamente ilustrado. Tanto el imaginario onírico, femenino y organicista de la pintora mexicana como su leve ingenuismo y su visceral romanticismo [&#8230;] [son] asimilados por Hesse en ese estilo inconfundible que busca fusionar lo sintético con lo orgánico pero que rechaza todo el barroquismo de Kahlo».<br />Javier Rubio Nomblog, ABC (Cultural)«Una edición muy cuidada de Lumen en la que Hesse ha trabajado durante un año. De todo lo que he aprendido me quedo con la intensidad con la que Frida lo vivía todo, destacó la artista».<br />Sur (Gente de Málaga) «La obra de María Hesse tiene un punto de surrealismo y aspecto naif que entronca con Frida Kahlo. Las reinterpretaciones que hace de sus cuadros no chirrían, al contrario, se entienden como una revisión con un lenguaje parecido en el fondo, aunque diferente en la forma».<br />Miguel Ferrary, Diario de Mallorca «La obra de María Hesse ha sido expuesta en diversas exposiciones y cuenta con un trabajo personal donde la sensibilidad y la mujer son las grandes protagonistas».<br />Seviocio«Si os gusta Frida Kahlo como pintora, como mujer, como personaje, como icono&#8230; regalaos unos instantes para conocer la interpretación de María Hesse: una obra de arte dentro de una obra de arte».<br />Patricia Tena, Llegir en cas d&#8221;incendi En los blogs:<br />«Un precioso trabajo inspirado en la obra de la pintora mexicana, centrada en su parte más colorida, exuberante y vital».<br />trendencias.com «Un recorrido en primera persona por el dolor y los amores que marcaron la vida de Kahlo. [&#8230;] Frida Kahlo. Una biografía es un libro hermoso tanto por sus ilustraciones como por el personaje que retrata. [&#8230;] Un regalo perfecto para mimarse y dejarse cautivar por el estilo de la ilustradora sevillana y por el surrealista universo de la artista mexicana».<br />Koratai.com«Un paseo de la mano de esta ilustradora por una vida fascinante llena de angustia y de dolor, pero también de amor y esperanza. [&#8230;] Frida Kahlo. Una biografía es un homenaje precioso que también rebosa vitalidad. ¡Viva Frida!».<br />Librosyliteratura.es</p>

<p>HESSE, MARÍA</p>

HESSE, MARÍA

LUMEN GRÁFICA

Cartoné
