{"id":961336,"date":"2024-04-10T18:20:27","date_gmt":"2024-04-10T16:20:27","guid":{"rendered":"https:\/\/www.claret.cat\/llibre\/actualidad-de-los-ejercicios-espirituales-500-anos-despues-9788427148994\/"},"modified":"2026-04-01T01:56:30","modified_gmt":"2026-03-31T23:56:30","slug":"actualidad-de-los-ejercicios-espirituales-500-anos-despues-9788427148994","status":"publish","type":"product","link":"https:\/\/www.claret.cat\/es\/libro\/actualidad-de-los-ejercicios-espirituales-500-anos-despues-9788427148994\/","title":{"rendered":"ACTUALIDAD DE LOS EJERCICIOS ESPIRITUALES 500 A\u00d1OS DESPU\u00c9S"},"content":{"rendered":"<p>\u00bfC\u00f3mo pueden los ejercicios Espirituales de San Ignacio de Loyola seguir siendo relevantes en nuestro momento? Este libro de Javier Melloni, ofrece una exploraci\u00f3n profunda de la vigencia la riqueza de estos ejercicios en el contexto contempor\u00e1neo. Dividido en cuatro secciones, este libro aborda desde la generatividad del texto ignaciano hasta su di\u00e1logo con los m\u00e1rgenes sociales, otras culturas, y el mundo digita, ofreciendo una visi\u00f3n rigurosa sobre la esencia de los Ejercicios y su adaptaci\u00f3n a los desaf\u00edos actuales.<\/p>\n","protected":false},"excerpt":{"rendered":"<p>MELLONI, JAVIER <\/p>\n","protected":false},"featured_media":961337,"template":"","meta":{"_acf_changed":false,"om_disable_all_campaigns":false,"rs_blank_template":"","rs_page_bg_color":"","slide_template_v7":"","inline_featured_image":false,"_monsterinsights_skip_tracking":false,"_monsterinsights_sitenote_active":false,"_monsterinsights_sitenote_note":"","_monsterinsights_sitenote_category":0},"product_brand":[],"product_cat":[244,494],"product_tag":[],"class_list":{"0":"post-961336","1":"product","2":"type-product","3":"status-publish","4":"has-post-thumbnail","6":"product_cat-ignaciana","7":"product_cat-ignaciana-espiritualidad-1_espiritualidad","9":"first","10":"instock","11":"taxable","12":"shipping-taxable","13":"purchasable","14":"product-type-simple"},"acf":{"autor":"MELLONI, JAVIER ","codart":"842714899","libros-coleccion":"Manresa","ediciones":"1","encuadernacion":"R\u00fastica","fecha_de_publicacion":"18\/03\/2024","novedad":"1","paginas":"325","subtitulo":"ACTAS DEL SIMPOSIO (12-18 DE JUNIO DE 2022, MANRESA)","orden":"0","portada":"0","idioma":"spa","editorial":[{"ID":8258,"post_author":"3","post_date":"2022-09-30 09:21:32","post_date_gmt":"2022-09-30 07:21:32","post_content":"","post_title":"MENSAJERO","post_excerpt":"","post_status":"publish","comment_status":"closed","ping_status":"closed","post_password":"","post_name":"mensajero","to_ping":"","pinged":"","post_modified":"2022-09-30 09:21:32","post_modified_gmt":"2022-09-30 07:21:32","post_content_filtered":"","post_parent":0,"guid":"http:\/\/dev.claret.cat\/editorial\/mensajero\/","menu_order":0,"post_type":"editorial","post_mime_type":"","comment_count":"0","filter":"raw"}],"booktrailer":"","resenas":""},"aioseo_notices":[],"_links":{"self":[{"href":"https:\/\/www.claret.cat\/es\/wp-json\/wp\/v2\/product\/961336","targetHints":{"allow":["GET"]}}],"collection":[{"href":"https:\/\/www.claret.cat\/es\/wp-json\/wp\/v2\/product"}],"about":[{"href":"https:\/\/www.claret.cat\/es\/wp-json\/wp\/v2\/types\/product"}],"wp:featuredmedia":[{"embeddable":true,"href":"https:\/\/www.claret.cat\/es\/wp-json\/wp\/v2\/media\/961337"}],"wp:attachment":[{"href":"https:\/\/www.claret.cat\/es\/wp-json\/wp\/v2\/media?parent=961336"}],"wp:term":[{"taxonomy":"product_brand","embeddable":true,"href":"https:\/\/www.claret.cat\/es\/wp-json\/wp\/v2\/product_brand?post=961336"},{"taxonomy":"product_cat","embeddable":true,"href":"https:\/\/www.claret.cat\/es\/wp-json\/wp\/v2\/product_cat?post=961336"},{"taxonomy":"product_tag","embeddable":true,"href":"https:\/\/www.claret.cat\/es\/wp-json\/wp\/v2\/product_tag?post=961336"}],"curies":[{"name":"wp","href":"https:\/\/api.w.org\/{rel}","templated":true}]}}

ACTUALIDAD DE LOS EJERCICIOS ESPIRITUALES 500 AÑOS DESPUÉS

<p>¿Cómo pueden los ejercicios Espirituales de San Ignacio de Loyola seguir siendo relevantes en nuestro momento? Este libro de Javier Melloni, ofrece una exploración profunda de la vigencia la riqueza de estos ejercicios en el contexto contemporáneo. Dividido en cuatro secciones, este libro aborda desde la generatividad del texto ignaciano hasta su diálogo con los márgenes sociales, otras culturas, y el mundo digita, ofreciendo una visión rigurosa sobre la esencia de los Ejercicios y su adaptación a los desafíos actuales.</p>

Rústica
