{"id":961488,"date":"2024-04-11T17:35:02","date_gmt":"2024-04-11T15:35:02","guid":{"rendered":"https:\/\/www.claret.cat\/llibre\/que-es-el-islam-9788412452877\/"},"modified":"2025-04-15T18:25:34","modified_gmt":"2025-04-15T16:25:34","slug":"que-es-el-islam-9788412452877","status":"publish","type":"product","link":"https:\/\/www.claret.cat\/es\/libro\/que-es-el-islam-9788412452877\/","title":{"rendered":"\u00bfQU\u00c9 ES EL ISLAM?"},"content":{"rendered":"<p>Qu\u00e9 es el islam? Para responder esta pregunta Emilio Gonz\u00e1lez Ferr\u00edn toma un punto de vista hist\u00f3rico-cr\u00edtico y no apolo g\u00e9tico, propio del estudio de las religiones comparadas, y cuya primera respuesta, po\u00e9tica sin duda, es \u00abla apertura del pueblo elegido\u00bb. Una extensi\u00f3n a toda la humanidad de aquella vie ja \u00abAlianza con Dios\u00bb que otros pueblos monote\u00edstas pretendieron heredar en exclusiva. Tradicionalmente se ha ense\u00f1ado que el islam naci\u00f3 con una revelaci\u00f3n y se expandi\u00f3 con una serie de invasiones, pero el autor justificar\u00e1 que el islam fue una respuesta al convulso judeocristianismo de Oriente Medio entre los siglos IV y IX, y cuyo factor diferencial fue aceptar, contra los jud\u00edos, que Jes\u00fas de Nazaret era un profeta, y negar, contra los cristianos, que fuese el hijo de Dios. Desde esa perspectiva hist\u00f3rico-cr\u00edtica el autor desarrolla una investigaci\u00f3n sobre los or\u00edgenes del Cor\u00e1n, de la religi\u00f3n isl\u00e1mica, su socializaci\u00f3n y su difusi\u00f3n por el mundo. Insiste en que para saber qu\u00e9 es el islam hay que diferenciar entre el islam como religi\u00f3n musulmana, el Islam como civilizaci\u00f3n y las sociedades musulman<\/p>\n","protected":false},"excerpt":{"rendered":"<p>GONZALEZ FERRIN, EMILIO<\/p>\n","protected":false},"featured_media":961516,"template":"","meta":{"_acf_changed":false,"om_disable_all_campaigns":false,"rs_blank_template":"","rs_page_bg_color":"","slide_template_v7":"","inline_featured_image":false,"_monsterinsights_skip_tracking":false,"_monsterinsights_sitenote_active":false,"_monsterinsights_sitenote_note":"","_monsterinsights_sitenote_category":0},"product_brand":[],"product_cat":[544,94],"product_tag":[],"class_list":{"0":"post-961488","1":"product","2":"type-product","3":"status-publish","4":"has-post-thumbnail","6":"product_cat-religiones","7":"product_cat-religions","9":"first","10":"instock","11":"taxable","12":"shipping-taxable","13":"purchasable","14":"product-type-simple"},"acf":{"autor":"GONZALEZ FERRIN, EMILIO","codart":"841245287","libros-coleccion":"FORA DE COL.LECCI\u00d3","ediciones":"1","encuadernacion":"R\u00fastica","fecha_de_publicacion":"01\/03\/2024","novedad":"1","paginas":"200","subtitulo":"","orden":"0","portada":"0","idioma":"spa","editorial":[{"ID":148034,"post_author":"3","post_date":"2022-10-14 11:55:07","post_date_gmt":"2022-10-14 09:55:07","post_content":"","post_title":"Editorial Senderos","post_excerpt":"","post_status":"publish","comment_status":"closed","ping_status":"closed","post_password":"","post_name":"editorial-senderos","to_ping":"","pinged":"","post_modified":"2022-10-14 11:55:07","post_modified_gmt":"2022-10-14 09:55:07","post_content_filtered":"","post_parent":0,"guid":"http:\/\/dev.claret.cat\/editorial\/editorial-senderos\/","menu_order":0,"post_type":"editorial","post_mime_type":"","comment_count":"0","filter":"raw"}],"booktrailer":"","resenas":""},"aioseo_notices":[],"_links":{"self":[{"href":"https:\/\/www.claret.cat\/es\/wp-json\/wp\/v2\/product\/961488","targetHints":{"allow":["GET"]}}],"collection":[{"href":"https:\/\/www.claret.cat\/es\/wp-json\/wp\/v2\/product"}],"about":[{"href":"https:\/\/www.claret.cat\/es\/wp-json\/wp\/v2\/types\/product"}],"wp:featuredmedia":[{"embeddable":true,"href":"https:\/\/www.claret.cat\/es\/wp-json\/wp\/v2\/media\/961516"}],"wp:attachment":[{"href":"https:\/\/www.claret.cat\/es\/wp-json\/wp\/v2\/media?parent=961488"}],"wp:term":[{"taxonomy":"product_brand","embeddable":true,"href":"https:\/\/www.claret.cat\/es\/wp-json\/wp\/v2\/product_brand?post=961488"},{"taxonomy":"product_cat","embeddable":true,"href":"https:\/\/www.claret.cat\/es\/wp-json\/wp\/v2\/product_cat?post=961488"},{"taxonomy":"product_tag","embeddable":true,"href":"https:\/\/www.claret.cat\/es\/wp-json\/wp\/v2\/product_tag?post=961488"}],"curies":[{"name":"wp","href":"https:\/\/api.w.org\/{rel}","templated":true}]}}

¿QUÉ ES EL ISLAM?

<p>Qué es el islam? Para responder esta pregunta Emilio González Ferrín toma un punto de vista histórico-crítico y no apolo gético, propio del estudio de las religiones comparadas, y cuya primera respuesta, poética sin duda, es «la apertura del pueblo elegido». Una extensión a toda la humanidad de aquella vie ja «Alianza con Dios» que otros pueblos monoteístas pretendieron heredar en exclusiva. Tradicionalmente se ha enseñado que el islam nació con una revelación y se expandió con una serie de invasiones, pero el autor justificará que el islam fue una respuesta al convulso judeocristianismo de Oriente Medio entre los siglos IV y IX, y cuyo factor diferencial fue aceptar, contra los judíos, que Jesús de Nazaret era un profeta, y negar, contra los cristianos, que fuese el hijo de Dios. Desde esa perspectiva histórico-crítica el autor desarrolla una investigación sobre los orígenes del Corán, de la religión islámica, su socialización y su difusión por el mundo. Insiste en que para saber qué es el islam hay que diferenciar entre el islam como religión musulmana, el Islam como civilización y las sociedades musulman</p>

FORA DE COL.LECCIÓ

Rústica
