{"id":96159,"date":"2022-10-12T06:54:18","date_gmt":"2022-10-12T04:54:18","guid":{"rendered":"http:\/\/dev.claret.cat\/producte\/la-rebel%c2%b7lio-de-les-noies\/"},"modified":"2025-10-20T21:18:59","modified_gmt":"2025-10-20T19:18:59","slug":"la-rebellio-de-les-noies-9788418443503","status":"publish","type":"product","link":"https:\/\/www.claret.cat\/es\/libro\/la-rebellio-de-les-noies-9788418443503\/","title":{"rendered":"LA REBEL\u00b7LI\u00d3 DE LES NOIES"},"content":{"rendered":"<p>\u00c9s a l&#8217;aula d&#8217;una escola on la protagonista es comen\u00e7a a adonar d&#8217;unes injust\u00edcies que pateixen les nenes de la classe pel simple fet de ser-ho&#8230; Patriarcat, \u00fas del llenguatge, estereotips&#8230; Aquest llibre presenta un recorregut visual per diferents situacions masclistes de la nostra societat, ens mostra exemples de dones fortes i valentes i ensenya als m\u00e9s petits a viure en el feminisme, \u00e9s a dir, en la igualtat. Un llibre rigor\u00f3s i amb sentit de l&#8217;humor tant per nens com per a nenes. El manual de les feministes incipients.<\/p>\n","protected":false},"excerpt":{"rendered":"<p>GEMMA LIENAS<\/p>\n","protected":false},"featured_media":96160,"template":"","meta":{"_acf_changed":false,"om_disable_all_campaigns":false,"rs_blank_template":"","rs_page_bg_color":"","slide_template_v7":"","inline_featured_image":false,"_monsterinsights_skip_tracking":false,"_monsterinsights_sitenote_active":false,"_monsterinsights_sitenote_note":"","_monsterinsights_sitenote_category":0},"product_brand":[],"product_cat":[132,362],"product_tag":[],"class_list":{"0":"post-96159","1":"product","2":"type-product","3":"status-publish","4":"has-post-thumbnail","6":"product_cat-lectures-per-preadolescents-6-12-anys","7":"product_cat-libros-preadolescentes-6-12-anos","9":"first","10":"instock","11":"taxable","12":"shipping-taxable","13":"purchasable","14":"product-type-simple"},"acf":{"editorial":[{"ID":6249,"post_author":"3","post_date":"2022-07-28 17:48:09","post_date_gmt":"2022-07-28 15:48:09","post_content":"","post_title":"Estrella Polar","post_excerpt":"","post_status":"publish","comment_status":"closed","ping_status":"closed","post_password":"","post_name":"estrella-polar","to_ping":"","pinged":"","post_modified":"2022-07-28 17:48:09","post_modified_gmt":"2022-07-28 15:48:09","post_content_filtered":"","post_parent":0,"guid":"http:\/\/dev.claret.cat\/editorial\/estrella-polar\/","menu_order":0,"post_type":"editorial","post_mime_type":"","comment_count":"0","filter":"raw"}],"autor":"GEMMA LIENAS","codart":"841844350","libros-coleccion":"Sputnik","ediciones":"1","encuadernacion":"Carton\u00e9","fecha_de_publicacion":"01\/02\/2021","novedad":"1","paginas":"80","subtitulo":"IL\u00b7LUSTRACIONS DE LAURA CALDENTEY","orden":"0","portada":"0","idioma":"cat","autores-libros":[{"ID":156675,"post_author":"3","post_date":"2022-10-14 15:22:42","post_date_gmt":"2022-10-14 13:22:42","post_content":"","post_title":"GEMMA LIENAS","post_excerpt":"","post_status":"publish","comment_status":"closed","ping_status":"closed","post_password":"","post_name":"gemma-lienas","to_ping":"","pinged":"","post_modified":"2022-10-14 15:22:42","post_modified_gmt":"2022-10-14 13:22:42","post_content_filtered":"","post_parent":0,"guid":"http:\/\/dev.claret.cat\/autor\/gemma-lienas\/","menu_order":0,"post_type":"autor","post_mime_type":"","comment_count":"0","filter":"raw"}],"booktrailer":"","resenas":""},"aioseo_notices":[],"_links":{"self":[{"href":"https:\/\/www.claret.cat\/es\/wp-json\/wp\/v2\/product\/96159","targetHints":{"allow":["GET"]}}],"collection":[{"href":"https:\/\/www.claret.cat\/es\/wp-json\/wp\/v2\/product"}],"about":[{"href":"https:\/\/www.claret.cat\/es\/wp-json\/wp\/v2\/types\/product"}],"wp:featuredmedia":[{"embeddable":true,"href":"https:\/\/www.claret.cat\/es\/wp-json\/wp\/v2\/media\/96160"}],"wp:attachment":[{"href":"https:\/\/www.claret.cat\/es\/wp-json\/wp\/v2\/media?parent=96159"}],"wp:term":[{"taxonomy":"product_brand","embeddable":true,"href":"https:\/\/www.claret.cat\/es\/wp-json\/wp\/v2\/product_brand?post=96159"},{"taxonomy":"product_cat","embeddable":true,"href":"https:\/\/www.claret.cat\/es\/wp-json\/wp\/v2\/product_cat?post=96159"},{"taxonomy":"product_tag","embeddable":true,"href":"https:\/\/www.claret.cat\/es\/wp-json\/wp\/v2\/product_tag?post=96159"}],"curies":[{"name":"wp","href":"https:\/\/api.w.org\/{rel}","templated":true}]}}

LA REBEL·LIÓ DE LES NOIES

<p>És a l&#8217;aula d&#8217;una escola on la protagonista es comença a adonar d&#8217;unes injustícies que pateixen les nenes de la classe pel simple fet de ser-ho&#8230; Patriarcat, ús del llenguatge, estereotips&#8230; Aquest llibre presenta un recorregut visual per diferents situacions masclistes de la nostra societat, ens mostra exemples de dones fortes i valentes i ensenya als més petits a viure en el feminisme, és a dir, en la igualtat. Un llibre rigorós i amb sentit de l&#8217;humor tant per nens com per a nenes. El manual de les feministes incipients.</p>

Cartoné
