{"id":962422,"date":"2024-04-19T11:25:05","date_gmt":"2024-04-19T09:25:05","guid":{"rendered":"https:\/\/www.claret.cat\/llibre\/la-peninsula-de-las-casas-vacias-9788419942319\/"},"modified":"2026-04-24T10:29:33","modified_gmt":"2026-04-24T08:29:33","slug":"la-peninsula-de-las-casas-vacias-9788419942319","status":"publish","type":"product","link":"https:\/\/www.claret.cat\/es\/libro\/la-peninsula-de-las-casas-vacias-9788419942319\/","title":{"rendered":"LA PEN\u00cdNSULA DE LAS CASAS VAC\u00cdAS"},"content":{"rendered":"<p>UNA NOVELA TOTAL SOBRE LA GUERRA CIVIL ESPA\u00d1OLA EN CLAVE DE REALISMO M\u00c1GICO<\/p>\n<p>He aqu\u00ed la historia de la descomposici\u00f3n total de una familia, de la deshumanizaci\u00f3n de un pueblo, de la desintegraci\u00f3n de un territorio y de una pen\u00ednsula de casas vac\u00edas.<\/p>\n<p>La historia de un soldado que se raja la piel para dejar salir la ceniza acumulada, de un poeta que cose la sombra de una ni\u00f1a tras un bombardeo, y de un maestro que ense\u00f1a a sus alumnos a hacerse los muertos; de un general que duerme junto a la mano cortada de una santa, de un ni\u00f1o ciego que recupera la vista durante un apag\u00f3n, y de una campesina que pinta de negro todos los \u00e1rboles de su huerto; de un fot\u00f3grafo extranjero que pisa una mina cerca de Brunete y no levanta el pie en cuarenta a\u00f1os, de un gernikarra que conduce hasta el centro de Par\u00eds una camioneta con los restos humeantes de un ataque a\u00e9reo, y de un perro herido cuya sangre te\u00f1ir\u00e1 la \u00faltima franja de una bandera abandonada en Badajoz.<\/p>\n<p>He aqu\u00ed pues la historia total de la Guerra Civil espa\u00f1ola y de una Iberia agonizante donde lo fant\u00e1stico apuntala la crudeza de lo real; donde los an\u00f3nimos miembros de un extenso clan de olivareros de J\u00e1ndula cruzan sus destinos con los de Alberti, Lorca y Unamuno; Rodoreda, Zambrano y Kent; Hemingway, Orwell y Bernanos; Picasso y Mallo; Aza\u00f1a y Fox\u00e1; donde lo \u00e9pico y lo costumbrista se entrelazan para tejer un portentoso tapiz, po\u00e9tico y grotesco, bello y delirante.<\/p>\n<p>\u00abCon una prosa imprevista, tan original como desacomplejada, David Ucl\u00e9s es un aut\u00e9ntico soplo de aire fresco en las letras espa\u00f1olas\u00bb.<br \/>Pablo Mart\u00edn S\u00e1nchez<\/p>\n<p>\u00abLa honestidad de Ucl\u00e9s impresiona, igual que la convicci\u00f3n con que acomete el desaf\u00edo\u00bb. Nadal Suau, Babelia, El Pa\u00eds<\/p>\n<p>\u00abHe aqu\u00ed un desgarrador libro \u2014como nuestra propia Historia\u2014 que es, a un mismo tiempo, cr\u00f3nica familiar y fresco de una guerra de la que todos somos herederos y que todav\u00eda hoy, lamentablemente, nos separa\u00bb. <br \/>Antonio Rojas, AISGE<\/p>\n<p>\u00abUna muy buena novela, valiente y divertida, ocurrente y bien escrita.(\u2026) David Ucl\u00e9s consigue la haza\u00f1a narrativa de contar con humor algunos episodios de extrema violencia y no estrellarse\u00bb.<br \/>Juan Marqu\u00e9s, La Lectura, El Mundo<br \/>\u00a0<br \/>\u00abEsta novela es un triple salto mortal que le ha salido muy bien al autor: escritura honesta, comprometida, extempor\u00e1nea (en el buen sentido) y una memoria dignificante\u00bb.<br \/>Nadal Suau, El Pa\u00eds<\/p>\n","protected":false},"excerpt":{"rendered":"<p>UCL\u00c9S, DAVID<\/p>\n","protected":false},"featured_media":1081906,"template":"","meta":{"_acf_changed":false,"om_disable_all_campaigns":false,"rs_blank_template":"","rs_page_bg_color":"","slide_template_v7":"","inline_featured_image":false,"_monsterinsights_skip_tracking":false,"_monsterinsights_sitenote_active":false,"_monsterinsights_sitenote_note":"","_monsterinsights_sitenote_category":0},"product_brand":[],"product_cat":[90,540],"product_tag":[],"class_list":{"0":"post-962422","1":"product","2":"type-product","3":"status-publish","4":"has-post-thumbnail","6":"product_cat-altres","7":"product_cat-otros","9":"first","10":"instock","11":"taxable","12":"shipping-taxable","13":"purchasable","14":"product-type-simple"},"acf":{"autor":"UCL\u00c9S, DAVID","codart":"841994231","libros-coleccion":"Nuevos Tiempos","ediciones":"1","encuadernacion":"R\u00fastica","fecha_de_publicacion":"01\/04\/2024","novedad":"1","paginas":"0","subtitulo":"","orden":"0","portada":"0","idioma":"spa","editorial":[{"ID":6365,"post_author":"3","post_date":"2022-07-28 17:50:37","post_date_gmt":"2022-07-28 15:50:37","post_content":"","post_title":"Siruela","post_excerpt":"","post_status":"publish","comment_status":"closed","ping_status":"closed","post_password":"","post_name":"siruela","to_ping":"","pinged":"","post_modified":"2022-07-28 17:50:37","post_modified_gmt":"2022-07-28 15:50:37","post_content_filtered":"","post_parent":0,"guid":"http:\/\/dev.claret.cat\/editorial\/siruela\/","menu_order":0,"post_type":"editorial","post_mime_type":"","comment_count":"0","filter":"raw"}],"booktrailer":"","resenas":""},"aioseo_notices":[],"_links":{"self":[{"href":"https:\/\/www.claret.cat\/es\/wp-json\/wp\/v2\/product\/962422","targetHints":{"allow":["GET"]}}],"collection":[{"href":"https:\/\/www.claret.cat\/es\/wp-json\/wp\/v2\/product"}],"about":[{"href":"https:\/\/www.claret.cat\/es\/wp-json\/wp\/v2\/types\/product"}],"wp:featuredmedia":[{"embeddable":true,"href":"https:\/\/www.claret.cat\/es\/wp-json\/wp\/v2\/media\/1081906"}],"wp:attachment":[{"href":"https:\/\/www.claret.cat\/es\/wp-json\/wp\/v2\/media?parent=962422"}],"wp:term":[{"taxonomy":"product_brand","embeddable":true,"href":"https:\/\/www.claret.cat\/es\/wp-json\/wp\/v2\/product_brand?post=962422"},{"taxonomy":"product_cat","embeddable":true,"href":"https:\/\/www.claret.cat\/es\/wp-json\/wp\/v2\/product_cat?post=962422"},{"taxonomy":"product_tag","embeddable":true,"href":"https:\/\/www.claret.cat\/es\/wp-json\/wp\/v2\/product_tag?post=962422"}],"curies":[{"name":"wp","href":"https:\/\/api.w.org\/{rel}","templated":true}]}}

LA PENÍNSULA DE LAS CASAS VACÍAS

<p>UNA NOVELA TOTAL SOBRE LA GUERRA CIVIL ESPAÑOLA EN CLAVE DE REALISMO MÁGICO</p>
<p>He aquí la historia de la descomposición total de una familia, de la deshumanización de un pueblo, de la desintegración de un territorio y de una península de casas vacías.</p>
<p>La historia de un soldado que se raja la piel para dejar salir la ceniza acumulada, de un poeta que cose la sombra de una niña tras un bombardeo, y de un maestro que enseña a sus alumnos a hacerse los muertos; de un general que duerme junto a la mano cortada de una santa, de un niño ciego que recupera la vista durante un apagón, y de una campesina que pinta de negro todos los árboles de su huerto; de un fotógrafo extranjero que pisa una mina cerca de Brunete y no levanta el pie en cuarenta años, de un gernikarra que conduce hasta el centro de París una camioneta con los restos humeantes de un ataque aéreo, y de un perro herido cuya sangre teñirá la última franja de una bandera abandonada en Badajoz.</p>
<p>He aquí pues la historia total de la Guerra Civil española y de una Iberia agonizante donde lo fantástico apuntala la crudeza de lo real; donde los anónimos miembros de un extenso clan de olivareros de Jándula cruzan sus destinos con los de Alberti, Lorca y Unamuno; Rodoreda, Zambrano y Kent; Hemingway, Orwell y Bernanos; Picasso y Mallo; Azaña y Foxá; donde lo épico y lo costumbrista se entrelazan para tejer un portentoso tapiz, poético y grotesco, bello y delirante.</p>
<p>«Con una prosa imprevista, tan original como desacomplejada, David Uclés es un auténtico soplo de aire fresco en las letras españolas».<br />Pablo Martín Sánchez</p>
<p>«La honestidad de Uclés impresiona, igual que la convicción con que acomete el desafío». Nadal Suau, Babelia, El País</p>
<p>«He aquí un desgarrador libro —como nuestra propia Historia— que es, a un mismo tiempo, crónica familiar y fresco de una guerra de la que todos somos herederos y que todavía hoy, lamentablemente, nos separa». <br />Antonio Rojas, AISGE</p>
<p>«Una muy buena novela, valiente y divertida, ocurrente y bien escrita.(…) David Uclés consigue la hazaña narrativa de contar con humor algunos episodios de extrema violencia y no estrellarse».<br />Juan Marqués, La Lectura, El Mundo<br /> <br />«Esta novela es un triple salto mortal que le ha salido muy bien al autor: escritura honesta, comprometida, extemporánea (en el buen sentido) y una memoria dignificante».<br />Nadal Suau, El País</p>

<p>UCLÉS, DAVID</p>

UCLÉS, DAVID

Rústica
