{"id":962908,"date":"2024-04-25T13:05:02","date_gmt":"2024-04-25T11:05:02","guid":{"rendered":"https:\/\/www.claret.cat\/llibre\/de-viaje-con-jesus-9788412477139\/"},"modified":"2025-11-22T13:52:50","modified_gmt":"2025-11-22T12:52:50","slug":"de-viaje-con-jesus-9788412477139","status":"publish","type":"product","link":"https:\/\/www.claret.cat\/es\/libro\/de-viaje-con-jesus-9788412477139\/","title":{"rendered":"DE VIAJE CON JES\u00daS"},"content":{"rendered":"<p>El Fray Arun cita en el mismo p\u00e1rrafo del serm\u00f3n a Jimi Hendrix y a Santa Teresa de Calcuta, a Willa Cather y un proverbio indio. As\u00ed es este original comentario del Evangelio de San Lucas, 50 vi\u00f1etas de la vida de Jes\u00fas que acaban siendo de la tuya. Mirada oriental, gesto optimista y narrativa que bebe de los cuentos, f\u00e1bulas y romances de abuelas, juglares y cantautores. Un viaje por los repliegues de la humanidad en compa\u00f1\u00eda de Jes\u00fas.<\/p>\n<p> \u00abUna gran oportunidad para contemplar la Palabra con una mirada transfigurada y dejando que su belleza siempre nueva nos toque el coraz\u00f3n y nos interpele\u00bb (Toni Vadell, obispo auxiliar de Barcelona, +12.02.2022).<\/p>\n","protected":false},"excerpt":{"rendered":"<p>DE MADURAI, FRAY ARUN<\/p>\n","protected":false},"featured_media":1067809,"template":"","meta":{"_acf_changed":false,"om_disable_all_campaigns":false,"rs_blank_template":"","rs_page_bg_color":"","slide_template_v7":"","inline_featured_image":false,"_monsterinsights_skip_tracking":false,"_monsterinsights_sitenote_active":false,"_monsterinsights_sitenote_note":"","_monsterinsights_sitenote_category":0},"product_brand":[],"product_cat":[234,487,202,463],"product_tag":[],"class_list":{"0":"post-962908","1":"product","2":"type-product","3":"status-publish","4":"has-post-thumbnail","6":"product_cat-cristocentrica","7":"product_cat-cristocentrica-espiritualidad-1_espiritualidad","8":"product_cat-introduccio-n-t","9":"product_cat-introduccion-n-t","11":"first","12":"instock","13":"taxable","14":"shipping-taxable","15":"purchasable","16":"product-type-simple"},"acf":{"autor":"DE MADURAI, FRAY ARUN","codart":"841247713","libros-coleccion":"FORA DE COL.LECCI\u00d3","ediciones":"1","encuadernacion":"R\u00fastica","fecha_de_publicacion":"01\/06\/2022","novedad":"1","paginas":"253","subtitulo":"","orden":"0","portada":"0","idioma":"spa","editorial":[{"ID":6117,"post_author":"3","post_date":"2022-07-28 17:45:15","post_date_gmt":"2022-07-28 15:45:15","post_content":"","post_title":"Albada","post_excerpt":"","post_status":"publish","comment_status":"closed","ping_status":"closed","post_password":"","post_name":"albada","to_ping":"","pinged":"","post_modified":"2022-07-28 17:45:15","post_modified_gmt":"2022-07-28 15:45:15","post_content_filtered":"","post_parent":0,"guid":"http:\/\/dev.claret.cat\/editorial\/albada\/","menu_order":0,"post_type":"editorial","post_mime_type":"","comment_count":"0","filter":"raw"}],"booktrailer":"","resenas":""},"aioseo_notices":[],"_links":{"self":[{"href":"https:\/\/www.claret.cat\/es\/wp-json\/wp\/v2\/product\/962908","targetHints":{"allow":["GET"]}}],"collection":[{"href":"https:\/\/www.claret.cat\/es\/wp-json\/wp\/v2\/product"}],"about":[{"href":"https:\/\/www.claret.cat\/es\/wp-json\/wp\/v2\/types\/product"}],"wp:featuredmedia":[{"embeddable":true,"href":"https:\/\/www.claret.cat\/es\/wp-json\/wp\/v2\/media\/1067809"}],"wp:attachment":[{"href":"https:\/\/www.claret.cat\/es\/wp-json\/wp\/v2\/media?parent=962908"}],"wp:term":[{"taxonomy":"product_brand","embeddable":true,"href":"https:\/\/www.claret.cat\/es\/wp-json\/wp\/v2\/product_brand?post=962908"},{"taxonomy":"product_cat","embeddable":true,"href":"https:\/\/www.claret.cat\/es\/wp-json\/wp\/v2\/product_cat?post=962908"},{"taxonomy":"product_tag","embeddable":true,"href":"https:\/\/www.claret.cat\/es\/wp-json\/wp\/v2\/product_tag?post=962908"}],"curies":[{"name":"wp","href":"https:\/\/api.w.org\/{rel}","templated":true}]}}

DE VIAJE CON JESÚS

<p>El Fray Arun cita en el mismo párrafo del sermón a Jimi Hendrix y a Santa Teresa de Calcuta, a Willa Cather y un proverbio indio. Así es este original comentario del Evangelio de San Lucas, 50 viñetas de la vida de Jesús que acaban siendo de la tuya. Mirada oriental, gesto optimista y narrativa que bebe de los cuentos, fábulas y romances de abuelas, juglares y cantautores. Un viaje por los repliegues de la humanidad en compañía de Jesús.</p>
<p> «Una gran oportunidad para contemplar la Palabra con una mirada transfigurada y dejando que su belleza siempre nueva nos toque el corazón y nos interpele» (Toni Vadell, obispo auxiliar de Barcelona, +12.02.2022).</p>

FORA DE COL.LECCIÓ

Rústica
