{"id":963420,"date":"2024-05-03T11:21:36","date_gmt":"2024-05-03T09:21:36","guid":{"rendered":"https:\/\/www.claret.cat\/llibre\/el-via-crucis-de-les-dones-9788487023927\/"},"modified":"2026-04-06T23:14:51","modified_gmt":"2026-04-06T21:14:51","slug":"el-via-crucis-de-les-dones-9788487023927","status":"publish","type":"product","link":"https:\/\/www.claret.cat\/es\/libro\/el-via-crucis-de-les-dones-9788487023927\/","title":{"rendered":"EL VIA CRUCIS DE LES DONES"},"content":{"rendered":"<p>Aquest viacrucis vol ajudar a formar cors que es deixin forjar per Maria, que aprenguin a esperar i a estimar l&#8221;Esgl\u00e9sia com Ella. L&#8221;Esgl\u00e9sia necessita encarnar aquest rostre de dona i mare capa\u00e7 de sostenir els amics de Jes\u00fas en l&#8221;hora fosca.<br \/>Necessitem que el cor de mare ens impulsi a sortir de la nostra zona de confort i a crear espais on tothom s\u00e0piga que sempre hi ser\u00e0 ben rebut. \u00c9s l&#8221;hora d&#8221;unir el nostre cor a Maria per esperar amb Ella la Pentecosta i intuir que ja \u00e9s a prop, a les portes. Veig aquest viacrucis com una contribuci\u00f3 a formar el cor femen\u00ed i matern de l&#8221;Esgl\u00e9sia.<br \/>(Marta Rodr\u00edguez, pr.leg)<\/p>\n<p>Et convido a que vinguis amb mi a Jerusalem, amb les dones, al moment en qu\u00e8 tot sembla perdut, perqu\u00e8 juntes visquem com batega el cor femen\u00ed durant el glop m\u00e9s amarg de Jes\u00fas, abans de v\u00e8ncer el mal. I que, tamb\u00e9 juntes, visquem el goig de la Resurrecci\u00f3.<br \/>(Carlota Valenzuela, introducci\u00f3)<\/p>\n","protected":false},"excerpt":{"rendered":"<p>VALENZUELA, CARLOTA<\/p>\n","protected":false},"featured_media":963421,"template":"","meta":{"_acf_changed":false,"om_disable_all_campaigns":false,"rs_blank_template":"","rs_page_bg_color":"","slide_template_v7":"","inline_featured_image":false,"_monsterinsights_skip_tracking":false,"_monsterinsights_sitenote_active":false,"_monsterinsights_sitenote_note":"","_monsterinsights_sitenote_category":0},"product_brand":[],"product_cat":[92,542],"product_tag":[],"class_list":{"0":"post-963420","1":"product","2":"type-product","3":"status-publish","4":"has-post-thumbnail","6":"product_cat-vida-religiosa","7":"product_cat-vida-religiosa-1_espiritualidad-spa","9":"first","10":"instock","11":"taxable","12":"shipping-taxable","13":"purchasable","14":"product-type-simple"},"acf":{"autor":"VALENZUELA, CARLOTA","codart":"848702392","libros-coleccion":"FORA DE COL.LECCI\u00d3","ediciones":"1","encuadernacion":"R\u00fastica","fecha_de_publicacion":"01\/04\/2024","novedad":"1","paginas":"109","subtitulo":"","orden":"0","portada":"1","idioma":"cat","editorial":[{"ID":963438,"post_author":"3","post_date":"2024-05-03 11:22:44","post_date_gmt":"2024-05-03 09:22:44","post_content":"","post_title":"EDITORIAL ALBADA","post_excerpt":"","post_status":"publish","comment_status":"closed","ping_status":"closed","post_password":"","post_name":"editorial-albada","to_ping":"","pinged":"","post_modified":"2024-05-03 11:22:44","post_modified_gmt":"2024-05-03 09:22:44","post_content_filtered":"","post_parent":0,"guid":"https:\/\/www.claret.cat\/editorial\/editorial-albada\/","menu_order":0,"post_type":"editorial","post_mime_type":"","comment_count":"0","filter":"raw"}],"booktrailer":"","resenas":""},"aioseo_notices":[],"_links":{"self":[{"href":"https:\/\/www.claret.cat\/es\/wp-json\/wp\/v2\/product\/963420","targetHints":{"allow":["GET"]}}],"collection":[{"href":"https:\/\/www.claret.cat\/es\/wp-json\/wp\/v2\/product"}],"about":[{"href":"https:\/\/www.claret.cat\/es\/wp-json\/wp\/v2\/types\/product"}],"wp:featuredmedia":[{"embeddable":true,"href":"https:\/\/www.claret.cat\/es\/wp-json\/wp\/v2\/media\/963421"}],"wp:attachment":[{"href":"https:\/\/www.claret.cat\/es\/wp-json\/wp\/v2\/media?parent=963420"}],"wp:term":[{"taxonomy":"product_brand","embeddable":true,"href":"https:\/\/www.claret.cat\/es\/wp-json\/wp\/v2\/product_brand?post=963420"},{"taxonomy":"product_cat","embeddable":true,"href":"https:\/\/www.claret.cat\/es\/wp-json\/wp\/v2\/product_cat?post=963420"},{"taxonomy":"product_tag","embeddable":true,"href":"https:\/\/www.claret.cat\/es\/wp-json\/wp\/v2\/product_tag?post=963420"}],"curies":[{"name":"wp","href":"https:\/\/api.w.org\/{rel}","templated":true}]}}

<p>Aquest viacrucis vol ajudar a formar cors que es deixin forjar per Maria, que aprenguin a esperar i a estimar l&#8221;Església com Ella. L&#8221;Església necessita encarnar aquest rostre de dona i mare capaç de sostenir els amics de Jesús en l&#8221;hora fosca.<br />Necessitem que el cor de mare ens impulsi a sortir de la nostra zona de confort i a crear espais on tothom sàpiga que sempre hi serà ben rebut. És l&#8221;hora d&#8221;unir el nostre cor a Maria per esperar amb Ella la Pentecosta i intuir que ja és a prop, a les portes. Veig aquest viacrucis com una contribució a formar el cor femení i matern de l&#8221;Església.<br />(Marta Rodríguez, pr.leg)</p>
<p>Et convido a que vinguis amb mi a Jerusalem, amb les dones, al moment en què tot sembla perdut, perquè juntes visquem com batega el cor femení durant el glop més amarg de Jesús, abans de vèncer el mal. I que, també juntes, visquem el goig de la Resurrecció.<br />(Carlota Valenzuela, introducció)</p>

FORA DE COL.LECCIÓ

Rústica
