{"id":964536,"date":"2024-05-13T11:35:44","date_gmt":"2024-05-13T09:35:44","guid":{"rendered":"https:\/\/www.claret.cat\/llibre\/historias-para-vivir-9788491365266\/"},"modified":"2025-06-13T18:21:09","modified_gmt":"2025-06-13T16:21:09","slug":"historias-para-vivir-9788491365266","status":"publish","type":"product","link":"https:\/\/www.claret.cat\/es\/libro\/historias-para-vivir-9788491365266\/","title":{"rendered":"HISTORIAS PARA VIVIR"},"content":{"rendered":"<p>A todos nos gusta <strong>escuchar y explicar historias<\/strong>. En la memoria conservamos <strong>historias maravillosas y fant\u00e1sticas<\/strong> que nos hacen so\u00f1ar. A partir de esta experiencia gozosa de leer y contar historias, el autor propone una forma de leer la <strong>Biblia<\/strong>: explicar las historias del <strong>Pueblo de Dios<\/strong> para dar sentido y belleza hoy a la vida. El enfoque de esta obra es, pues, vivencial: hace que la Palabra de Dios toque a las personas; y tiene un horizonte misionero que hace so\u00f1ar. Una lectura \u00edntima o en grupo nos ayudar\u00e1 a <strong>conectar los relatos b\u00edblicos<\/strong> con la existencia. Esta nueva edici\u00f3n ha sido revisada y muy ampliada, especialmente en lo que respecta a los libros del <strong>Nuevo Testamento<\/strong>.<\/p>\n<p><a href='https:\/\/www.claret.cat\/llibre\/histories-per-a-viure-9788491365259\/?c=' rel='noopener noreferrer' target='_blank'>Disponible en catal\u00e1n.<\/a><\/p>\n","protected":false},"excerpt":{"rendered":"<p>MART\u00cdNEZ, JUSTINO<\/p>\n","protected":false},"featured_media":987229,"template":"","meta":{"_acf_changed":false,"om_disable_all_campaigns":false,"rs_blank_template":"","rs_page_bg_color":"","slide_template_v7":"","inline_featured_image":false,"_monsterinsights_skip_tracking":false,"_monsterinsights_sitenote_active":false,"_monsterinsights_sitenote_note":"","_monsterinsights_sitenote_category":0},"product_brand":[],"product_cat":[485,232,581,308],"product_tag":[],"class_list":{"0":"post-964536","1":"product","2":"type-product","3":"status-publish","4":"has-post-thumbnail","6":"product_cat-autores-espiritualidad-1_espiritualidad","7":"product_cat-autors-espiritualitat","8":"product_cat-editorial-claret","9":"product_cat-castella","11":"first","12":"instock","13":"taxable","14":"shipping-taxable","15":"purchasable","16":"product-type-simple"},"acf":{"autor":"MART\u00cdNEZ, JUSTINO","codart":"849136526","libros-coleccion":"","ediciones":"1","encuadernacion":"R\u00fastica","fecha_de_publicacion":"04\/06\/2024","novedad":"1","paginas":"396","subtitulo":"LEER LA BIBLIA DESDE LA VIDA (2 EDICI\u00d3N REVISADA Y AMPLIADA) ","orden":"11","portada":"1","idioma":"spa","editorial":[{"ID":6158,"post_author":"3","post_date":"2022-07-28 17:46:08","post_date_gmt":"2022-07-28 15:46:08","post_content":"","post_title":"CLARET","post_excerpt":"","post_status":"publish","comment_status":"closed","ping_status":"closed","post_password":"","post_name":"claret","to_ping":"","pinged":"","post_modified":"2022-07-28 17:46:08","post_modified_gmt":"2022-07-28 15:46:08","post_content_filtered":"","post_parent":0,"guid":"http:\/\/dev.claret.cat\/editorial\/claret\/","menu_order":0,"post_type":"editorial","post_mime_type":"","comment_count":"0","filter":"raw"}],"autores-libros":[{"ID":368027,"post_author":"3","post_date":"2023-01-15 22:40:39","post_date_gmt":"2023-01-15 21:40:39","post_content":"Justino Mart\u00ednez P\u00e9rez (Villambr\u00e1n de Cea, Pal\u00e8ncia), missioner comboni\u00e0, \u00e9s llicenciat en Teologia per la Pontif\u00edcia Universitat Gregoriana i en Ci\u00e8ncies de l\u2019Educaci\u00f3 i Catequesi per la Universitat Pontif\u00edcia Salesiana, i doctor en B\u00edblia per la Facultat de Teologia de Catalunya. Forma part de v\u00e0ries associacions b\u00edbliques d\u2019Espanya i Brasil. Creador de l\u2019Escola d\u2019Animaci\u00f3 B\u00edblica de Barcelona (1999), ha estat professor de Sagrada Escriptura en diversos centres teol\u00f2gics de Barcelona.","post_title":"JUSTINO MART\u00cdNEZ","post_excerpt":"","post_status":"publish","comment_status":"closed","ping_status":"closed","post_password":"","post_name":"justino-martinez","to_ping":"","pinged":"","post_modified":"2024-06-26 11:48:33","post_modified_gmt":"2024-06-26 09:48:33","post_content_filtered":"","post_parent":0,"guid":"https:\/\/www.claret.cat\/autor\/justino-martinez\/","menu_order":0,"post_type":"autor","post_mime_type":"","comment_count":"0","filter":"raw"}],"booktrailer":"<iframe width=\"949\" height=\"433\" src=\"https:\/\/www.youtube.com\/embed\/hEBWMWH_7Sw?si=9s0elnpk029Xcpau\" title=\"YouTube video player\" frameborder=\"0\" allow=\"accelerometer; autoplay; clipboard-write; encrypted-media; gyroscope; picture-in-picture; web-share\" referrerpolicy=\"strict-origin-when-cross-origin\" allowfullscreen><\/iframe>","linkebook":"","ficha":"849136526_1715863291.pdf","muestra":"","precioebook":"0","presentacion":"","resenas":"<p>Catalunya Religi\u00f3, 10\/06\/2024<\/p>\n<p><a href=\"https:\/\/www.catalunyareligio.cat\/ca\/blog\/llibres-recomanats\/historias-para-vivir-313756?utm_source=dlvr.it&amp;utm_medium=twitter\" rel=\"noopener noreferrer\" target=\"_blank\">https:\/\/www.catalunyareligio.cat\/ca\/blog\/llibres-recomanats\/historias-para-vivir-313756?utm_source=dlvr.it&amp;utm_medium=twitter<\/a><\/p>\n<p><\/p>\n<p>Catalunya Cristiana (castell\u00e0), 23\/06\/2024<\/p>\n<p><a href=\"https:\/\/drive.google.com\/file\/d\/1b_Le-vwWhaVAFc6N8oFbtP0SpOWnCzrX\/view?usp=sharing\" rel=\"noopener noreferrer\" target=\"_blank\">https:\/\/drive.google.com\/file\/d\/1b_Le-vwWhaVAFc6N8oFbtP0SpOWnCzrX\/view?usp=sharing<\/a><\/p>\n<p><\/p>\n<p>Catalunya Cristiana (castellano), 13\/10\/2024:<\/p>\n<p><a href=\"https:\/\/drive.google.com\/file\/d\/1W4T0SrkF84QWP6Dbmrp8Veswxt_6X0qc\/view?usp=sharing\" rel=\"noopener noreferrer\" target=\"_blank\">https:\/\/drive.google.com\/file\/d\/1W4T0SrkF84QWP6Dbmrp8Veswxt_6X0qc\/view?usp=sharing<\/a><\/p>\n"},"aioseo_notices":[],"_links":{"self":[{"href":"https:\/\/www.claret.cat\/es\/wp-json\/wp\/v2\/product\/964536","targetHints":{"allow":["GET"]}}],"collection":[{"href":"https:\/\/www.claret.cat\/es\/wp-json\/wp\/v2\/product"}],"about":[{"href":"https:\/\/www.claret.cat\/es\/wp-json\/wp\/v2\/types\/product"}],"wp:featuredmedia":[{"embeddable":true,"href":"https:\/\/www.claret.cat\/es\/wp-json\/wp\/v2\/media\/987229"}],"wp:attachment":[{"href":"https:\/\/www.claret.cat\/es\/wp-json\/wp\/v2\/media?parent=964536"}],"wp:term":[{"taxonomy":"product_brand","embeddable":true,"href":"https:\/\/www.claret.cat\/es\/wp-json\/wp\/v2\/product_brand?post=964536"},{"taxonomy":"product_cat","embeddable":true,"href":"https:\/\/www.claret.cat\/es\/wp-json\/wp\/v2\/product_cat?post=964536"},{"taxonomy":"product_tag","embeddable":true,"href":"https:\/\/www.claret.cat\/es\/wp-json\/wp\/v2\/product_tag?post=964536"}],"curies":[{"name":"wp","href":"https:\/\/api.w.org\/{rel}","templated":true}]}}

<p>A todos nos gusta <strong>escuchar y explicar historias</strong>. En la memoria conservamos <strong>historias maravillosas y fantásticas</strong> que nos hacen soñar. A partir de esta experiencia gozosa de leer y contar historias, el autor propone una forma de leer la <strong>Biblia</strong>: explicar las historias del <strong>Pueblo de Dios</strong> para dar sentido y belleza hoy a la vida. El enfoque de esta obra es, pues, vivencial: hace que la Palabra de Dios toque a las personas; y tiene un horizonte misionero que hace soñar. Una lectura íntima o en grupo nos ayudará a <strong>conectar los relatos bíblicos</strong> con la existencia. Esta nueva edición ha sido revisada y muy ampliada, especialmente en lo que respecta a los libros del <strong>Nuevo Testamento</strong>.</p>
<p><a href='https://www.claret.cat/llibre/histories-per-a-viure-9788491365259/?c=' rel='noopener noreferrer' target='_blank'>Disponible en catalán.</a></p>

<p>MARTÍNEZ, JUSTINO</p>

MARTÍNEZ, JUSTINO

Rústica

LEER LA BIBLIA DESDE LA VIDA (2 EDICIÓN REVISADA Y AMPLIADA)

Justino Martínez Pérez (Villambrán de Cea, Palència), missioner combonià, és llicenciat en Teologia per la Pontifícia Universitat Gregoriana i en Ciències de l’Educació i Catequesi per la Universitat Pontifícia Salesiana, i doctor en Bíblia per la Facultat de Teologia de Catalunya. Forma part de vàries associacions bíbliques d’Espanya i Brasil. Creador de l’Escola d’Animació Bíblica de Barcelona (1999), ha estat professor de Sagrada Escriptura en diversos centres teològics de Barcelona.

JUSTINO MARTÍNEZ

<p>Catalunya Religió, 10/06/2024</p>
<p><a href="https://www.catalunyareligio.cat/ca/blog/llibres-recomanats/historias-para-vivir-313756?utm_source=dlvr.it&amp;utm_medium=twitter" rel="noopener noreferrer" target="_blank">https://www.catalunyareligio.cat/ca/blog/llibres-recomanats/historias-para-vivir-313756?utm_source=dlvr.it&amp;utm_medium=twitter</a></p>
<p></p>
<p>Catalunya Cristiana (castellà), 23/06/2024</p>
<p><a href="https://drive.google.com/file/d/1b_Le-vwWhaVAFc6N8oFbtP0SpOWnCzrX/view?usp=sharing" rel="noopener noreferrer" target="_blank">https://drive.google.com/file/d/1b_Le-vwWhaVAFc6N8oFbtP0SpOWnCzrX/view?usp=sharing</a></p>
<p></p>
<p>Catalunya Cristiana (castellano), 13/10/2024:</p>
<p><a href="https://drive.google.com/file/d/1W4T0SrkF84QWP6Dbmrp8Veswxt_6X0qc/view?usp=sharing" rel="noopener noreferrer" target="_blank">https://drive.google.com/file/d/1W4T0SrkF84QWP6Dbmrp8Veswxt_6X0qc/view?usp=sharing</a></p>
