{"id":964542,"date":"2024-05-13T11:45:35","date_gmt":"2024-05-13T09:45:35","guid":{"rendered":"https:\/\/www.claret.cat\/llibre\/histories-per-viure-9788491365259\/"},"modified":"2025-01-04T12:35:45","modified_gmt":"2025-01-04T11:35:45","slug":"histories-per-a-viure-9788491365259","status":"publish","type":"product","link":"https:\/\/www.claret.cat\/es\/libro\/histories-per-a-viure-9788491365259\/","title":{"rendered":"HIST\u00d2RIES PER A VIURE"},"content":{"rendered":"<p>A tots ens agrada <strong>explicar i escoltar hist\u00f2ries<\/strong>. A la mem\u00f2ria guardem <strong>hist\u00f2ries meravelloses i fant\u00e0stiques<\/strong> que ens fan somiar. A partir d\u2019aquesta experi\u00e8ncia joiosa de llegir i narrar hist\u00f2ries, l\u2019autor proposa una forma de llegir la <strong>B\u00edblia<\/strong>: explicar les hist\u00f2ries del <strong>Poble de D\u00e9u<\/strong> per donar sentit i bellesa avui a l\u2019exist\u00e8ncia. L\u2019enfocament d\u2019aquesta obra \u00e9s, doncs, vivencial: fa que la <strong>Paraula de D\u00e9u<\/strong> toqui les persones; i t\u00e9 un horitz\u00f3 missioner que fa somiar. La lectura personal o en grup ens ajudar\u00e0 a <strong>connectar els relats b\u00edblics amb la vida<\/strong>. Aquesta nova edici\u00f3 ha estat revisada i molt ampliada, especialment pel que fa als llibres del <strong>Nou Testament<\/strong>.<\/p>\n<p><a href='https:\/\/www.claret.cat\/llibre\/historias-para-vivir-9788491365266\/' rel='noopener noreferrer' target='_blank'>Disponible en castell\u00e0.<\/a><\/p>\n","protected":false},"excerpt":{"rendered":"<p>MART\u00cdNEZ, JUSTINO<\/p>\n","protected":false},"featured_media":984264,"template":"","meta":{"_acf_changed":false,"om_disable_all_campaigns":false,"rs_blank_template":"","rs_page_bg_color":"","slide_template_v7":"","inline_featured_image":false,"_monsterinsights_skip_tracking":false,"_monsterinsights_sitenote_active":false,"_monsterinsights_sitenote_note":"","_monsterinsights_sitenote_category":0},"product_brand":[],"product_cat":[485,232,307,581],"product_tag":[],"class_list":{"0":"post-964542","1":"product","2":"type-product","3":"status-publish","4":"has-post-thumbnail","6":"product_cat-autores-espiritualidad-1_espiritualidad","7":"product_cat-autors-espiritualitat","8":"product_cat-catala","9":"product_cat-editorial-claret","11":"first","12":"instock","13":"taxable","14":"shipping-taxable","15":"purchasable","16":"product-type-simple"},"acf":{"autor":"MART\u00cdNEZ, JUSTINO","codart":"849136525","libros-coleccion":"","ediciones":"1","encuadernacion":"R\u00fastica","fecha_de_publicacion":"04\/06\/2024","novedad":"1","paginas":"394","subtitulo":"LLEGIR LA B\u00cdBLIA DES DE LA VIDA ","orden":"10","portada":"1","idioma":"cat","editorial":[{"ID":6158,"post_author":"3","post_date":"2022-07-28 17:46:08","post_date_gmt":"2022-07-28 15:46:08","post_content":"","post_title":"CLARET","post_excerpt":"","post_status":"publish","comment_status":"closed","ping_status":"closed","post_password":"","post_name":"claret","to_ping":"","pinged":"","post_modified":"2022-07-28 17:46:08","post_modified_gmt":"2022-07-28 15:46:08","post_content_filtered":"","post_parent":0,"guid":"http:\/\/dev.claret.cat\/editorial\/claret\/","menu_order":0,"post_type":"editorial","post_mime_type":"","comment_count":"0","filter":"raw"}],"autores-libros":[{"ID":368027,"post_author":"3","post_date":"2023-01-15 22:40:39","post_date_gmt":"2023-01-15 21:40:39","post_content":"Justino Mart\u00ednez P\u00e9rez (Villambr\u00e1n de Cea, Pal\u00e8ncia), missioner comboni\u00e0, \u00e9s llicenciat en Teologia per la Pontif\u00edcia Universitat Gregoriana i en Ci\u00e8ncies de l\u2019Educaci\u00f3 i Catequesi per la Universitat Pontif\u00edcia Salesiana, i doctor en B\u00edblia per la Facultat de Teologia de Catalunya. Forma part de v\u00e0ries associacions b\u00edbliques d\u2019Espanya i Brasil. Creador de l\u2019Escola d\u2019Animaci\u00f3 B\u00edblica de Barcelona (1999), ha estat professor de Sagrada Escriptura en diversos centres teol\u00f2gics de Barcelona.","post_title":"JUSTINO MART\u00cdNEZ","post_excerpt":"","post_status":"publish","comment_status":"closed","ping_status":"closed","post_password":"","post_name":"justino-martinez","to_ping":"","pinged":"","post_modified":"2024-06-26 11:48:33","post_modified_gmt":"2024-06-26 09:48:33","post_content_filtered":"","post_parent":0,"guid":"https:\/\/www.claret.cat\/autor\/justino-martinez\/","menu_order":0,"post_type":"autor","post_mime_type":"","comment_count":"0","filter":"raw"}],"booktrailer":"<iframe width=\"949\" height=\"433\" src=\"https:\/\/www.youtube.com\/embed\/N7vTFFeEwuo?si=KP5imGIPVGOz2vED\" title=\"YouTube video player\" frameborder=\"0\" allow=\"accelerometer; autoplay; clipboard-write; encrypted-media; gyroscope; picture-in-picture; web-share\" referrerpolicy=\"strict-origin-when-cross-origin\" allowfullscreen><\/iframe>","linkebook":"","ficha":"849136525_1716537364.pdf","muestra":"","precioebook":"0","presentacion":"","resenas":"<p>Catalunya Religi\u00f3, 09\/06\/2024<\/p>\n<p><a href=\"https:\/\/www.catalunyareligio.cat\/ca\/claret-publica-llibre-reflexions-vivencies-voltant\" rel=\"noopener noreferrer\" target=\"_blank\">https:\/\/www.catalunyareligio.cat\/ca\/claret-publica-llibre-reflexions-vivencies-voltant<\/a><\/p>\n<p><\/p>\n<p>Catalunya Cristiana (catal\u00e0), 23\/06\/2024<\/p>\n<p><a href=\"https:\/\/drive.google.com\/file\/d\/1HVbDUKmoeAaVF3-hvZdkC7sb28eAstNb\/view?usp=sharing\" rel=\"noopener noreferrer\" target=\"_blank\">https:\/\/drive.google.com\/file\/d\/1HVbDUKmoeAaVF3-hvZdkC7sb28eAstNb\/view?usp=sharing<\/a><\/p>\n<p><\/p>\n<p>Catalunya Cristiana (catal\u00e0), 14\/07\/2024<\/p>\n<p><a href=\"https:\/\/drive.google.com\/file\/d\/1yivOXJc_uHfyQuxxSm3RW4EvyFBaWm2H\/view?usp=sharing\" rel=\"noopener noreferrer\" target=\"_blank\">https:\/\/drive.google.com\/file\/d\/1yivOXJc_uHfyQuxxSm3RW4EvyFBaWm2H\/view?usp=sharing <\/a><\/p>\n","traductores-libros":"","ilustradores-libros":"","formato":"","ebookportada":false,"recomendamos":"","mas_vendido":""},"aioseo_notices":[],"_links":{"self":[{"href":"https:\/\/www.claret.cat\/es\/wp-json\/wp\/v2\/product\/964542","targetHints":{"allow":["GET"]}}],"collection":[{"href":"https:\/\/www.claret.cat\/es\/wp-json\/wp\/v2\/product"}],"about":[{"href":"https:\/\/www.claret.cat\/es\/wp-json\/wp\/v2\/types\/product"}],"wp:featuredmedia":[{"embeddable":true,"href":"https:\/\/www.claret.cat\/es\/wp-json\/wp\/v2\/media\/984264"}],"wp:attachment":[{"href":"https:\/\/www.claret.cat\/es\/wp-json\/wp\/v2\/media?parent=964542"}],"wp:term":[{"taxonomy":"product_brand","embeddable":true,"href":"https:\/\/www.claret.cat\/es\/wp-json\/wp\/v2\/product_brand?post=964542"},{"taxonomy":"product_cat","embeddable":true,"href":"https:\/\/www.claret.cat\/es\/wp-json\/wp\/v2\/product_cat?post=964542"},{"taxonomy":"product_tag","embeddable":true,"href":"https:\/\/www.claret.cat\/es\/wp-json\/wp\/v2\/product_tag?post=964542"}],"curies":[{"name":"wp","href":"https:\/\/api.w.org\/{rel}","templated":true}]}}

HISTÒRIES PER A VIURE

<p>A tots ens agrada <strong>explicar i escoltar històries</strong>. A la memòria guardem <strong>històries meravelloses i fantàstiques</strong> que ens fan somiar. A partir d’aquesta experiència joiosa de llegir i narrar històries, l’autor proposa una forma de llegir la <strong>Bíblia</strong>: explicar les històries del <strong>Poble de Déu</strong> per donar sentit i bellesa avui a l’existència. L’enfocament d’aquesta obra és, doncs, vivencial: fa que la <strong>Paraula de Déu</strong> toqui les persones; i té un horitzó missioner que fa somiar. La lectura personal o en grup ens ajudarà a <strong>connectar els relats bíblics amb la vida</strong>. Aquesta nova edició ha estat revisada i molt ampliada, especialment pel que fa als llibres del <strong>Nou Testament</strong>.</p>
<p><a href='https://www.claret.cat/llibre/historias-para-vivir-9788491365266/' rel='noopener noreferrer' target='_blank'>Disponible en castellà.</a></p>

<p>MARTÍNEZ, JUSTINO</p>

MARTÍNEZ, JUSTINO

Rústica

LLEGIR LA BÍBLIA DES DE LA VIDA

Justino Martínez Pérez (Villambrán de Cea, Palència), missioner combonià, és llicenciat en Teologia per la Pontifícia Universitat Gregoriana i en Ciències de l’Educació i Catequesi per la Universitat Pontifícia Salesiana, i doctor en Bíblia per la Facultat de Teologia de Catalunya. Forma part de vàries associacions bíbliques d’Espanya i Brasil. Creador de l’Escola d’Animació Bíblica de Barcelona (1999), ha estat professor de Sagrada Escriptura en diversos centres teològics de Barcelona.

JUSTINO MARTÍNEZ

<p>Catalunya Religió, 09/06/2024</p>
<p><a href="https://www.catalunyareligio.cat/ca/claret-publica-llibre-reflexions-vivencies-voltant" rel="noopener noreferrer" target="_blank">https://www.catalunyareligio.cat/ca/claret-publica-llibre-reflexions-vivencies-voltant</a></p>
<p></p>
<p>Catalunya Cristiana (català), 23/06/2024</p>
<p><a href="https://drive.google.com/file/d/1HVbDUKmoeAaVF3-hvZdkC7sb28eAstNb/view?usp=sharing" rel="noopener noreferrer" target="_blank">https://drive.google.com/file/d/1HVbDUKmoeAaVF3-hvZdkC7sb28eAstNb/view?usp=sharing</a></p>
<p></p>
<p>Catalunya Cristiana (català), 14/07/2024</p>
<p><a href="https://drive.google.com/file/d/1yivOXJc_uHfyQuxxSm3RW4EvyFBaWm2H/view?usp=sharing" rel="noopener noreferrer" target="_blank">https://drive.google.com/file/d/1yivOXJc_uHfyQuxxSm3RW4EvyFBaWm2H/view?usp=sharing </a></p>
