{"id":964552,"date":"2024-05-13T11:55:05","date_gmt":"2024-05-13T09:55:05","guid":{"rendered":"https:\/\/www.claret.cat\/llibre\/el-seguiment-de-jesus-el-crist-9788491365389\/"},"modified":"2024-07-22T19:40:32","modified_gmt":"2024-07-22T17:40:32","slug":"el-seguiment-de-jesus-el-crist-9788491365389","status":"publish","type":"product","link":"https:\/\/www.claret.cat\/es\/libro\/el-seguiment-de-jesus-el-crist-9788491365389\/","title":{"rendered":"EL SEGUIMENT DE JES\u00daS, EL CRIST"},"content":{"rendered":"<p>El seguiment posa en primer pla la vida i acci\u00f3 de Jes\u00fas, una biografia i una activitat hist\u00f2rica, situada en un pa\u00eds i un temps que no \u00e9s el nostre i que malgrat tot traspassa el temps i t\u00e9 valor i vig\u00e8ncia hist\u00f2rica universal. La presa de consci\u00e8ncia de la historicitat de Jes\u00fas posa de manifest el car\u00e0cter hist\u00f2ric de la nostra situaci\u00f3, en la qual vivim i hi hem de viure. Aix\u00f2 ens demana i ens capacita per a dues coses essencials en el seguiment: fidelitat i creativitat, relaci\u00f3 amb l&#8217;origen i amb el present. Per aquesta gran tasca, el mateix Jes\u00fas ens va prometre i enviar el Par\u00e0clit, l&#8217;Esperit Sant que \u00e9s creador i renovador, inspirador i impulsor; ell \u00e9s el qui uneix l&#8217;origen amb el present, assegura la fidelitat i la creativitat.<\/p>\n","protected":false},"excerpt":{"rendered":"<p>AMENGUAL, GABRIEL<\/p>\n","protected":false},"featured_media":973744,"template":"","meta":{"_acf_changed":false,"om_disable_all_campaigns":false,"rs_blank_template":"","rs_page_bg_color":"","slide_template_v7":"","inline_featured_image":false,"_monsterinsights_skip_tracking":false,"_monsterinsights_sitenote_active":false,"_monsterinsights_sitenote_note":"","_monsterinsights_sitenote_category":0},"product_brand":[],"product_cat":[234,487,581],"product_tag":[],"class_list":{"0":"post-964552","1":"product","2":"type-product","3":"status-publish","4":"has-post-thumbnail","6":"product_cat-cristocentrica","7":"product_cat-cristocentrica-espiritualidad-1_espiritualidad","8":"product_cat-editorial-claret","10":"first","11":"instock","12":"taxable","13":"shipping-taxable","14":"purchasable","15":"product-type-simple"},"acf":{"autor":"AMENGUAL, GABRIEL","codart":"849136538","libros-coleccion":"","ediciones":"1","encuadernacion":"R\u00fastica","fecha_de_publicacion":"18\/06\/2024","novedad":"1","paginas":"156","subtitulo":"","orden":"0","portada":"1","idioma":"cat","editorial":[{"ID":6158,"post_author":"3","post_date":"2022-07-28 17:46:08","post_date_gmt":"2022-07-28 15:46:08","post_content":"","post_title":"CLARET","post_excerpt":"","post_status":"publish","comment_status":"closed","ping_status":"closed","post_password":"","post_name":"claret","to_ping":"","pinged":"","post_modified":"2022-07-28 17:46:08","post_modified_gmt":"2022-07-28 15:46:08","post_content_filtered":"","post_parent":0,"guid":"http:\/\/dev.claret.cat\/editorial\/claret\/","menu_order":0,"post_type":"editorial","post_mime_type":"","comment_count":"0","filter":"raw"}],"autores-libros":[{"ID":287464,"post_author":"3","post_date":"2022-12-10 04:51:05","post_date_gmt":"2022-12-10 03:51:05","post_content":"Gabriel Amengual Coll \u00e9s prevere dioces\u00e0 de Mallorca. Ha ensenyat filosofia al Centre d'Estudis Teol\u00f2gics de Mallorca i a la Universitat de les Illes Balears, on s'ha dedicat a la Pastoral Universit\u00e0ria.\r\n\r\nEntre les seves publicacions destaquen La religi\u00f3 en temps de nihilisme (2003), Antropolog\u00eda Filos\u00f2fica (2007), Deseo, memoria y experiencia (2011), Hitos hist\u00f3ricos de la Antropologia Flios\u00f3fica (2020), Solidaridad (2021) i El goig de creure (2022).","post_title":"GABRIEL AMENGUAL","post_excerpt":"","post_status":"publish","comment_status":"closed","ping_status":"closed","post_password":"","post_name":"gabriel-amengual-2","to_ping":"","pinged":"","post_modified":"2024-06-26 11:41:58","post_modified_gmt":"2024-06-26 09:41:58","post_content_filtered":"","post_parent":0,"guid":"http:\/\/dev.claret.cat\/autor\/gabriel-amengual-2\/","menu_order":0,"post_type":"autor","post_mime_type":"","comment_count":"0","filter":"raw"}],"booktrailer":"","linkebook":"","ficha":"849136538_1715862883.pdf","muestra":"","precioebook":"0","presentacion":"","resenas":"<p>Catalunya Religi\u00f3, 25\/06\/2024<\/p>\n<p><a href=\"https:\/\/www.catalunyareligio.cat\/ca\/blog\/llibres-recomanats\/seguiment-jesus-crist-314070\" rel=\"noopener noreferrer\" target=\"_blank\">https:\/\/www.catalunyareligio.cat\/ca\/blog\/llibres-recomanats\/seguiment-jesus-crist-314070 <\/a><\/p>\n"},"aioseo_notices":[],"_links":{"self":[{"href":"https:\/\/www.claret.cat\/es\/wp-json\/wp\/v2\/product\/964552","targetHints":{"allow":["GET"]}}],"collection":[{"href":"https:\/\/www.claret.cat\/es\/wp-json\/wp\/v2\/product"}],"about":[{"href":"https:\/\/www.claret.cat\/es\/wp-json\/wp\/v2\/types\/product"}],"wp:featuredmedia":[{"embeddable":true,"href":"https:\/\/www.claret.cat\/es\/wp-json\/wp\/v2\/media\/973744"}],"wp:attachment":[{"href":"https:\/\/www.claret.cat\/es\/wp-json\/wp\/v2\/media?parent=964552"}],"wp:term":[{"taxonomy":"product_brand","embeddable":true,"href":"https:\/\/www.claret.cat\/es\/wp-json\/wp\/v2\/product_brand?post=964552"},{"taxonomy":"product_cat","embeddable":true,"href":"https:\/\/www.claret.cat\/es\/wp-json\/wp\/v2\/product_cat?post=964552"},{"taxonomy":"product_tag","embeddable":true,"href":"https:\/\/www.claret.cat\/es\/wp-json\/wp\/v2\/product_tag?post=964552"}],"curies":[{"name":"wp","href":"https:\/\/api.w.org\/{rel}","templated":true}]}}

EL SEGUIMENT DE JESÚS, EL CRIST

<p>El seguiment posa en primer pla la vida i acció de Jesús, una biografia i una activitat històrica, situada en un país i un temps que no és el nostre i que malgrat tot traspassa el temps i té valor i vigència històrica universal. La presa de consciència de la historicitat de Jesús posa de manifest el caràcter històric de la nostra situació, en la qual vivim i hi hem de viure. Això ens demana i ens capacita per a dues coses essencials en el seguiment: fidelitat i creativitat, relació amb l&#8217;origen i amb el present. Per aquesta gran tasca, el mateix Jesús ens va prometre i enviar el Paràclit, l&#8217;Esperit Sant que és creador i renovador, inspirador i impulsor; ell és el qui uneix l&#8217;origen amb el present, assegura la fidelitat i la creativitat.</p>

Rústica

Gabriel Amengual Coll és prevere diocesà de Mallorca. Ha ensenyat filosofia al Centre d'Estudis Teològics de Mallorca i a la Universitat de les Illes Balears, on s'ha dedicat a la Pastoral Universitària.

Entre les seves publicacions destaquen La religió en temps de nihilisme (2003), Antropología Filosòfica (2007), Deseo, memoria y experiencia (2011), Hitos históricos de la Antropologia Fliosófica (2020), Solidaridad (2021) i El goig de creure (2022).

<p>Catalunya Religió, 25/06/2024</p>
<p><a href="https://www.catalunyareligio.cat/ca/blog/llibres-recomanats/seguiment-jesus-crist-314070" rel="noopener noreferrer" target="_blank">https://www.catalunyareligio.cat/ca/blog/llibres-recomanats/seguiment-jesus-crist-314070 </a></p>
