{"id":966140,"date":"2024-05-24T10:34:21","date_gmt":"2024-05-24T08:34:21","guid":{"rendered":"https:\/\/www.claret.cat\/llibre\/aforismos-visiones-y-suenos-9788477029540\/"},"modified":"2024-07-08T13:40:07","modified_gmt":"2024-07-08T11:40:07","slug":"aforismos-visiones-y-suenos-9788477029540","status":"publish","type":"product","link":"https:\/\/www.claret.cat\/es\/libro\/aforismos-visiones-y-suenos-9788477029540\/","title":{"rendered":"AFORISMOS, VISIONES Y SUE\u00d1OS"},"content":{"rendered":"<p>Cien a\u00f1os despu\u00e9s de su muerte, Franz Kafka contin\u00faa<br \/> siendo el autor del mundo moderno por antonomasia.<br \/> Su obra refleja los temores, las inseguridades<br \/> y la alienaci\u00f3n psicol\u00f3gica del ser humano<br \/> en la sociedad industrializada y secularizada de<br \/> principios del siglo XX, obsesiones que hoy en d\u00eda siguen<br \/> vigentes en el pensamiento del hombre contempor\u00e1neo.<br \/> Aunque Kafka no logr\u00f3 el merecido reconocimiento<br \/> en vida, su dedicaci\u00f3n a la literatura ten\u00eda algo<br \/> de compulsivo, patol\u00f3gico, como si al escribir fundiera<br \/> el camino de la salvaci\u00f3n y el de la condenaci\u00f3n.<br \/> No obstante, el \u00e9xito alcanzado por su obra tras<br \/> su muerte, demuestra que supo captar<br \/> elementos esenciales de nuestra existencia.<br \/> La presente selecci\u00f3n se propone facilitar al lector<br \/> un acercamiento al universo de Kafka y para ello<br \/> hemos reunido los m\u00e1s representativos aforismos,<br \/> visiones y sue\u00f1os (extra\u00eddos de sus narraciones,<br \/> diarios, cartas&#8230;) que muestran los elementos esenciales<br \/> del mundo kafkiano y pueden servir tanto<br \/> de introducci\u00f3n para los ne\u00f3fitos,<br \/> como de profundizaci\u00f3n para los ya iniciados<\/p>\n","protected":false},"excerpt":{"rendered":"<p>KAFKA, FRANZ<\/p>\n","protected":false},"featured_media":966141,"template":"","meta":{"_acf_changed":false,"om_disable_all_campaigns":false,"rs_blank_template":"","rs_page_bg_color":"","slide_template_v7":"","inline_featured_image":false,"_monsterinsights_skip_tracking":false,"_monsterinsights_sitenote_active":false,"_monsterinsights_sitenote_note":"","_monsterinsights_sitenote_category":0},"product_brand":[],"product_cat":[354,123],"product_tag":[],"class_list":{"0":"post-966140","1":"product","2":"type-product","3":"status-publish","4":"has-post-thumbnail","6":"product_cat-clasica","7":"product_cat-classica","9":"first","10":"instock","11":"taxable","12":"shipping-taxable","13":"purchasable","14":"product-type-simple"},"acf":{"autor":"KAFKA, FRANZ","codart":"847702954","libros-coleccion":"El Club Di\u00f3genes","ediciones":"1","encuadernacion":"R\u00fastica","fecha_de_publicacion":"01\/05\/2024","novedad":"1","paginas":"208","subtitulo":"","orden":"0","portada":"0","idioma":"spa","editorial":[{"ID":148943,"post_author":"3","post_date":"2022-10-14 12:02:13","post_date_gmt":"2022-10-14 10:02:13","post_content":"","post_title":"Valdemar","post_excerpt":"","post_status":"publish","comment_status":"closed","ping_status":"closed","post_password":"","post_name":"valdemar","to_ping":"","pinged":"","post_modified":"2022-10-14 12:02:13","post_modified_gmt":"2022-10-14 10:02:13","post_content_filtered":"","post_parent":0,"guid":"http:\/\/dev.claret.cat\/editorial\/valdemar\/","menu_order":0,"post_type":"editorial","post_mime_type":"","comment_count":"0","filter":"raw"}]},"aioseo_notices":[],"_links":{"self":[{"href":"https:\/\/www.claret.cat\/es\/wp-json\/wp\/v2\/product\/966140","targetHints":{"allow":["GET"]}}],"collection":[{"href":"https:\/\/www.claret.cat\/es\/wp-json\/wp\/v2\/product"}],"about":[{"href":"https:\/\/www.claret.cat\/es\/wp-json\/wp\/v2\/types\/product"}],"wp:featuredmedia":[{"embeddable":true,"href":"https:\/\/www.claret.cat\/es\/wp-json\/wp\/v2\/media\/966141"}],"wp:attachment":[{"href":"https:\/\/www.claret.cat\/es\/wp-json\/wp\/v2\/media?parent=966140"}],"wp:term":[{"taxonomy":"product_brand","embeddable":true,"href":"https:\/\/www.claret.cat\/es\/wp-json\/wp\/v2\/product_brand?post=966140"},{"taxonomy":"product_cat","embeddable":true,"href":"https:\/\/www.claret.cat\/es\/wp-json\/wp\/v2\/product_cat?post=966140"},{"taxonomy":"product_tag","embeddable":true,"href":"https:\/\/www.claret.cat\/es\/wp-json\/wp\/v2\/product_tag?post=966140"}],"curies":[{"name":"wp","href":"https:\/\/api.w.org\/{rel}","templated":true}]}}

AFORISMOS, VISIONES Y SUEÑOS

<p>Cien años después de su muerte, Franz Kafka continúa<br /> siendo el autor del mundo moderno por antonomasia.<br /> Su obra refleja los temores, las inseguridades<br /> y la alienación psicológica del ser humano<br /> en la sociedad industrializada y secularizada de<br /> principios del siglo XX, obsesiones que hoy en día siguen<br /> vigentes en el pensamiento del hombre contemporáneo.<br /> Aunque Kafka no logró el merecido reconocimiento<br /> en vida, su dedicación a la literatura tenía algo<br /> de compulsivo, patológico, como si al escribir fundiera<br /> el camino de la salvación y el de la condenación.<br /> No obstante, el éxito alcanzado por su obra tras<br /> su muerte, demuestra que supo captar<br /> elementos esenciales de nuestra existencia.<br /> La presente selección se propone facilitar al lector<br /> un acercamiento al universo de Kafka y para ello<br /> hemos reunido los más representativos aforismos,<br /> visiones y sueños (extraídos de sus narraciones,<br /> diarios, cartas&#8230;) que muestran los elementos esenciales<br /> del mundo kafkiano y pueden servir tanto<br /> de introducción para los neófitos,<br /> como de profundización para los ya iniciados</p>

El Club Diógenes

Rústica
