{"id":968438,"date":"2024-05-31T17:35:02","date_gmt":"2024-05-31T15:35:02","guid":{"rendered":"https:\/\/www.claret.cat\/llibre\/apocalipsis-de-san-juan-9789872323752\/"},"modified":"2025-04-08T12:10:44","modified_gmt":"2025-04-08T10:10:44","slug":"apocalipsis-de-san-juan-9789872323752","status":"publish","type":"product","link":"https:\/\/www.claret.cat\/es\/libro\/apocalipsis-de-san-juan-9789872323752\/","title":{"rendered":"APOCALIPSIS DE SAN JUAN"},"content":{"rendered":"<p>Con alegr\u00eda iluminada de agradecimiento presentamos esta obra dedicada al Apocalipsis de San Juan. La obra est\u00e1 compuesta por dos partes.<\/p>\n<p>La primera nos ofrece una nueva traducci\u00f3n del texto b\u00edblico (autorizada por la Conferencia Episcopal Espa\u00f1ola). El texto es ilustrado con las im\u00e1genes (reproducidas seg\u00fan la forma original) del manuscrito iluminado medieval conocido como Apocalipsis de Bamberg (creado en el monasterio de Reichenau, lago de Constanza, ca. a\u00f1o 1000).<\/p>\n<p>La segunda parte aporta un comentario de Hans Urs von Balthasar y algunas meditaciones de Adrienne von Speyr. Una oraci\u00f3n de Adrienne, Gracias por el Apocalipsis, concluye el libro abri\u00e9ndolo a la vida.<\/p>\n<p>Esta obra quisiera ser un instrumento para que todo cristiano pueda leer, imaginar y comprender contemplativamente el conclusivo \u00abApocalipsis de Jesucristo\u00bb, y as\u00ed intentar rezar y vivir con su palabra.<\/p>\n<p>Es de tela roja, con el borde de arriba dorado: un libro precioso tanto para regalar como para tener en su propia biblioteca.<\/p>\n","protected":false},"excerpt":{"rendered":"<p>BALTHASAR,HANS URS VON<\/p>\n","protected":false},"featured_media":1017260,"template":"","meta":{"_acf_changed":false,"om_disable_all_campaigns":false,"rs_blank_template":"","rs_page_bg_color":"","slide_template_v7":"","inline_featured_image":false,"_monsterinsights_skip_tracking":false,"_monsterinsights_sitenote_active":false,"_monsterinsights_sitenote_note":"","_monsterinsights_sitenote_category":0},"product_brand":[],"product_cat":[201,462],"product_tag":[],"class_list":{"0":"post-968438","1":"product","2":"type-product","3":"status-publish","4":"has-post-thumbnail","6":"product_cat-literatura-apocaliptica","7":"product_cat-literatura-apocaliptica-biblia-1_espiritualidad","9":"first","10":"outofstock","11":"taxable","12":"shipping-taxable","13":"purchasable","14":"product-type-simple"},"acf":{"autor":"BALTHASAR,HANS URS VON","codart":"987232375","libros-coleccion":"","ediciones":"1","encuadernacion":"Carton\u00e9","fecha_de_publicacion":"01\/03\/2011","novedad":"0","paginas":"167","subtitulo":"","orden":"999","portada":"0","idioma":"spa","editorial":[{"ID":147849,"post_author":"3","post_date":"2022-10-14 11:53:41","post_date_gmt":"2022-10-14 09:53:41","post_content":"","post_title":"EDICIONES SAN JUAN","post_excerpt":"","post_status":"publish","comment_status":"closed","ping_status":"closed","post_password":"","post_name":"ediciones-san-juan","to_ping":"","pinged":"","post_modified":"2022-10-14 11:53:41","post_modified_gmt":"2022-10-14 09:53:41","post_content_filtered":"","post_parent":0,"guid":"http:\/\/dev.claret.cat\/editorial\/ediciones-san-juan\/","menu_order":0,"post_type":"editorial","post_mime_type":"","comment_count":"0","filter":"raw"}],"autores-libros":[{"ID":157363,"post_author":"3","post_date":"2022-10-14 15:28:14","post_date_gmt":"2022-10-14 13:28:14","post_content":"","post_title":"HANS URS VON BALTHASAR","post_excerpt":"","post_status":"publish","comment_status":"closed","ping_status":"closed","post_password":"","post_name":"hans-urs-von-balthasar","to_ping":"","pinged":"","post_modified":"2022-10-14 15:28:14","post_modified_gmt":"2022-10-14 13:28:14","post_content_filtered":"","post_parent":0,"guid":"http:\/\/dev.claret.cat\/autor\/hans-urs-von-balthasar\/","menu_order":0,"post_type":"autor","post_mime_type":"","comment_count":"0","filter":"raw"}]},"aioseo_notices":[],"_links":{"self":[{"href":"https:\/\/www.claret.cat\/es\/wp-json\/wp\/v2\/product\/968438","targetHints":{"allow":["GET"]}}],"collection":[{"href":"https:\/\/www.claret.cat\/es\/wp-json\/wp\/v2\/product"}],"about":[{"href":"https:\/\/www.claret.cat\/es\/wp-json\/wp\/v2\/types\/product"}],"wp:featuredmedia":[{"embeddable":true,"href":"https:\/\/www.claret.cat\/es\/wp-json\/wp\/v2\/media\/1017260"}],"wp:attachment":[{"href":"https:\/\/www.claret.cat\/es\/wp-json\/wp\/v2\/media?parent=968438"}],"wp:term":[{"taxonomy":"product_brand","embeddable":true,"href":"https:\/\/www.claret.cat\/es\/wp-json\/wp\/v2\/product_brand?post=968438"},{"taxonomy":"product_cat","embeddable":true,"href":"https:\/\/www.claret.cat\/es\/wp-json\/wp\/v2\/product_cat?post=968438"},{"taxonomy":"product_tag","embeddable":true,"href":"https:\/\/www.claret.cat\/es\/wp-json\/wp\/v2\/product_tag?post=968438"}],"curies":[{"name":"wp","href":"https:\/\/api.w.org\/{rel}","templated":true}]}}

<p>Con alegría iluminada de agradecimiento presentamos esta obra dedicada al Apocalipsis de San Juan. La obra está compuesta por dos partes.</p>
<p>La primera nos ofrece una nueva traducción del texto bíblico (autorizada por la Conferencia Episcopal Española). El texto es ilustrado con las imágenes (reproducidas según la forma original) del manuscrito iluminado medieval conocido como Apocalipsis de Bamberg (creado en el monasterio de Reichenau, lago de Constanza, ca. año 1000).</p>
<p>La segunda parte aporta un comentario de Hans Urs von Balthasar y algunas meditaciones de Adrienne von Speyr. Una oración de Adrienne, Gracias por el Apocalipsis, concluye el libro abriéndolo a la vida.</p>
<p>Esta obra quisiera ser un instrumento para que todo cristiano pueda leer, imaginar y comprender contemplativamente el conclusivo «Apocalipsis de Jesucristo», y así intentar rezar y vivir con su palabra.</p>
<p>Es de tela roja, con el borde de arriba dorado: un libro precioso tanto para regalar como para tener en su propia biblioteca.</p>

Cartoné
