{"id":970001,"date":"2024-06-12T12:30:38","date_gmt":"2024-06-12T10:30:38","guid":{"rendered":"https:\/\/www.claret.cat\/llibre\/la-biblioteca-de-la-medianoche-bolsillo-9788410138407\/"},"modified":"2026-04-23T18:15:34","modified_gmt":"2026-04-23T16:15:34","slug":"la-biblioteca-de-la-medianoche-bolsillo-9788410138407","status":"publish","type":"product","link":"https:\/\/www.claret.cat\/es\/libro\/la-biblioteca-de-la-medianoche-bolsillo-9788410138407\/","title":{"rendered":"LA BIBLIOTECA DE LA MEDIANOCHE (BOLSILLO)"},"content":{"rendered":"<p>PREMIO GOODREADS 2020 A LA MEJOR OBRA DE FICCI\u00d3N.\u00abEntre <br \/> la vida y la muerte hay una biblioteca. Y los estantes de esa biblioteca<br \/>  son infinitos. Cada libro da la oportunidad de probar otra vida que <br \/> podr\u00edas haber vivido y de comprobar c\u00f3mo habr\u00edan cambiado las cosas si <br \/> hubieras tomado otras decisiones&#8230; \u00bfHabr\u00edas hecho algo de manera <br \/> diferente si hubieras tenido la oportunidad?\u00bb.Nora Seed aparece, <br \/> sin saber c\u00f3mo, en la Biblioteca de la Medianoche, donde se le ofrece <br \/> una nueva oportunidad para hacer las cosas bien. Hasta ese momento, su <br \/> vida ha estado marcada por la infelicidad y el arrepentimiento.Nora siente que ha defraudado a todos, y tambi\u00e9n a ella misma. Pero esto est\u00e1 a punto de cambiar.Los<br \/>  libros de la Biblioteca de la Medianoche permitir\u00e1n a Nora vivir como <br \/> si hubiera hecho las cosas de otra manera. Con la ayuda de una vieja <br \/> amiga, tendr\u00e1 la opci\u00f3n de esquivar todo aquello que se arrepiente de <br \/> haber hecho (o no haber hecho), en pos de la vida perfecta. Pero las <br \/> cosas no siempre ser\u00e1n como imagin\u00f3 que ser\u00edan, y pronto sus decisiones <br \/> enfrentar\u00e1n a la Biblioteca y a ella misma en un peligro extremo. Nora <br \/> deber\u00e1 responder una \u00faltima pregunta antes de que el tiempo se agote: <br \/> \u00bfcu\u00e1l es la mejor manera de vivir?<\/p>\n","protected":false},"excerpt":{"rendered":"<p>HAIG, MATT<\/p>\n","protected":false},"featured_media":970002,"template":"","meta":{"_acf_changed":false,"om_disable_all_campaigns":false,"rs_blank_template":"","rs_page_bg_color":"","slide_template_v7":"","inline_featured_image":false,"_monsterinsights_skip_tracking":false,"_monsterinsights_sitenote_active":false,"_monsterinsights_sitenote_note":"","_monsterinsights_sitenote_category":0},"product_brand":[],"product_cat":[127,357],"product_tag":[],"class_list":{"0":"post-970001","1":"product","2":"type-product","3":"status-publish","4":"has-post-thumbnail","6":"product_cat-novella-contemporania","7":"product_cat-novela-contemporanea","9":"first","10":"instock","11":"taxable","12":"shipping-taxable","13":"purchasable","14":"product-type-simple"},"acf":{"autor":"HAIG, MATT","codart":"841013840","libros-coleccion":"FORA DE COL.LECCI\u00d3","ediciones":"1","encuadernacion":"R\u00fastica","fecha_de_publicacion":"01\/06\/2024","novedad":"1","paginas":"362","subtitulo":"","orden":"0","portada":"0","idioma":"spa","editorial":[{"ID":960543,"post_author":"3","post_date":"2024-04-05 13:15:02","post_date_gmt":"2024-04-05 11:15:02","post_content":"","post_title":"AdN Editorial Grupo Anaya","post_excerpt":"","post_status":"publish","comment_status":"closed","ping_status":"closed","post_password":"","post_name":"adn-editorial-grupo-anaya","to_ping":"","pinged":"","post_modified":"2024-04-05 13:15:02","post_modified_gmt":"2024-04-05 11:15:02","post_content_filtered":"","post_parent":0,"guid":"https:\/\/www.claret.cat\/editorial\/adn-editorial-grupo-anaya\/","menu_order":0,"post_type":"editorial","post_mime_type":"","comment_count":"0","filter":"raw"}],"booktrailer":"","resenas":""},"aioseo_notices":[],"_links":{"self":[{"href":"https:\/\/www.claret.cat\/es\/wp-json\/wp\/v2\/product\/970001","targetHints":{"allow":["GET"]}}],"collection":[{"href":"https:\/\/www.claret.cat\/es\/wp-json\/wp\/v2\/product"}],"about":[{"href":"https:\/\/www.claret.cat\/es\/wp-json\/wp\/v2\/types\/product"}],"wp:featuredmedia":[{"embeddable":true,"href":"https:\/\/www.claret.cat\/es\/wp-json\/wp\/v2\/media\/970002"}],"wp:attachment":[{"href":"https:\/\/www.claret.cat\/es\/wp-json\/wp\/v2\/media?parent=970001"}],"wp:term":[{"taxonomy":"product_brand","embeddable":true,"href":"https:\/\/www.claret.cat\/es\/wp-json\/wp\/v2\/product_brand?post=970001"},{"taxonomy":"product_cat","embeddable":true,"href":"https:\/\/www.claret.cat\/es\/wp-json\/wp\/v2\/product_cat?post=970001"},{"taxonomy":"product_tag","embeddable":true,"href":"https:\/\/www.claret.cat\/es\/wp-json\/wp\/v2\/product_tag?post=970001"}],"curies":[{"name":"wp","href":"https:\/\/api.w.org\/{rel}","templated":true}]}}

<p>PREMIO GOODREADS 2020 A LA MEJOR OBRA DE FICCIÓN.«Entre <br /> la vida y la muerte hay una biblioteca. Y los estantes de esa biblioteca<br />  son infinitos. Cada libro da la oportunidad de probar otra vida que <br /> podrías haber vivido y de comprobar cómo habrían cambiado las cosas si <br /> hubieras tomado otras decisiones&#8230; ¿Habrías hecho algo de manera <br /> diferente si hubieras tenido la oportunidad?».Nora Seed aparece, <br /> sin saber cómo, en la Biblioteca de la Medianoche, donde se le ofrece <br /> una nueva oportunidad para hacer las cosas bien. Hasta ese momento, su <br /> vida ha estado marcada por la infelicidad y el arrepentimiento.Nora siente que ha defraudado a todos, y también a ella misma. Pero esto está a punto de cambiar.Los<br />  libros de la Biblioteca de la Medianoche permitirán a Nora vivir como <br /> si hubiera hecho las cosas de otra manera. Con la ayuda de una vieja <br /> amiga, tendrá la opción de esquivar todo aquello que se arrepiente de <br /> haber hecho (o no haber hecho), en pos de la vida perfecta. Pero las <br /> cosas no siempre serán como imaginó que serían, y pronto sus decisiones <br /> enfrentarán a la Biblioteca y a ella misma en un peligro extremo. Nora <br /> deberá responder una última pregunta antes de que el tiempo se agote: <br /> ¿cuál es la mejor manera de vivir?</p>

FORA DE COL.LECCIÓ

Rústica
