{"id":970959,"date":"2024-06-18T16:40:03","date_gmt":"2024-06-18T14:40:03","guid":{"rendered":"https:\/\/www.claret.cat\/llibre\/que-amaga-lhospital-llibre-amb-solapes-9788413896823\/"},"modified":"2025-10-20T21:36:19","modified_gmt":"2025-10-20T19:36:19","slug":"que-amaga-lhospital-llibre-amb-solapes-9788413896823","status":"publish","type":"product","link":"https:\/\/www.claret.cat\/es\/libro\/que-amaga-lhospital-llibre-amb-solapes-9788413896823\/","title":{"rendered":"QU\u00c8 AMAGA L&#8217;HOSPITAL? LLIBRE AMB SOLAPES"},"content":{"rendered":"<p>Un llibre amb un munt de solapes per aprendre curiositats sobre el m\u00f3n sanitari!Un llibre gran i de cartr\u00f3 resistent amb un munt de solapes per aprendre curiositats sobre el m\u00f3n sanitari!<br \/> A Qu\u00e8 amaga l&#8221;hospital? dues germanes bessones, la Laura i la M\u00edriam, busquen el seu germ\u00e0 Carlos, a qui acaben d&#8221;operar d&#8221;apendicitis. Per\u00f2 l&#8221;edifici \u00e9s tan gran i t\u00e9 tantes habitacions que s&#8221;acaben perdent&#8230; Acompanyeu-les a descobrir tot el que passa a l&#8221;hospital!<br \/> Amb aquest t\u00edtol, les criatures es familiaritzaran amb conceptes com ara la sala de raigs X, el banc de sang, les urg\u00e8ncies, el quir\u00f2fan, la cuina de l&#8221;hospital, l&#8221;\u00e0rea maternoinfantil, la sala de fisioter\u00e0pia\u2026 I molt m\u00e9s! Un llibre perfecte per a petits curiosos amb moltes preguntes relacionades amb la salut.<br \/> A m\u00e9s, podran posar a prova els seus coneixements una vegada i una altra en obrir i tancar les solapes. Amb aquest element interactiu, es genera un efecte sorpresa que cridar\u00e0 latenci\u00f3 dels petits, mantenint-los m\u00e9s atents i entretinguts. Els generar\u00e0 curiositat i voldran endevinar el que es troba sota cada solapa.<br \/> En estar escrit amb lletra maj\u00fascula, aquest llibre de cartr\u00f3 i de grans dimensions facilitar\u00e0 la lectura als primers lectors, aix\u00ed que no nom\u00e9s expandiran els seus coneixements, sin\u00f3 que a l&#8221;hora desenvoluparan la seva capacitat lectora, de comprensi\u00f3 i d&#8221;observaci\u00f3. Amb l&#8221;ajuda de les il\u00b7lustracions, plenes de color i detalls, les criatures podran absorbir i entendre millor la informaci\u00f3 i, en definitiva, aprendre se&#8221;ls far\u00e0 f\u00e0cil i divertit!<br \/> Recomanat a partir de 4 anys.<br \/> Il\u00b7lustrat per Roc\u00edo S\u00e1nchez.<br \/> Si tens altres preguntes sobre el m\u00f3n, no deixis de fer una ullada a la nostra col\u00b7lecci\u00f3 de llibres de coneixement amb solapes i amb lletra maj\u00fascula per a primers lectors.<br \/> T\u00edtols de la col\u00b7lecci\u00f3 Qu\u00e8 amaga?:<\/p>\n<p> Qu\u00e8 amaga l&#8221;univers?<br \/> Qu\u00e8 amaga la naturalesa?<br \/> Qu\u00e8 hi amaga l&#8221;aeroport?<br \/> Qu\u00e8 hi amaga l&#8221;hospital?<\/p>\n","protected":false},"excerpt":{"rendered":"<p>S\u00c1NCHEZ, ROC\u00cdO<\/p>\n","protected":false},"featured_media":970960,"template":"","meta":{"_acf_changed":false,"om_disable_all_campaigns":false,"rs_blank_template":"","rs_page_bg_color":"","slide_template_v7":"","inline_featured_image":false,"_monsterinsights_skip_tracking":false,"_monsterinsights_sitenote_active":false,"_monsterinsights_sitenote_note":"","_monsterinsights_sitenote_category":0},"product_brand":[],"product_cat":[131,361],"product_tag":[],"class_list":{"0":"post-970959","1":"product","2":"type-product","3":"status-publish","4":"has-post-thumbnail","6":"product_cat-contes-per-infants-0-6-anys","7":"product_cat-cuentos-para-ninos-0-6-anos","9":"first","10":"instock","11":"taxable","12":"shipping-taxable","13":"purchasable","14":"product-type-simple"},"acf":{"autor":"S\u00c1NCHEZ, ROC\u00cdO","codart":"841389682","libros-coleccion":"Llibres de coneixement","ediciones":"1","encuadernacion":"Carpeta","fecha_de_publicacion":"01\/06\/2024","novedad":"1","paginas":"14","subtitulo":"AMB LLETRA DE PAL","orden":"0","portada":"0","idioma":"cat","editorial":[{"ID":6249,"post_author":"3","post_date":"2022-07-28 17:48:09","post_date_gmt":"2022-07-28 15:48:09","post_content":"","post_title":"Estrella Polar","post_excerpt":"","post_status":"publish","comment_status":"closed","ping_status":"closed","post_password":"","post_name":"estrella-polar","to_ping":"","pinged":"","post_modified":"2022-07-28 17:48:09","post_modified_gmt":"2022-07-28 15:48:09","post_content_filtered":"","post_parent":0,"guid":"http:\/\/dev.claret.cat\/editorial\/estrella-polar\/","menu_order":0,"post_type":"editorial","post_mime_type":"","comment_count":"0","filter":"raw"}],"booktrailer":"","resenas":""},"aioseo_notices":[],"_links":{"self":[{"href":"https:\/\/www.claret.cat\/es\/wp-json\/wp\/v2\/product\/970959","targetHints":{"allow":["GET"]}}],"collection":[{"href":"https:\/\/www.claret.cat\/es\/wp-json\/wp\/v2\/product"}],"about":[{"href":"https:\/\/www.claret.cat\/es\/wp-json\/wp\/v2\/types\/product"}],"wp:featuredmedia":[{"embeddable":true,"href":"https:\/\/www.claret.cat\/es\/wp-json\/wp\/v2\/media\/970960"}],"wp:attachment":[{"href":"https:\/\/www.claret.cat\/es\/wp-json\/wp\/v2\/media?parent=970959"}],"wp:term":[{"taxonomy":"product_brand","embeddable":true,"href":"https:\/\/www.claret.cat\/es\/wp-json\/wp\/v2\/product_brand?post=970959"},{"taxonomy":"product_cat","embeddable":true,"href":"https:\/\/www.claret.cat\/es\/wp-json\/wp\/v2\/product_cat?post=970959"},{"taxonomy":"product_tag","embeddable":true,"href":"https:\/\/www.claret.cat\/es\/wp-json\/wp\/v2\/product_tag?post=970959"}],"curies":[{"name":"wp","href":"https:\/\/api.w.org\/{rel}","templated":true}]}}

QUÈ AMAGA L&#8217;HOSPITAL? LLIBRE AMB SOLAPES

<p>Un llibre amb un munt de solapes per aprendre curiositats sobre el món sanitari!Un llibre gran i de cartró resistent amb un munt de solapes per aprendre curiositats sobre el món sanitari!<br /> A Què amaga l&#8221;hospital? dues germanes bessones, la Laura i la Míriam, busquen el seu germà Carlos, a qui acaben d&#8221;operar d&#8221;apendicitis. Però l&#8221;edifici és tan gran i té tantes habitacions que s&#8221;acaben perdent&#8230; Acompanyeu-les a descobrir tot el que passa a l&#8221;hospital!<br /> Amb aquest títol, les criatures es familiaritzaran amb conceptes com ara la sala de raigs X, el banc de sang, les urgències, el quiròfan, la cuina de l&#8221;hospital, l&#8221;àrea maternoinfantil, la sala de fisioteràpia… I molt més! Un llibre perfecte per a petits curiosos amb moltes preguntes relacionades amb la salut.<br /> A més, podran posar a prova els seus coneixements una vegada i una altra en obrir i tancar les solapes. Amb aquest element interactiu, es genera un efecte sorpresa que cridarà latenció dels petits, mantenint-los més atents i entretinguts. Els generarà curiositat i voldran endevinar el que es troba sota cada solapa.<br /> En estar escrit amb lletra majúscula, aquest llibre de cartró i de grans dimensions facilitarà la lectura als primers lectors, així que no només expandiran els seus coneixements, sinó que a l&#8221;hora desenvoluparan la seva capacitat lectora, de comprensió i d&#8221;observació. Amb l&#8221;ajuda de les il·lustracions, plenes de color i detalls, les criatures podran absorbir i entendre millor la informació i, en definitiva, aprendre se&#8221;ls farà fàcil i divertit!<br /> Recomanat a partir de 4 anys.<br /> Il·lustrat per Rocío Sánchez.<br /> Si tens altres preguntes sobre el món, no deixis de fer una ullada a la nostra col·lecció de llibres de coneixement amb solapes i amb lletra majúscula per a primers lectors.<br /> Títols de la col·lecció Què amaga?:</p>
<p> Què amaga l&#8221;univers?<br /> Què amaga la naturalesa?<br /> Què hi amaga l&#8221;aeroport?<br /> Què hi amaga l&#8221;hospital?</p>

<p>SÁNCHEZ, ROCÍO</p>

SÁNCHEZ, ROCÍO
